000
CDUS43 KFSD 230636
CLIMHE


CLIMATE REPORT
NATIONAL WEATHER SERVICE SIOUX FALLS SD
1229 AM CST THU FEB 23 2017


...................................

...THE MITCHELL SD CLIMATE SUMMARY FOR FEBRUARY 22 2017...

CLIMATE NORMAL PERIOD 1981 TO 2010
CLIMATE RECORD PERIOD 1893 TO 2017


WEATHER ITEM   OBSERVED TIME   RECORD YEAR NORMAL DEPARTURE LAST
                VALUE   (LST)  VALUE       VALUE  FROM      YEAR
                                                  NORMAL
..................................................................
TEMPERATURE (F)
 YESTERDAY
  MAXIMUM         61   1201 PM  66    2000  36     25       39
  MINIMUM         33   1159 PM -21    1962  16     17       28
  AVERAGE         47                        26     21       34

PRECIPITATION (IN)
  YESTERDAY        0.00          0.43 1922   0.01  -0.01     0.00
  MONTH TO DATE    0.18                      0.27  -0.09     0.30
  SINCE DEC 1      2.05                      0.94   1.11     1.78
  SINCE JAN 1      0.94                      0.49   0.45     0.75

SNOWFALL (IN)
  YESTERDAY        0.0           4.3  1922  MM     MM        0.0
  MONTH TO DATE    T                        MM     MM        2.7
  SINCE DEC 1     17.5                      MM     MM       23.8
  SINCE JUL 1     23.0                      MM     MM       37.0
  SNOW DEPTH       0

DEGREE DAYS
 HEATING
  YESTERDAY       18                        39    -21       31
  MONTH TO DATE  677                       928   -251      789
  SINCE DEC 1   3432                      3727   -295     3407
  SINCE JUL 1   4526                      5295   -769     4590

 COOLING
  YESTERDAY        0                         0      0        0
  MONTH TO DATE    0                         0      0        0
  SINCE DEC 1      0                         0      0        0
  SINCE JAN 1      0                         0      0        0
..................................................................


WIND (MPH)
  HIGHEST WIND SPEED    26   HIGHEST WIND DIRECTION    NW (320)
  HIGHEST GUST SPEED    32   HIGHEST GUST DIRECTION    NW (300)
  AVERAGE WIND SPEED    14.8


SKY COVER
  POSSIBLE SUNSHINE  MM
  AVERAGE SKY COVER 0.3


WEATHER CONDITIONS
 THE FOLLOWING WEATHER WAS RECORDED YESTERDAY.
  NO SIGNIFICANT WEATHER WAS OBSERVED.


RELATIVE HUMIDITY (PERCENT)
 HIGHEST    89          1100 PM
 LOWEST     44          1100 AM
 AVERAGE    67

..........................................................


THE MITCHELL SD CLIMATE NORMALS FOR TODAY
                         NORMAL    RECORD    YEAR
 MAXIMUM TEMPERATURE (F)   36        70      1958
 MINIMUM TEMPERATURE (F)   17       -24      1914


SUNRISE AND SUNSET
FEBRUARY 23 2017......SUNRISE   718 AM CST   SUNSET   613 PM CST
FEBRUARY 24 2017......SUNRISE   717 AM CST   SUNSET   615 PM CST


-  INDICATES NEGATIVE NUMBERS.
R  INDICATES RECORD WAS SET OR TIED.
MM INDICATES DATA IS MISSING.
T  INDICATES TRACE AMOUNT.




$$
