000
CDUS43 KFSD 110718
CLIMHE


CLIMATE REPORT
NATIONAL WEATHER SERVICE SIOUX FALLS SD
117 AM CST WED JAN 11 2017


...................................

...THE MITCHELL SD CLIMATE SUMMARY FOR JANUARY 10 2017...

CLIMATE NORMAL PERIOD 1981 TO 2010
CLIMATE RECORD PERIOD 1893 TO 2017


WEATHER ITEM   OBSERVED TIME   RECORD YEAR NORMAL DEPARTURE LAST
                VALUE   (LST)  VALUE       VALUE  FROM      YEAR
                                                  NORMAL
..................................................................
TEMPERATURE (F)
 YESTERDAY
  MAXIMUM         24    227 AM  65    1990  28     -4        6
  MINIMUM          7   1159 PM -25    1982   9     -2      -12
  AVERAGE         16                        18     -2       -3

PRECIPITATION (IN)
  YESTERDAY        0.04          0.40 1909   0.01   0.03     0.00
  MONTH TO DATE    0.10                      0.07   0.03     0.12
  SINCE DEC 1      1.21                      0.52   0.69     1.15
  SINCE JAN 1      0.10                      0.07   0.03     0.12

SNOWFALL (IN)
  YESTERDAY        0.7           4.0  1963  MM     MM        0.0
  MONTH TO DATE    1.4                      MM     MM        1.0
  SINCE DEC 1      9.5                      MM     MM       15.8
  SINCE JUL 1     15.0                      MM     MM       29.0
  SNOW DEPTH       1

DEGREE DAYS
 HEATING
  YESTERDAY       49                        47      2       68
  MONTH TO DATE  536                       467     69      482
  SINCE DEC 1   1924                      1834     90     1669
  SINCE JUL 1   3018                      3402   -384     2852

 COOLING
  YESTERDAY        0                         0      0        0
  MONTH TO DATE    0                         0      0        0
  SINCE DEC 1      0                         0      0        0
  SINCE JAN 1      0                         0      0        0
..................................................................


WIND (MPH)
  HIGHEST WIND SPEED    31   HIGHEST WIND DIRECTION    NW (320)
  HIGHEST GUST SPEED    36   HIGHEST GUST DIRECTION    NW (320)
  AVERAGE WIND SPEED    13.9


SKY COVER
  POSSIBLE SUNSHINE  MM
  AVERAGE SKY COVER 0.5


WEATHER CONDITIONS
 THE FOLLOWING WEATHER WAS RECORDED YESTERDAY.
  LIGHT SNOW
  FOG
  BLOWING SNOW


RELATIVE HUMIDITY (PERCENT)
 HIGHEST    92           300 AM
 LOWEST     67           200 PM
 AVERAGE    80

..........................................................


THE MITCHELL SD CLIMATE NORMALS FOR TODAY
                         NORMAL    RECORD    YEAR
 MAXIMUM TEMPERATURE (F)   28        55      1958
 MINIMUM TEMPERATURE (F)    9       -29      1918


SUNRISE AND SUNSET
JANUARY 11 2017.......SUNRISE   805 AM CST   SUNSET   516 PM CST
JANUARY 12 2017.......SUNRISE   804 AM CST   SUNSET   517 PM CST


-  INDICATES NEGATIVE NUMBERS.
R  INDICATES RECORD WAS SET OR TIED.
MM INDICATES DATA IS MISSING.
T  INDICATES TRACE AMOUNT.




$$
