000
CDUS43 KFSD 200706
CLIMHE


CLIMATE REPORT
NATIONAL WEATHER SERVICE SIOUX FALLS SD
205 AM CDT SAT MAY 20 2017


...................................

...THE MITCHELL SD CLIMATE SUMMARY FOR MAY 19 2017...

CLIMATE NORMAL PERIOD 1981 TO 2010
CLIMATE RECORD PERIOD 1893 TO 2017


WEATHER ITEM   OBSERVED TIME   RECORD YEAR NORMAL DEPARTURE LAST
                VALUE   (LST)  VALUE       VALUE  FROM      YEAR
                                                  NORMAL
..................................................................
TEMPERATURE (F)
 YESTERDAY
  MAXIMUM         52    420 PM 104    1934  72    -20       73
  MINIMUM         46   1154 PM  29    2002  49     -3       49
                                      1894
  AVERAGE         49                        60    -11       61

PRECIPITATION (IN)
  YESTERDAY        0.05          1.38 1950   0.08  -0.03     0.00
  MONTH TO DATE    1.69                      1.45   0.24     0.98
  SINCE MAR 1      5.20                      4.69   0.51     7.71
  SINCE JAN 1      6.36                      5.25   1.11     8.94

SNOWFALL (IN)
  YESTERDAY        0.0           0.0    MM  MM     MM        0.0
  MONTH TO DATE    0.0                      MM     MM        0.0
  SINCE MAR 1      5.2                      MM     MM        3.9
  SINCE JUL 1     30.6                      MM     MM       46.3
  SNOW DEPTH       0

DEGREE DAYS
 HEATING
  YESTERDAY       16                         6     10        4
  MONTH TO DATE  109                       157    -48      152
  SINCE MAR 1   1454                      1635   -181     1345
  SINCE JUL 1   6188                      7157   -969     6134

 COOLING
  YESTERDAY        0                         1     -1        0
  MONTH TO DATE   32                        16     16        8
  SINCE MAR 1     32                        18     14       12
  SINCE JAN 1     32                        18     14       12
..................................................................


WIND (MPH)
  HIGHEST WIND SPEED    23   HIGHEST WIND DIRECTION    NE (60)
  HIGHEST GUST SPEED    30   HIGHEST GUST DIRECTION    NE (60)
  AVERAGE WIND SPEED    13.2


SKY COVER
  POSSIBLE SUNSHINE  MM
  AVERAGE SKY COVER 0.9


WEATHER CONDITIONS
 THE FOLLOWING WEATHER WAS RECORDED YESTERDAY.
  LIGHT RAIN
  FOG


RELATIVE HUMIDITY (PERCENT)
 HIGHEST    86           200 AM
 LOWEST     63           400 PM
 AVERAGE    75

..........................................................


THE MITCHELL SD CLIMATE NORMALS FOR TODAY
                         NORMAL    RECORD    YEAR
 MAXIMUM TEMPERATURE (F)   72       102      1934
 MINIMUM TEMPERATURE (F)   49        30      1931
                                             1907


SUNRISE AND SUNSET
MAY 20 2017...........SUNRISE   601 AM CDT   SUNSET   857 PM CDT
MAY 21 2017...........SUNRISE   601 AM CDT   SUNSET   858 PM CDT


-  INDICATES NEGATIVE NUMBERS.
R  INDICATES RECORD WAS SET OR TIED.
MM INDICATES DATA IS MISSING.
T  INDICATES TRACE AMOUNT.




$$
