000
CDUS43 KFSD 160632
CLIMHE


CLIMATE REPORT
NATIONAL WEATHER SERVICE SIOUX FALLS SD
131 AM CDT WED JUL 16 2014


...................................

...THE MITCHELL SD CLIMATE SUMMARY FOR JULY 15 2014...

CLIMATE NORMAL PERIOD 1981 TO 2010
CLIMATE RECORD PERIOD 1893 TO 2014


WEATHER ITEM   OBSERVED TIME   RECORD YEAR NORMAL DEPARTURE LAST
                VALUE   (LST)  VALUE       VALUE  FROM      YEAR
                                                  NORMAL
..................................................................
TEMPERATURE (F)
 YESTERDAY
  MAXIMUM         76    504 PM 109    1936  87    -11       86
  MINIMUM         50    534 AM  40    1912  63    -13       70
  AVERAGE         63                        75    -12       78

PRECIPITATION (IN)
  YESTERDAY        0.00          1.95 1999   0.10  -0.10     0.00
  MONTH TO DATE    0.48                      1.62  -1.14     2.95
  SINCE JUN 1      4.67                      5.75  -1.08     5.09
  SINCE JAN 1      9.40                     12.48  -3.08    15.04

SNOWFALL (IN)
  YESTERDAY        0.0           0.0    MM  MM     MM        0.0
  MONTH TO DATE    0.0                      MM     MM        0.0
  SINCE JUN 1      0.0                      MM     MM        0.0
  SINCE JUL 1      0.0                      MM     MM        0.0
  SNOW DEPTH       0

DEGREE DAYS
 HEATING
  YESTERDAY        2                         0      2        0
  MONTH TO DATE    7                         0      7        0
  SINCE JUN 1     33                        35     -2       50
  SINCE JUL 1      7                         0      7        0

 COOLING
  YESTERDAY        0                        10    -10       13
  MONTH TO DATE  105                       148    -43      180
  SINCE JUN 1    263                       318    -55      347
  SINCE JAN 1    341                       358    -17      404
..................................................................


WIND (MPH)
  HIGHEST WIND SPEED    20   HIGHEST WIND DIRECTION     N (10)
  HIGHEST GUST SPEED    25   HIGHEST GUST DIRECTION     N (10)
  AVERAGE WIND SPEED     7.8


SKY COVER
  POSSIBLE SUNSHINE  MM
  AVERAGE SKY COVER 0.4


WEATHER CONDITIONS
 THE FOLLOWING WEATHER WAS RECORDED YESTERDAY.
  NO SIGNIFICANT WEATHER WAS OBSERVED.


RELATIVE HUMIDITY (PERCENT)
 HIGHEST    89           100 AM
 LOWEST     38           400 PM
 AVERAGE    64

..........................................................


THE MITCHELL SD CLIMATE NORMALS FOR TODAY
                         NORMAL    RECORD    YEAR
 MAXIMUM TEMPERATURE (F)   87       111      1936
 MINIMUM TEMPERATURE (F)   63        44      1912


SUNRISE AND SUNSET
JULY 16 2014..........SUNRISE   605 AM CDT   SUNSET   911 PM CDT
JULY 17 2014..........SUNRISE   606 AM CDT   SUNSET   910 PM CDT


-  INDICATES NEGATIVE NUMBERS.
R  INDICATES RECORD WAS SET OR TIED.
MM INDICATES DATA IS MISSING.
T  INDICATES TRACE AMOUNT.




$$
