000
CDUS43 KFSD 110643
CLIMHE


CLIMATE REPORT
NATIONAL WEATHER SERVICE SIOUX FALLS SD
1242 AM CST THU DEC 11 2014


...................................

...THE MITCHELL SD CLIMATE SUMMARY FOR DECEMBER 10 2014...

CLIMATE NORMAL PERIOD 1981 TO 2010
CLIMATE RECORD PERIOD 1893 TO 2014


WEATHER ITEM   OBSERVED TIME   RECORD YEAR NORMAL DEPARTURE LAST
                VALUE   (LST)  VALUE       VALUE  FROM      YEAR
                                                  NORMAL
..................................................................
TEMPERATURE (F)
 YESTERDAY
  MAXIMUM         34    711 PM  64    1979  31      3       23
  MINIMUM         23    838 AM -21    1917  13     10        2
  AVERAGE         29                        22      7       13

PRECIPITATION (IN)
  YESTERDAY        0.00          0.39 1970   0.01  -0.01     0.04
  MONTH TO DATE    0.00                      0.21  -0.21     0.48
  SINCE DEC 1      0.00                      0.21  -0.21     0.48
  SINCE JAN 1     17.98                     21.28  -3.30    26.14

SNOWFALL (IN)
  YESTERDAY        0.0           6.0  1970  MM     MM        0.5
  MONTH TO DATE    0.0                      MM     MM        8.9
  SINCE DEC 1      0.0                      MM     MM        8.9
  SINCE JUL 1      5.6                      MM     MM       12.9
  SNOW DEPTH       0

DEGREE DAYS
 HEATING
  YESTERDAY       36                        43     -7       52
  MONTH TO DATE  383                       416    -33      526
  SINCE DEC 1    383                       416    -33      526
  SINCE JUL 1   2039                      1984     55     2034

 COOLING
  YESTERDAY        0                         0      0        0
  MONTH TO DATE    0                         0      0        0
  SINCE DEC 1      0                         0      0        0
  SINCE JAN 1    724                       824   -100      946
..................................................................


WIND (MPH)
  HIGHEST WIND SPEED    21   HIGHEST WIND DIRECTION     S (160)
  HIGHEST GUST SPEED    26   HIGHEST GUST DIRECTION     S (160)
  AVERAGE WIND SPEED    14.5


SKY COVER
  POSSIBLE SUNSHINE  MM
  AVERAGE SKY COVER 0.5


WEATHER CONDITIONS
 THE FOLLOWING WEATHER WAS RECORDED YESTERDAY.
  FOG


RELATIVE HUMIDITY (PERCENT)
 HIGHEST    92          1000 AM
 LOWEST     72          1200 PM
 AVERAGE    82

..........................................................


THE MITCHELL SD CLIMATE NORMALS FOR TODAY
                         NORMAL    RECORD    YEAR
 MAXIMUM TEMPERATURE (F)   31        65      1968
 MINIMUM TEMPERATURE (F)   13       -18      1917


SUNRISE AND SUNSET
DECEMBER 11 2014......SUNRISE   756 AM CST   SUNSET   455 PM CST
DECEMBER 12 2014......SUNRISE   757 AM CST   SUNSET   455 PM CST


-  INDICATES NEGATIVE NUMBERS.
R  INDICATES RECORD WAS SET OR TIED.
MM INDICATES DATA IS MISSING.
T  INDICATES TRACE AMOUNT.




$$
