842
CDUS43 KFSD 170626
CLIMHE


CLIMATE REPORT
NATIONAL WEATHER SERVICE SIOUX FALLS SD
122 AM CDT TUE MAY 17 2016


...................................

...THE MITCHELL SD CLIMATE SUMMARY FOR MAY 16 2016...

CLIMATE NORMAL PERIOD 1981 TO 2010
CLIMATE RECORD PERIOD 1893 TO 2016


WEATHER ITEM   OBSERVED TIME   RECORD YEAR NORMAL DEPARTURE LAST
                VALUE   (LST)  VALUE       VALUE  FROM      YEAR
                                                  NORMAL
..................................................................
TEMPERATURE (F)
 YESTERDAY
  MAXIMUM         69    320 PM  99    1934  71     -2       81
  MINIMUM         42    435 AM  25    1929  48     -6       60
  AVERAGE         56                        60     -4       71

PRECIPITATION (IN)
  YESTERDAY        T             2.50 2004   0.07  -0.07     0.25
  MONTH TO DATE    1.00                      1.22  -0.22     3.29
  SINCE MAR 1      7.73                      4.46   3.27     4.84
  SINCE JAN 1      8.96                      5.02   3.94     5.61

SNOWFALL (IN)
  YESTERDAY        0.0           T    1929  MM     MM        0.0
  MONTH TO DATE    0.0                      MM     MM        0.0
  SINCE MAR 1      3.9                      MM     MM        0.7
  SINCE JUL 1     46.3                      MM     MM       22.6
  SNOW DEPTH       0

DEGREE DAYS
 HEATING
  YESTERDAY        9                         7      2        0
  MONTH TO DATE  134                       138     -4      105
  SINCE MAR 1   1327                      1616   -289     1269
  SINCE JUL 1   6116                      7138  -1022     6759

 COOLING
  YESTERDAY        0                         1     -1        6
  MONTH TO DATE    8                        13     -5       11
  SINCE MAR 1     12                        15     -3       17
  SINCE JAN 1     12                        15     -3       17
..................................................................


WIND (MPH)
  HIGHEST WIND SPEED    13   HIGHEST WIND DIRECTION    NE (60)
  HIGHEST GUST SPEED    14   HIGHEST GUST DIRECTION    SW (240)
  AVERAGE WIND SPEED     4.2


SKY COVER
  POSSIBLE SUNSHINE  MM
  AVERAGE SKY COVER 0.2


WEATHER CONDITIONS
 THE FOLLOWING WEATHER WAS RECORDED YESTERDAY.
  NO SIGNIFICANT WEATHER WAS OBSERVED.


RELATIVE HUMIDITY (PERCENT)
 HIGHEST    83           600 AM
 LOWEST     34          1200 PM
 AVERAGE    59

..........................................................


THE MITCHELL SD CLIMATE NORMALS FOR TODAY
                         NORMAL    RECORD    YEAR
 MAXIMUM TEMPERATURE (F)   71       105      1934
 MINIMUM TEMPERATURE (F)   48        27      1925


SUNRISE AND SUNSET
MAY 17 2016...........SUNRISE   604 AM CDT   SUNSET   854 PM CDT
MAY 18 2016...........SUNRISE   603 AM CDT   SUNSET   855 PM CDT


-  INDICATES NEGATIVE NUMBERS.
R  INDICATES RECORD WAS SET OR TIED.
MM INDICATES DATA IS MISSING.
T  INDICATES TRACE AMOUNT.




$$
