000
CDUS43 KFSD 080702
CLIMHE


CLIMATE REPORT
NATIONAL WEATHER SERVICE SIOUX FALLS SD
101 AM CST WED FEB 8 2017


...................................

...THE MITCHELL SD CLIMATE SUMMARY FOR FEBRUARY 7 2017...

CLIMATE NORMAL PERIOD 1981 TO 2010
CLIMATE RECORD PERIOD 1893 TO 2017


WEATHER ITEM   OBSERVED TIME   RECORD YEAR NORMAL DEPARTURE LAST
                VALUE   (LST)  VALUE       VALUE  FROM      YEAR
                                                  NORMAL
..................................................................
TEMPERATURE (F)
 YESTERDAY
  MAXIMUM         26   1208 AM  66    1987  31     -5       40
  MINIMUM         10   1159 PM -25    1914  12     -2       29
  AVERAGE         18                        22     -4       35

PRECIPITATION (IN)
  YESTERDAY        T             0.58 1928   0.01  -0.01      T
  MONTH TO DATE    T                         0.09  -0.09     0.06
  SINCE DEC 1      1.87                      0.76   1.11     1.54
  SINCE JAN 1      0.76                      0.31   0.45     0.51

SNOWFALL (IN)
  YESTERDAY        T             3.0  1972  MM     MM         T
  MONTH TO DATE    T                        MM     MM        0.9
  SINCE DEC 1     17.5                      MM     MM       22.0
  SINCE JUL 1     23.0                      MM     MM       35.2
  SNOW DEPTH       T

DEGREE DAYS
 HEATING
  YESTERDAY       47                        44      3       30
  MONTH TO DATE  304                       310     -6      257
  SINCE DEC 1   3059                      3109    -50     2875
  SINCE JUL 1   4153                      4677   -524     4058

 COOLING
  YESTERDAY        0                         0      0        0
  MONTH TO DATE    0                         0      0        0
  SINCE DEC 1      0                         0      0        0
  SINCE JAN 1      0                         0      0        0
..................................................................


WIND (MPH)
  HIGHEST WIND SPEED    30   HIGHEST WIND DIRECTION    NW (320)
  HIGHEST GUST SPEED    36   HIGHEST GUST DIRECTION    NW (320)
  AVERAGE WIND SPEED    18.4


SKY COVER
  POSSIBLE SUNSHINE  MM
  AVERAGE SKY COVER 0.7


WEATHER CONDITIONS
 THE FOLLOWING WEATHER WAS RECORDED YESTERDAY.
  LIGHT SNOW
  FOG


RELATIVE HUMIDITY (PERCENT)
 HIGHEST   100           400 AM
 LOWEST     61           100 PM
 AVERAGE    81

..........................................................


THE MITCHELL SD CLIMATE NORMALS FOR TODAY
                         NORMAL    RECORD    YEAR
 MAXIMUM TEMPERATURE (F)   32        64      2000
                                             1999
 MINIMUM TEMPERATURE (F)   12       -30      1933
                                             1899


SUNRISE AND SUNSET
FEBRUARY  8 2017......SUNRISE   740 AM CST   SUNSET   553 PM CST
FEBRUARY  9 2017......SUNRISE   739 AM CST   SUNSET   554 PM CST


-  INDICATES NEGATIVE NUMBERS.
R  INDICATES RECORD WAS SET OR TIED.
MM INDICATES DATA IS MISSING.
T  INDICATES TRACE AMOUNT.




$$
