000
CDUS43 KFSD 112222
CLIMHE


CLIMATE REPORT
NATIONAL WEATHER SERVICE SIOUX FALLS SD
522 PM CDT SAT OCT 11 2014


...................................

...THE MITCHELL SD CLIMATE SUMMARY FOR OCTOBER 11 2014...
VALID TODAY AS OF 0500 PM LOCAL TIME.

CLIMATE NORMAL PERIOD 1981 TO 2010
CLIMATE RECORD PERIOD 1893 TO 2014


WEATHER ITEM   OBSERVED TIME   RECORD YEAR NORMAL DEPARTURE LAST
                VALUE   (LST)  VALUE       VALUE  FROM      YEAR
                                                  NORMAL
..................................................................
TEMPERATURE (F)
 TODAY
  MAXIMUM         66    337 PM  95    1910  64      2       72
  MINIMUM         31    238 AM  22    2009  39     -8       51
                                      1987
                                      1908
  AVERAGE         49                        52     -3       62

PRECIPITATION (IN)
  TODAY            0.00          2.64 1961   0.06  -0.06     0.01
  MONTH TO DATE    0.06                      0.70  -0.64     1.17
  SINCE SEP 1      1.80                      3.02  -1.22     3.61
  SINCE JAN 1     16.90                     19.37  -2.47    22.10

SNOWFALL (IN)
  TODAY            0.0           0.1  2009  MM     MM        0.0
  MONTH TO DATE    0.0                      MM     MM        0.0
  SINCE SEP 1      0.0                      MM     MM        0.0
  SINCE JUL 1      0.0                      MM     MM        0.0
  SNOW DEPTH       0

DEGREE DAYS
 HEATING
  TODAY           16                        14      2        3
  MONTH TO DATE  152                       130     22       78
  SINCE SEP 1    270                       271     -1      116
  SINCE JUL 1    282                       288     -6      139

 COOLING
  TODAY            0                         0      0        0
  MONTH TO DATE    0                         7     -7        2
  SINCE SEP 1     78                        79     -1      165
  SINCE JAN 1    724                       824   -100      946
..................................................................


WIND (MPH)
  HIGHEST WIND SPEED    24   HIGHEST WIND DIRECTION     S (160)
  HIGHEST GUST SPEED    30   HIGHEST GUST DIRECTION     S (170)
  AVERAGE WIND SPEED    12.9


SKY COVER
  POSSIBLE SUNSHINE  MM
  AVERAGE SKY COVER 0.0


WEATHER CONDITIONS
 THE FOLLOWING WEATHER WAS RECORDED TODAY.
  LIGHT RAIN


RELATIVE HUMIDITY (PERCENT)
 HIGHEST    89           400 AM
 LOWEST     34          1200 PM
 AVERAGE    62

..........................................................


THE MITCHELL SD CLIMATE NORMALS FOR TOMORROW
                         NORMAL    RECORD    YEAR
 MAXIMUM TEMPERATURE (F)   64        87      1956
 MINIMUM TEMPERATURE (F)   39        14      1917


SUNRISE AND SUNSET
OCTOBER 11 2014.......SUNRISE   742 AM CDT   SUNSET   655 PM CDT
OCTOBER 12 2014.......SUNRISE   743 AM CDT   SUNSET   654 PM CDT


-  INDICATES NEGATIVE NUMBERS.
R  INDICATES RECORD WAS SET OR TIED.
MM INDICATES DATA IS MISSING.
T  INDICATES TRACE AMOUNT.




$$
