000
CDUS43 KFSD 290644
CLIMHE


CLIMATE REPORT
NATIONAL WEATHER SERVICE SIOUX FALLS SD
143 AM CDT FRI SEP 29 2017


...................................

...THE MITCHELL SD CLIMATE SUMMARY FOR SEPTEMBER 28 2017...

CLIMATE NORMAL PERIOD 1981 TO 2010
CLIMATE RECORD PERIOD 1893 TO 2017


WEATHER ITEM   OBSERVED TIME   RECORD YEAR NORMAL DEPARTURE LAST
                VALUE   (LST)  VALUE       VALUE  FROM      YEAR
                                                  NORMAL
..................................................................
TEMPERATURE (F)
 YESTERDAY
  MAXIMUM         79    352 PM  93    2011  71      8       68
                                      1897
  MINIMUM         49    623 AM  23    1951  44      5       38
  AVERAGE         64                        57      7       53

PRECIPITATION (IN)
  YESTERDAY        0.00          0.49 2013   0.07  -0.07     0.00
  MONTH TO DATE    2.59                      2.17   0.42     2.15
  SINCE SEP 1      2.59                      2.17   0.42     2.15
  SINCE JAN 1     16.41                     18.52  -2.11    21.56

SNOWFALL (IN)
  YESTERDAY        0.0           0.0    MM  MM     MM        0.0
  MONTH TO DATE    0.0                      MM     MM        0.0
  SINCE SEP 1      0.0                      MM     MM        0.0
  SINCE JUL 1      0.0                      MM     MM        0.0
  SNOW DEPTH       0

DEGREE DAYS
 HEATING
  YESTERDAY        1                         9     -8       12
  MONTH TO DATE   84                       123    -39       59
  SINCE SEP 1     84                       123    -39       59
  SINCE JUL 1     86                       140    -54       67

 COOLING
  YESTERDAY        0                         1     -1        0
  MONTH TO DATE  113                        71     42       99
  SINCE SEP 1    113                        71     42       99
  SINCE JAN 1    883                       816     67     1031
..................................................................


WIND (MPH)
  HIGHEST WIND SPEED    14   HIGHEST WIND DIRECTION    NW (310)
  HIGHEST GUST SPEED    17   HIGHEST GUST DIRECTION    NW (330)
  AVERAGE WIND SPEED     5.9


SKY COVER
  POSSIBLE SUNSHINE  MM
  AVERAGE SKY COVER 0.0


WEATHER CONDITIONS
 THE FOLLOWING WEATHER WAS RECORDED YESTERDAY.
  NO SIGNIFICANT WEATHER WAS OBSERVED.


RELATIVE HUMIDITY (PERCENT)
 HIGHEST    86           600 AM
 LOWEST     30           400 PM
 AVERAGE    58

..........................................................


THE MITCHELL SD CLIMATE NORMALS FOR TODAY
                         NORMAL    RECORD    YEAR
 MAXIMUM TEMPERATURE (F)   70        92      1897
 MINIMUM TEMPERATURE (F)   43        11      1899


SUNRISE AND SUNSET
SEPTEMBER 29 2017.....SUNRISE   728 AM CDT   SUNSET   716 PM CDT
SEPTEMBER 30 2017.....SUNRISE   729 AM CDT   SUNSET   714 PM CDT


-  INDICATES NEGATIVE NUMBERS.
R  INDICATES RECORD WAS SET OR TIED.
MM INDICATES DATA IS MISSING.
T  INDICATES TRACE AMOUNT.




$$
