582
CDUS43 KFSD 170633
CLIMHE


CLIMATE REPORT
NATIONAL WEATHER SERVICE SIOUX FALLS SD
133 AM CDT SAT JUN 17 2017


...................................

...THE MITCHELL SD CLIMATE SUMMARY FOR JUNE 16 2017...

CLIMATE NORMAL PERIOD 1981 TO 2010
CLIMATE RECORD PERIOD 1893 TO 2017


WEATHER ITEM   OBSERVED TIME   RECORD YEAR NORMAL DEPARTURE LAST
                VALUE   (LST)  VALUE       VALUE  FROM      YEAR
                                                  NORMAL
..................................................................
TEMPERATURE (F)
 YESTERDAY
  MAXIMUM         87   1052 AM 103    1933  81      6       94
  MINIMUM         61   1151 PM  41    1902  59      2       63
  AVERAGE         74                        70      4       79

PRECIPITATION (IN)
  YESTERDAY        T             2.96 1990   0.16  -0.16     0.00
  MONTH TO DATE    0.37                      2.47  -2.10     1.22
  SINCE JUN 1      0.37                      2.47  -2.10     1.22
  SINCE JAN 1      7.39                      9.20  -1.81    13.74

SNOWFALL (IN)
  YESTERDAY        0.0           0.0    MM  MM     MM        0.0
  MONTH TO DATE    0.0                      MM     MM        0.0
  SINCE JUN 1      0.0                      MM     MM        0.0
  SINCE JUL 1     30.6                      MM     MM       46.3
  SNOW DEPTH       0

DEGREE DAYS
 HEATING
  YESTERDAY        0                         1     -1        0
  MONTH TO DATE    0                        28    -28        4
  SINCE JUN 1      0                        28    -28        4
  SINCE JUL 1   6283                      7238   -955     6149

 COOLING
  YESTERDAY        9                         6      3       14
  MONTH TO DATE  168                        62    106      144
  SINCE JUN 1    168                        62    106      144
  SINCE JAN 1    200                       102     98      188
..................................................................


WIND (MPH)
  HIGHEST WIND SPEED    21   HIGHEST WIND DIRECTION    NE (30)
  HIGHEST GUST SPEED    25   HIGHEST GUST DIRECTION    NE (30)
  AVERAGE WIND SPEED     6.6


SKY COVER
  POSSIBLE SUNSHINE  MM
  AVERAGE SKY COVER 0.1


WEATHER CONDITIONS
 THE FOLLOWING WEATHER WAS RECORDED YESTERDAY.
  LIGHT RAIN


RELATIVE HUMIDITY (PERCENT)
 HIGHEST    78          1100 PM
 LOWEST     23          1100 AM
 AVERAGE    51

..........................................................


THE MITCHELL SD CLIMATE NORMALS FOR TODAY
                         NORMAL    RECORD    YEAR
 MAXIMUM TEMPERATURE (F)   82       100      1933
 MINIMUM TEMPERATURE (F)   59        41      1974
                                             1912


SUNRISE AND SUNSET
JUNE 17 2017..........SUNRISE   550 AM CDT   SUNSET   917 PM CDT
JUNE 18 2017..........SUNRISE   550 AM CDT   SUNSET   917 PM CDT


-  INDICATES NEGATIVE NUMBERS.
R  INDICATES RECORD WAS SET OR TIED.
MM INDICATES DATA IS MISSING.
T  INDICATES TRACE AMOUNT.




$$
