000
CDUS43 KGRR 270517
CLIMKG


CLIMATE REPORT
NATIONAL WEATHER SERVICE GRAND RAPIDS, MI
116 AM EDT WED MAY 27 2015


...................................

...THE MUSKEGON MI CLIMATE SUMMARY FOR MAY 26 2015...

CLIMATE NORMAL PERIOD 1981 TO 2010
CLIMATE RECORD PERIOD 1896 TO 2015


WEATHER ITEM   OBSERVED TIME   RECORD YEAR NORMAL DEPARTURE LAST
                VALUE   (LST)  VALUE       VALUE  FROM      YEAR
                                                  NORMAL
..................................................................
TEMPERATURE (F)
 YESTERDAY
  MAXIMUM         81   1217 PM  87    2010  70     11       75
  MINIMUM         61   1107 PM  30    1961  50     11       56
  AVERAGE         71                        60     11       66

PRECIPITATION (IN)
  YESTERDAY        0.68          0.94 1932   0.10   0.58     0.01
  MONTH TO DATE    3.09                      2.75   0.34     3.72
  SINCE MAR 1      8.94                      7.91   1.03     8.17
  SINCE JAN 1     12.23                     11.77   0.46    13.30

SNOWFALL (IN)
  YESTERDAY        0.0           T    1961   0.0    0.0      0.0
  MONTH TO DATE    0.0                       0.0    0.0      0.0
  SINCE MAR 1      4.0                      11.3   -7.3      9.1
  SINCE JUL 1     92.1                      93.7   -1.6    132.7
  SNOW DEPTH       0

DEGREE DAYS
 HEATING
  YESTERDAY        0                         6     -6        0
  MONTH TO DATE  188                       249    -61      257
  SINCE MAR 1   1730                      1735     -5     2022
  SINCE JUL 1   6855                      6467    388     7162

 COOLING
  YESTERDAY        6                         1      5        1
  MONTH TO DATE   32                        18     14        8
  SINCE MAR 1     32                        22     10        8
  SINCE JAN 1     32                        22     10        8
..................................................................


WIND (MPH)
  RESULTANT WIND SPEED  13   RESULTANT WIND DIRECTION   S (190)
  HIGHEST WIND SPEED    28   HIGHEST WIND DIRECTION    SW (220)
  HIGHEST GUST SPEED    37   HIGHEST GUST DIRECTION    SW (230)
  AVERAGE WIND SPEED    14.6


SKY COVER
  AVERAGE SKY COVER 0.6


WEATHER CONDITIONS
 THE FOLLOWING WEATHER WAS RECORDED YESTERDAY.
  THUNDERSTORM
  HEAVY RAIN
  RAIN
  LIGHT RAIN
  FOG
  HAZE


RELATIVE HUMIDITY (PERCENT)
 HIGHEST    87           600 AM
 LOWEST     58          1200 PM
 AVERAGE    73

..........................................................


THE MUSKEGON MI CLIMATE NORMALS FOR TODAY
                         NORMAL    RECORD    YEAR
 MAXIMUM TEMPERATURE (F)   70        86      2012
 MINIMUM TEMPERATURE (F)   50        27      1961


SUNRISE AND SUNSET
MAY 27 2015...........SUNRISE   611 AM EDT   SUNSET   914 PM EDT
MAY 28 2015...........SUNRISE   610 AM EDT   SUNSET   914 PM EDT


-  INDICATES NEGATIVE NUMBERS.
R  INDICATES RECORD WAS SET OR TIED.
MM INDICATES DATA IS MISSING.
T  INDICATES TRACE AMOUNT.




$$
