000
CDUS43 KGRR 211355
CLIMKG


CLIMATE REPORT...CORRECTED
NATIONAL WEATHER SERVICE GRAND RAPIDS, MI
852 AM EST SUN DEC 21 2014


...................................

...THE MUSKEGON MI CLIMATE SUMMARY FOR DECEMBER 20 2014...

CLIMATE NORMAL PERIOD 1981 TO 2010
CLIMATE RECORD PERIOD 1896 TO 2014


WEATHER ITEM   OBSERVED TIME   RECORD YEAR NORMAL DEPARTURE LAST
                VALUE   (LST)  VALUE       VALUE  FROM      YEAR
                                                  NORMAL
..................................................................
TEMPERATURE (F)
 YESTERDAY
  MAXIMUM         31   1159 PM  52    1967  34     -3       32
                                      1957
                                      1949
  MINIMUM         18    536 AM  -8    1983  24     -6       30
  AVERAGE         25                        29     -4       31

PRECIPITATION (IN)
  YESTERDAY        T             1.33 2012   0.08  -0.08     0.13
  MONTH TO DATE    0.44                      1.76  -1.32     1.32
  SINCE DEC 1      0.44                      1.76  -1.32     1.32
  SINCE JAN 1     37.32                     32.70   4.62    42.38

SNOWFALL (IN)
  YESTERDAY        T             6.0  1910   1.0   -1.0      0.0
  MONTH TO DATE    1.1                      18.0  -16.9     16.6
  SINCE DEC 1      1.1                      18.0  -16.9     16.6
  SINCE JUL 1     25.6                      24.2    1.4     25.5
  SNOW DEPTH       0

DEGREE DAYS
 HEATING
  YESTERDAY       40                        36      4       34
  MONTH TO DATE  642                       671    -29      760
  SINCE DEC 1    642                       671    -29      760
  SINCE JUL 1   2125                      2038     87     2031

 COOLING
  YESTERDAY        0                         0      0        0
  MONTH TO DATE    0                         0      0        0
  SINCE DEC 1      0                         0      0        0
  SINCE JAN 1    442                       566   -124      626
..................................................................


WIND (MPH)
  RESULTANT WIND SPEED   3   RESULTANT WIND DIRECTION  SE (120)
  HIGHEST WIND SPEED     8   HIGHEST WIND DIRECTION    SE (140)
  HIGHEST GUST SPEED    11   HIGHEST GUST DIRECTION    SE (140)
  AVERAGE WIND SPEED     4.3


SKY COVER
  AVERAGE SKY COVER 0.7


WEATHER CONDITIONS
 THE FOLLOWING WEATHER WAS RECORDED YESTERDAY.
  LIGHT SNOW
  FOG
  HAZE


RELATIVE HUMIDITY (PERCENT)
 HIGHEST    88           900 AM
 LOWEST     77           100 AM
 AVERAGE    83

..........................................................


THE MUSKEGON MI CLIMATE NORMALS FOR TODAY
                         NORMAL    RECORD    YEAR
 MAXIMUM TEMPERATURE (F)   34        60      1967
 MINIMUM TEMPERATURE (F)   24        -3      1901


SUNRISE AND SUNSET
DECEMBER 21 2014......SUNRISE   813 AM EST   SUNSET   513 PM EST
DECEMBER 22 2014......SUNRISE   814 AM EST   SUNSET   513 PM EST


-  INDICATES NEGATIVE NUMBERS.
R  INDICATES RECORD WAS SET OR TIED.
MM INDICATES DATA IS MISSING.
T  INDICATES TRACE AMOUNT.




$$
