373
CDUS43 KGRR 230550
CLIMKG


CLIMATE REPORT
NATIONAL WEATHER SERVICE GRAND RAPIDS, MI
149 AM EDT TUE MAY 23 2017


...................................

...THE MUSKEGON MI CLIMATE SUMMARY FOR MAY 22 2017...

CLIMATE NORMAL PERIOD 1981 TO 2010
CLIMATE RECORD PERIOD 1896 TO 2017


WEATHER ITEM   OBSERVED TIME   RECORD YEAR NORMAL DEPARTURE LAST
                VALUE   (LST)  VALUE       VALUE  FROM      YEAR
                                                  NORMAL
..................................................................
TEMPERATURE (F)
 YESTERDAY
  MAXIMUM         66    821 PM  88    1977  69     -3       76
  MINIMUM         49    644 AM  34    1979  49      0       47
                                      1971
  AVERAGE         58                        59     -1       62

PRECIPITATION (IN)
  YESTERDAY        T             4.10 1904   0.11  -0.11     0.00
  MONTH TO DATE    1.34                      2.32  -0.98     2.02
  SINCE MAR 1      8.62                      7.48   1.14     9.36
  SINCE JAN 1     14.32                     11.34   2.98    13.57

SNOWFALL (IN)
  YESTERDAY        0.0           0.0    MM   0.0    0.0      0.0
  MONTH TO DATE    0.0                       0.0    0.0      0.0
  SINCE MAR 1      4.5                      11.3   -6.8      7.3
  SINCE JUL 1     49.0                      93.7  -44.7     61.8
  SNOW DEPTH       0

DEGREE DAYS
 HEATING
  YESTERDAY        7                         7      0        3
  MONTH TO DATE  247                       222     25      252
  SINCE MAR 1   1574                      1708   -134     1596
  SINCE JUL 1   5439                      6440  -1001     5616

 COOLING
  YESTERDAY        0                         1     -1        0
  MONTH TO DATE   17                        14      3        0
  SINCE MAR 1     22                        18      4        0
  SINCE JAN 1     22                        18      4        0
..................................................................


WIND (MPH)
  RESULTANT WIND SPEED  15   RESULTANT WIND DIRECTION  SW (220)
  HIGHEST WIND SPEED    24   HIGHEST WIND DIRECTION    SW (210)
  HIGHEST GUST SPEED    30   HIGHEST GUST DIRECTION    SW (240)
  AVERAGE WIND SPEED    15.4


SKY COVER
  AVERAGE SKY COVER 0.8


WEATHER CONDITIONS
 THE FOLLOWING WEATHER WAS RECORDED YESTERDAY.
  LIGHT RAIN


RELATIVE HUMIDITY (PERCENT)
 HIGHEST    80          1200 AM
 LOWEST     48           200 PM
 AVERAGE    64

..........................................................


THE MUSKEGON MI CLIMATE NORMALS FOR TODAY
                         NORMAL    RECORD    YEAR
 MAXIMUM TEMPERATURE (F)   69        87      1972
 MINIMUM TEMPERATURE (F)   49        29      1913


SUNRISE AND SUNSET
MAY 23 2017...........SUNRISE   614 AM EDT   SUNSET   910 PM EDT
MAY 24 2017...........SUNRISE   613 AM EDT   SUNSET   911 PM EDT


-  INDICATES NEGATIVE NUMBERS.
R  INDICATES RECORD WAS SET OR TIED.
MM INDICATES DATA IS MISSING.
T  INDICATES TRACE AMOUNT.




$$
