000
CDUS43 KGRR 200516
CLIMKG


CLIMATE REPORT
NATIONAL WEATHER SERVICE GRAND RAPIDS, MI
1215 AM EST SAT DEC 20 2014


...................................

...THE MUSKEGON MI CLIMATE SUMMARY FOR DECEMBER 19 2014...

CLIMATE NORMAL PERIOD 1981 TO 2010
CLIMATE RECORD PERIOD 1896 TO 2014


WEATHER ITEM   OBSERVED TIME   RECORD YEAR NORMAL DEPARTURE LAST
                VALUE   (LST)  VALUE       VALUE  FROM      YEAR
                                                  NORMAL
..................................................................
TEMPERATURE (F)
 YESTERDAY
  MAXIMUM         35    408 PM  53    2002  34      1       39
  MINIMUM         19    802 AM  -4    1996  24     -5       27
                                      1983
  AVERAGE         27                        29     -2       33

PRECIPITATION (IN)
  YESTERDAY        0.00          0.80 2008   0.07  -0.07     0.01
                                      1923
  MONTH TO DATE    0.44                      1.68  -1.24     1.19
  SINCE DEC 1      0.44                      1.68  -1.24     1.19
  SINCE JAN 1     37.32                     32.62   4.70    42.25

SNOWFALL (IN)
  YESTERDAY        0.0           9.3  2008   1.1   -1.1      0.0
  MONTH TO DATE    1.1                      17.0  -15.9     16.6
  SINCE DEC 1      1.1                      17.0  -15.9     16.6
  SINCE JUL 1     25.6                      23.2    2.4     25.5
  SNOW DEPTH       0

DEGREE DAYS
 HEATING
  YESTERDAY       38                        36      2       32
  MONTH TO DATE  602                       635    -33      726
  SINCE DEC 1    602                       635    -33      726
  SINCE JUL 1   2085                      2002     83     1997

 COOLING
  YESTERDAY        0                         0      0        0
  MONTH TO DATE    0                         0      0        0
  SINCE DEC 1      0                         0      0        0
  SINCE JAN 1    442                       566   -124      626
..................................................................


WIND (MPH)
  RESULTANT WIND SPEED   3   RESULTANT WIND DIRECTION   N (0)
  HIGHEST WIND SPEED     8   HIGHEST WIND DIRECTION     N (20)
  HIGHEST GUST SPEED    10   HIGHEST GUST DIRECTION    NE (50)
  AVERAGE WIND SPEED     3.2


SKY COVER
  AVERAGE SKY COVER 0.1


WEATHER CONDITIONS
 THE FOLLOWING WEATHER WAS RECORDED YESTERDAY.
  NO SIGNIFICANT WEATHER WAS OBSERVED.


RELATIVE HUMIDITY (PERCENT)
 HIGHEST    88           300 AM
 LOWEST     44           400 PM
 AVERAGE    66

..........................................................


THE MUSKEGON MI CLIMATE NORMALS FOR TODAY
                         NORMAL    RECORD    YEAR
 MAXIMUM TEMPERATURE (F)   34        52      1967
                                             1957
                                             1949
 MINIMUM TEMPERATURE (F)   24        -8      1983


SUNRISE AND SUNSET
DECEMBER 20 2014......SUNRISE   813 AM EST   SUNSET   512 PM EST
DECEMBER 21 2014......SUNRISE   813 AM EST   SUNSET   513 PM EST


-  INDICATES NEGATIVE NUMBERS.
R  INDICATES RECORD WAS SET OR TIED.
MM INDICATES DATA IS MISSING.
T  INDICATES TRACE AMOUNT.




$$

JAM
