000
CDUS43 KGRR 300522
CLIMKG


CLIMATE REPORT
NATIONAL WEATHER SERVICE GRAND RAPIDS, MI
122 AM EDT FRI SEP 30 2016


...................................

...THE MUSKEGON MI CLIMATE SUMMARY FOR SEPTEMBER 29 2016...

CLIMATE NORMAL PERIOD 1981 TO 2010
CLIMATE RECORD PERIOD 1896 TO 2016


WEATHER ITEM   OBSERVED TIME   RECORD YEAR NORMAL DEPARTURE LAST
                VALUE   (LST)  VALUE       VALUE  FROM      YEAR
                                                  NORMAL
..................................................................
TEMPERATURE (F)
 YESTERDAY
  MAXIMUM         66    447 PM  92    1953  66      0       67
  MINIMUM         57    638 AM  31    1991  48      9       49
  AVERAGE         62                        57      5       58

PRECIPITATION (IN)
  YESTERDAY        0.03          2.28 1906   0.12  -0.09     0.25
  MONTH TO DATE    5.51                      3.76   1.75     2.59
  SINCE SEP 1      5.51                      3.76   1.75     2.59
  SINCE JAN 1     30.66                     24.34   6.32    25.72

SNOWFALL (IN)
  YESTERDAY        0.0          MM      MM   0.0    0.0      0.0
  MONTH TO DATE    0.0                       0.0    0.0      0.0
  SINCE SEP 1      0.0                       0.0    0.0      0.0
  SINCE JUL 1      0.0                       0.0    0.0      0.0
  SNOW DEPTH       0

DEGREE DAYS
 HEATING
  YESTERDAY        3                         9     -6        7
  MONTH TO DATE   22                       134   -112       46
  SINCE SEP 1     22                       134   -112       46
  SINCE JUL 1     31                       164   -133       78

 COOLING
  YESTERDAY        0                         1     -1        0
  MONTH TO DATE  101                        56     45      116
  SINCE SEP 1    101                        56     45      116
  SINCE JAN 1    765                       563    202      570
..................................................................


WIND (MPH)
  RESULTANT WIND SPEED  11   RESULTANT WIND DIRECTION  NE (40)
  HIGHEST WIND SPEED    22   HIGHEST WIND DIRECTION    NE (60)
  HIGHEST GUST SPEED    31   HIGHEST GUST DIRECTION    NE (40)
  AVERAGE WIND SPEED    11.8


SKY COVER
  AVERAGE SKY COVER 0.7


WEATHER CONDITIONS
 THE FOLLOWING WEATHER WAS RECORDED YESTERDAY.
  LIGHT RAIN


RELATIVE HUMIDITY (PERCENT)
 HIGHEST    90          1100 PM
 LOWEST     73          1100 AM
 AVERAGE    82

..........................................................


THE MUSKEGON MI CLIMATE NORMALS FOR TODAY
                         NORMAL    RECORD    YEAR
 MAXIMUM TEMPERATURE (F)   65        86      1905
 MINIMUM TEMPERATURE (F)   47        28      1984


SUNRISE AND SUNSET
SEPTEMBER 30 2016.....SUNRISE   742 AM EDT   SUNSET   727 PM EDT
OCTOBER  1 2016.......SUNRISE   743 AM EDT   SUNSET   725 PM EDT


-  INDICATES NEGATIVE NUMBERS.
R  INDICATES RECORD WAS SET OR TIED.
MM INDICATES DATA IS MISSING.
T  INDICATES TRACE AMOUNT.




$$
