000
CDUS43 KGRR 220516
CLIMKG


CLIMATE REPORT
NATIONAL WEATHER SERVICE GRAND RAPIDS, MI
116 AM EDT TUE AUG 22 2017


...................................

...THE MUSKEGON MI CLIMATE SUMMARY FOR AUGUST 21 2017...

CLIMATE NORMAL PERIOD 1981 TO 2010
CLIMATE RECORD PERIOD 1896 TO 2017


WEATHER ITEM   OBSERVED TIME   RECORD YEAR NORMAL DEPARTURE LAST
                VALUE   (LST)  VALUE       VALUE  FROM      YEAR
                                                  NORMAL
..................................................................
TEMPERATURE (F)
 YESTERDAY
  MAXIMUM         81    338 PM  92    1955  79      2       73
  MINIMUM         67    626 AM  42    2004  61      6       58
  AVERAGE         74                        70      4       66

PRECIPITATION (IN)
  YESTERDAY        0.00          1.33 2013   0.11  -0.11     0.12
  MONTH TO DATE    1.33                      2.28  -0.95     1.74
  SINCE JUN 1      6.60                      7.20  -0.60    10.10
  SINCE JAN 1     21.08                     19.47   1.61    24.03

SNOWFALL (IN)
  YESTERDAY        0.0          MM      MM   0.0    0.0      0.0
  MONTH TO DATE    0.0                       0.0    0.0      0.0
  SINCE JUN 1      0.0                       0.0    0.0      0.0
  SINCE JUL 1      0.0                       0.0    0.0      0.0
  SNOW DEPTH       0

DEGREE DAYS
 HEATING
  YESTERDAY        0                         1     -1        0
  MONTH TO DATE    3                         4     -1        0
  SINCE JUN 1     37                        81    -44       47
  SINCE JUL 1      3                        15    -12        9

 COOLING
  YESTERDAY        9                         5      4        1
  MONTH TO DATE  115                       122     -7      194
  SINCE JUN 1    456                       429     27      552
  SINCE JAN 1    478                       458     20      596
..................................................................


WIND (MPH)
  RESULTANT WIND SPEED   5   RESULTANT WIND DIRECTION   S (200)
  HIGHEST WIND SPEED    16   HIGHEST WIND DIRECTION     S (180)
  HIGHEST GUST SPEED    20   HIGHEST GUST DIRECTION     S (180)
  AVERAGE WIND SPEED     7.3


SKY COVER
  AVERAGE SKY COVER 0.6


WEATHER CONDITIONS
 THE FOLLOWING WEATHER WAS RECORDED YESTERDAY.
  NO SIGNIFICANT WEATHER WAS OBSERVED.


RELATIVE HUMIDITY (PERCENT)
 HIGHEST    93           500 AM
 LOWEST     69          1000 AM
 AVERAGE    81

..........................................................


THE MUSKEGON MI CLIMATE NORMALS FOR TODAY
                         NORMAL    RECORD    YEAR
 MAXIMUM TEMPERATURE (F)   78        92      1947
 MINIMUM TEMPERATURE (F)   61        42      1907


SUNRISE AND SUNSET
AUGUST 22 2017........SUNRISE   658 AM EDT   SUNSET   836 PM EDT
AUGUST 23 2017........SUNRISE   700 AM EDT   SUNSET   835 PM EDT


-  INDICATES NEGATIVE NUMBERS.
R  INDICATES RECORD WAS SET OR TIED.
MM INDICATES DATA IS MISSING.
T  INDICATES TRACE AMOUNT.




$$
