518
CDUS43 KGRR 200517
CLIMKG


CLIMATE REPORT
NATIONAL WEATHER SERVICE GRAND RAPIDS, MI
1216 AM EST TUE FEB 20 2018


...................................

...THE MUSKEGON MI CLIMATE SUMMARY FOR FEBRUARY 19 2018...

CLIMATE NORMAL PERIOD 1981 TO 2010
CLIMATE RECORD PERIOD 1896 TO 2018


WEATHER ITEM   OBSERVED TIME   RECORD YEAR NORMAL DEPARTURE LAST
                VALUE   (LST)  VALUE       VALUE  FROM      YEAR
                                                  NORMAL
..................................................................
TEMPERATURE (F)
 YESTERDAY
  MAXIMUM         53   1154 PM  58    2017  34     19       58
  MINIMUM         37   1244 AM -14    1920  22     15       28
  AVERAGE         45                        28     17       43

PRECIPITATION (IN)
  YESTERDAY        0.54          0.88 1994   0.07   0.47     0.00
  MONTH TO DATE    2.03                      1.18   0.85     0.16
  SINCE DEC 1      7.72                      5.76   1.96     5.41
  SINCE JAN 1      4.95                      3.21   1.74     3.19

SNOWFALL (IN)
  YESTERDAY        0.0           6.9  2013   0.7   -0.7      0.0
  MONTH TO DATE   20.9                      14.1    6.8      0.3
  SINCE DEC 1     91.6                      71.0   20.6     40.7
  SINCE JUL 1     91.6                      77.2   14.4     41.7
  SNOW DEPTH       3

DEGREE DAYS
 HEATING
  YESTERDAY       20                        37    -17       22
  MONTH TO DATE  770                       736     34      624
  SINCE DEC 1   3126                      3041     85     2762
  SINCE JUL 1   4285                      4408   -123     3667

 COOLING
  YESTERDAY        0                         0      0        0
  MONTH TO DATE    0                         0      0        0
  SINCE DEC 1      0                         0      0        0
  SINCE JAN 1      0                         0      0        0
..................................................................


WIND (MPH)
  RESULTANT WIND SPEED   8   RESULTANT WIND DIRECTION   S (160)
  HIGHEST WIND SPEED    23   HIGHEST WIND DIRECTION     S (190)
  HIGHEST GUST SPEED    35   HIGHEST GUST DIRECTION     S (180)
  AVERAGE WIND SPEED    10.6


SKY COVER
  AVERAGE SKY COVER 0.9


WEATHER CONDITIONS
 THE FOLLOWING WEATHER WAS RECORDED YESTERDAY.
  HEAVY RAIN
  LIGHT RAIN
  FOG


RELATIVE HUMIDITY (PERCENT)
 HIGHEST   100           800 PM
 LOWEST     64          1200 AM
 AVERAGE    82

..........................................................


THE MUSKEGON MI CLIMATE NORMALS FOR TODAY
                         NORMAL    RECORD    YEAR
 MAXIMUM TEMPERATURE (F)   34        62      2017
 MINIMUM TEMPERATURE (F)   22       -13      1904


SUNRISE AND SUNSET
FEBRUARY 20 2018......SUNRISE   735 AM EST   SUNSET   623 PM EST
FEBRUARY 21 2018......SUNRISE   734 AM EST   SUNSET   624 PM EST


-  INDICATES NEGATIVE NUMBERS.
R  INDICATES RECORD WAS SET OR TIED.
MM INDICATES DATA IS MISSING.
T  INDICATES TRACE AMOUNT.




$$
