000
CDUS43 KGRR 230523
CLIMKG


CLIMATE REPORT
NATIONAL WEATHER SERVICE GRAND RAPIDS, MI
1222 AM EST THU NOV 23 2017


...................................

...THE MUSKEGON MI CLIMATE SUMMARY FOR NOVEMBER 22 2017...

CLIMATE NORMAL PERIOD 1981 TO 2010
CLIMATE RECORD PERIOD 1896 TO 2017


WEATHER ITEM   OBSERVED TIME   RECORD YEAR NORMAL DEPARTURE LAST
                VALUE   (LST)  VALUE       VALUE  FROM      YEAR
                                                  NORMAL
..................................................................
TEMPERATURE (F)
 YESTERDAY
  MAXIMUM         37   1152 PM  67    1934  44     -7       40
  MINIMUM         30    636 PM  14    1971  32     -2       22
  AVERAGE         34                        38     -4       31

PRECIPITATION (IN)
  YESTERDAY        0.00          1.20 1909   0.12  -0.12     0.00
  MONTH TO DATE    2.46                      2.51  -0.05     0.63
  SINCE SEP 1     12.53                      9.51   3.02    10.33
  SINCE JAN 1     33.69                     30.09   3.60    35.48

SNOWFALL (IN)
  YESTERDAY        0.0           6.0  1909   0.3   -0.3      0.0
  MONTH TO DATE    T                         3.1   -3.1      1.0
  SINCE SEP 1      T                         3.3   -3.3      1.0
  SINCE JUL 1      T                         3.3   -3.3      1.0
  SNOW DEPTH       0

DEGREE DAYS
 HEATING
  YESTERDAY       31                        27      4       34
  MONTH TO DATE  572                       513     59      382
  SINCE SEP 1    958                      1106   -148      725
  SINCE JUL 1    971                      1136   -165      734

 COOLING
  YESTERDAY        0                         0      0        0
  MONTH TO DATE    0                         0      0        0
  SINCE SEP 1    121                        59     62      110
  SINCE JAN 1    615                       566     49      774
..................................................................


WIND (MPH)
  RESULTANT WIND SPEED   3   RESULTANT WIND DIRECTION  NW (310)
  HIGHEST WIND SPEED    20   HIGHEST WIND DIRECTION     N (360)
  HIGHEST GUST SPEED    27   HIGHEST GUST DIRECTION     N (360)
  AVERAGE WIND SPEED     7.5


SKY COVER
  AVERAGE SKY COVER 1.0


WEATHER CONDITIONS
 THE FOLLOWING WEATHER WAS RECORDED YESTERDAY.
  NO SIGNIFICANT WEATHER WAS OBSERVED.


RELATIVE HUMIDITY (PERCENT)
 HIGHEST    69           600 PM
 LOWEST     51          1100 AM
 AVERAGE    60

..........................................................


THE MUSKEGON MI CLIMATE NORMALS FOR TODAY
                         NORMAL    RECORD    YEAR
 MAXIMUM TEMPERATURE (F)   43        67      1999
 MINIMUM TEMPERATURE (F)   32         4      1956


SUNRISE AND SUNSET
NOVEMBER 23 2017......SUNRISE   748 AM EST   SUNSET   514 PM EST
NOVEMBER 24 2017......SUNRISE   749 AM EST   SUNSET   514 PM EST


-  INDICATES NEGATIVE NUMBERS.
R  INDICATES RECORD WAS SET OR TIED.
MM INDICATES DATA IS MISSING.
T  INDICATES TRACE AMOUNT.




$$
