904
CDUS43 KGRR 270537
CLIMKG


CLIMATE REPORT
NATIONAL WEATHER SERVICE GRAND RAPIDS, MI
137 AM EDT TUE SEP 27 2016


...................................

...THE MUSKEGON MI CLIMATE SUMMARY FOR SEPTEMBER 26 2016...

CLIMATE NORMAL PERIOD 1981 TO 2010
CLIMATE RECORD PERIOD 1896 TO 2016


WEATHER ITEM   OBSERVED TIME   RECORD YEAR NORMAL DEPARTURE LAST
                VALUE   (LST)  VALUE       VALUE  FROM      YEAR
                                                  NORMAL
..................................................................
TEMPERATURE (F)
 YESTERDAY
  MAXIMUM         69   1223 AM  86    1920  67      2       77
  MINIMUM         58    739 PM  28    1947  49      9       58
  AVERAGE         64                        58      6       68

PRECIPITATION (IN)
  YESTERDAY        0.08          1.55 1915   0.13  -0.05     0.00
  MONTH TO DATE    5.38                      3.39   1.99     2.34
  SINCE SEP 1      5.38                      3.39   1.99     2.34
  SINCE JAN 1     30.53                     23.97   6.56    25.47

SNOWFALL (IN)
  YESTERDAY        0.0          MM      MM   0.0    0.0      0.0
  MONTH TO DATE    0.0                       0.0    0.0      0.0
  SINCE SEP 1      0.0                       0.0    0.0      0.0
  SINCE JUL 1      0.0                       0.0    0.0      0.0
  SNOW DEPTH       0

DEGREE DAYS
 HEATING
  YESTERDAY        1                         8     -7        0
  MONTH TO DATE    8                       108   -100       39
  SINCE SEP 1      8                       108   -100       39
  SINCE JUL 1     17                       138   -121       71

 COOLING
  YESTERDAY        0                         1     -1        3
  MONTH TO DATE  101                        53     48      111
  SINCE SEP 1    101                        53     48      111
  SINCE JAN 1    765                       560    205      565
..................................................................


WIND (MPH)
  RESULTANT WIND SPEED  16   RESULTANT WIND DIRECTION   W (270)
  HIGHEST WIND SPEED    30   HIGHEST WIND DIRECTION    NW (310)
  HIGHEST GUST SPEED    41   HIGHEST GUST DIRECTION     N (340)
  AVERAGE WIND SPEED    15.5


SKY COVER
  AVERAGE SKY COVER 0.8


WEATHER CONDITIONS
 THE FOLLOWING WEATHER WAS RECORDED YESTERDAY.
  THUNDERSTORM
  LIGHT RAIN
  FOG


RELATIVE HUMIDITY (PERCENT)
 HIGHEST    90          1200 AM
 LOWEST     37           500 PM
 AVERAGE    64

..........................................................


THE MUSKEGON MI CLIMATE NORMALS FOR TODAY
                         NORMAL    RECORD    YEAR
 MAXIMUM TEMPERATURE (F)   67        81      1946
 MINIMUM TEMPERATURE (F)   48        27      1989


SUNRISE AND SUNSET
SEPTEMBER 27 2016.....SUNRISE   738 AM EDT   SUNSET   732 PM EDT
SEPTEMBER 28 2016.....SUNRISE   739 AM EDT   SUNSET   731 PM EDT


-  INDICATES NEGATIVE NUMBERS.
R  INDICATES RECORD WAS SET OR TIED.
MM INDICATES DATA IS MISSING.
T  INDICATES TRACE AMOUNT.




$$
