000
CDUS43 KGRR 261354
CLIMKG


CLIMATE REPORT
NATIONAL WEATHER SERVICE GRAND RAPIDS, MI
954 AM EDT FRI MAY 26 2017


...................................

...THE MUSKEGON MI CLIMATE SUMMARY FOR MAY 26 2017...
VALID AS OF 0900 AM LOCAL TIME.

CLIMATE NORMAL PERIOD 1981 TO 2010
CLIMATE RECORD PERIOD 1896 TO 2017


WEATHER ITEM   OBSERVED TIME   RECORD YEAR NORMAL DEPARTURE LAST
                VALUE   (LST)  VALUE       VALUE  FROM      YEAR
                                                  NORMAL
..................................................................
TEMPERATURE (F)
 TODAY
  MAXIMUM         59    758 AM  87    2010  70    -11       79
  MINIMUM         47    308 AM  30    1961  50     -3       64
  AVERAGE         53                        60     -7       72

PRECIPITATION (IN)
  TODAY            0.00          0.94 1932   0.10  -0.10     0.01
  MONTH TO DATE    1.46                      2.75  -1.29     2.25
  SINCE MAR 1      8.74                      7.91   0.83     9.59
  SINCE JAN 1     14.44                     11.77   2.67    13.80

SNOWFALL (IN)
  TODAY            0.0           T    1961   0.0    0.0      0.0
  MONTH TO DATE    0.0                       0.0    0.0      0.0
  SINCE MAR 1      4.5                      11.3   -6.8      7.3
  SINCE JUL 1     49.0                      93.7  -44.7     61.8
  SNOW DEPTH       0

DEGREE DAYS
 HEATING
  TODAY           12                         6      6        0
  MONTH TO DATE  265                       249     16      255
  SINCE MAR 1   1592                      1735   -143     1599
  SINCE JUL 1   5457                      6467  -1010     5619

 COOLING
  TODAY            0                         1     -1        7
  MONTH TO DATE   17                        18     -1       18
  SINCE MAR 1     22                        22      0       18
  SINCE JAN 1     22                        22      0       18
..................................................................


WIND (MPH)
  RESULTANT WIND SPEED   4   RESULTANT WIND DIRECTION  NW (320)
  HIGHEST WIND SPEED     8   HIGHEST WIND DIRECTION     N (360)
  HIGHEST GUST SPEED    10   HIGHEST GUST DIRECTION    NE (30)
  AVERAGE WIND SPEED     4.5


SKY COVER
  AVERAGE SKY COVER 0.1


WEATHER CONDITIONS
 THE FOLLOWING WEATHER WAS RECORDED TODAY.
  FOG


RELATIVE HUMIDITY (PERCENT)
 HIGHEST    96           100 AM
 LOWEST     80           800 AM
 AVERAGE    88

..........................................................


THE MUSKEGON MI CLIMATE NORMALS FOR TOMORROW
                         NORMAL    RECORD    YEAR
 MAXIMUM TEMPERATURE (F)   70        86      2012
 MINIMUM TEMPERATURE (F)   50        27      1961


SUNRISE AND SUNSET
MAY 26 2017...........SUNRISE   611 AM EDT   SUNSET   913 PM EDT
MAY 27 2017...........SUNRISE   611 AM EDT   SUNSET   914 PM EDT


-  INDICATES NEGATIVE NUMBERS.
R  INDICATES RECORD WAS SET OR TIED.
MM INDICATES DATA IS MISSING.
T  INDICATES TRACE AMOUNT.




$$
