000
CDUS43 KGRR 252127
CLIMKG


CLIMATE REPORT
NATIONAL WEATHER SERVICE GRAND RAPIDS, MI
527 PM EDT WED MAR 25 2015


...................................

...THE MUSKEGON MI CLIMATE SUMMARY FOR MARCH 25 2015...
VALID TODAY AS OF 0500 PM LOCAL TIME.

CLIMATE NORMAL PERIOD 1981 TO 2010
CLIMATE RECORD PERIOD 1896 TO 2015


WEATHER ITEM   OBSERVED TIME   RECORD YEAR NORMAL DEPARTURE LAST
                VALUE   (LST)  VALUE       VALUE  FROM      YEAR
                                                  NORMAL
..................................................................
TEMPERATURE (F)
 TODAY
  MAXIMUM         41   1238 PM  76    2007  47     -6       31
                                      1945
  MINIMUM         34    602 AM   1    1971  30      4       19
  AVERAGE         38                        38      0       25

PRECIPITATION (IN)
  TODAY            0.45          1.10 1954   0.07   0.38     0.02
  MONTH TO DATE    0.91                      1.78  -0.87     0.67
  SINCE MAR 1      0.91                      1.78  -0.87     0.67
  SINCE JAN 1      4.20                      5.64  -1.44     5.80

SNOWFALL (IN)
  TODAY            0.0           6.0  1930   0.2   -0.2      0.4
  MONTH TO DATE    4.0                       7.9   -3.9      7.5
  SINCE MAR 1      4.0                       7.9   -3.9      7.5
  SINCE JUL 1     92.1                      90.3    1.8    131.1
  SNOW DEPTH       0

DEGREE DAYS
 HEATING
  TODAY           27                        27      0       40
  MONTH TO DATE  810                       777     33     1021
  SINCE MAR 1    810                       777     33     1021
  SINCE JUL 1   5935                      5509    426     6161

 COOLING
  TODAY            0                         0      0        0
  MONTH TO DATE    0                         0      0        0
  SINCE MAR 1      0                         0      0        0
  SINCE JAN 1      0                         0      0        0
..................................................................


WIND (MPH)
  RESULTANT WIND SPEED   7   RESULTANT WIND DIRECTION   S (190)
  HIGHEST WIND SPEED    22   HIGHEST WIND DIRECTION    SW (220)
  HIGHEST GUST SPEED    31   HIGHEST GUST DIRECTION     E (110)
  AVERAGE WIND SPEED    15.5


SKY COVER
  AVERAGE SKY COVER 0.9


WEATHER CONDITIONS
 THE FOLLOWING WEATHER WAS RECORDED TODAY.
  RAIN
  LIGHT RAIN
  FREEZING RAIN
  LT FREEZING RAIN
  FOG
  FOG W/VISIBILITY <= 1/4 MILE


RELATIVE HUMIDITY (PERCENT)
 HIGHEST    92           700 AM
 LOWEST     32          1200 AM
 AVERAGE    62

..........................................................


THE MUSKEGON MI CLIMATE NORMALS FOR TOMORROW
                         NORMAL    RECORD    YEAR
 MAXIMUM TEMPERATURE (F)   47        72      1989
                                             1976
 MINIMUM TEMPERATURE (F)   30         4      1996


SUNRISE AND SUNSET
MARCH 25 2015.........SUNRISE   740 AM EDT   SUNSET   803 PM EDT
MARCH 26 2015.........SUNRISE   738 AM EDT   SUNSET   804 PM EDT


-  INDICATES NEGATIVE NUMBERS.
R  INDICATES RECORD WAS SET OR TIED.
MM INDICATES DATA IS MISSING.
T  INDICATES TRACE AMOUNT.




$$
