000
CDUS43 KMPX 270632
CLIMSP


CLIMATE REPORT
NATIONAL WEATHER SERVICE CHANHASSEN MN
131 AM CDT WED MAY 27 2015


...................................

...THE TWIN CITIES MN CLIMATE SUMMARY FOR MAY 26 2015...

CLIMATE NORMAL PERIOD 1981 TO 2010
CLIMATE RECORD PERIOD 1871 TO 2015


WEATHER ITEM   OBSERVED TIME   RECORD YEAR NORMAL DEPARTURE LAST
                VALUE   (LST)  VALUE       VALUE  FROM      YEAR
                                                  NORMAL
..................................................................
TEMPERATURE (F)
 YESTERDAY
  MAXIMUM         63   1242 AM  96    1978  72     -9       82
  MINIMUM         57   1137 PM  34    1992  52      5       66
  AVERAGE         60                        62     -2       74

PRECIPITATION (IN)
  YESTERDAY        0.59          1.60 1873   0.11   0.48     0.01
  MONTH TO DATE    3.01                      2.82   0.19     3.89
  SINCE MAR 1      6.10                      7.37  -1.27    10.98
  SINCE JAN 1      6.79                      9.04  -2.25    13.81

SNOWFALL (IN)
  YESTERDAY        0.0           T    1951   0.0    0.0      0.0
  MONTH TO DATE    0.0                       0.0    0.0      0.0
  SINCE MAR 1      7.1                      12.7   -5.6     11.7
  SINCE JUL 1     32.4                      54.4  -22.0     69.8
  SNOW DEPTH       0

DEGREE DAYS
 HEATING
  YESTERDAY        5                         5      0        0
  MONTH TO DATE  177                       198    -21      244
  SINCE MAR 1   1534                      1726   -192     2123
  SINCE JUL 1   7499                      7516    -17     8576

 COOLING
  YESTERDAY        0                         2     -2        9
  MONTH TO DATE   14                        28    -14       16
  SINCE MAR 1     14                        33    -19       16
  SINCE JAN 1     14                        33    -19       16
..................................................................


WIND (MPH)
  HIGHEST WIND SPEED    12   HIGHEST WIND DIRECTION     N (360)
  HIGHEST GUST SPEED    20   HIGHEST GUST DIRECTION     N (20)
  AVERAGE WIND SPEED     6.2


SKY COVER
  POSSIBLE SUNSHINE  MM
  AVERAGE SKY COVER 0.9


WEATHER CONDITIONS
 THE FOLLOWING WEATHER WAS RECORDED YESTERDAY.
  RAIN
  LIGHT RAIN
  FOG


RELATIVE HUMIDITY (PERCENT)
 HIGHEST   100           100 PM
 LOWEST     84          1200 AM
 AVERAGE    92

..........................................................


THE TWIN CITIES MN CLIMATE NORMALS FOR TODAY
                         NORMAL    RECORD    YEAR
 MAXIMUM TEMPERATURE (F)   73        95      1969
 MINIMUM TEMPERATURE (F)   52        34      1907


SUNRISE AND SUNSET
MAY 27 2015...........SUNRISE   533 AM CDT   SUNSET   847 PM CDT
MAY 28 2015...........SUNRISE   532 AM CDT   SUNSET   848 PM CDT


-  INDICATES NEGATIVE NUMBERS.
R  INDICATES RECORD WAS SET OR TIED.
MM INDICATES DATA IS MISSING.
T  INDICATES TRACE AMOUNT.




$$
