000
CDUS43 KMPX 092141
CLIMSP


CLIMATE REPORT
NATIONAL WEATHER SERVICE CHANHASSEN MN
441 PM CDT SAT SEP 9 2017


...................................

...THE TWIN CITIES MN CLIMATE SUMMARY FOR SEPTEMBER 9 2017...
VALID TODAY AS OF 0400 PM LOCAL TIME.

CLIMATE NORMAL PERIOD 1981 TO 2010
CLIMATE RECORD PERIOD 1871 TO 2017


WEATHER ITEM   OBSERVED TIME   RECORD YEAR NORMAL DEPARTURE LAST
                VALUE   (LST)  VALUE       VALUE  FROM      YEAR
                                                  NORMAL
..................................................................
TEMPERATURE (F)
 TODAY
  MAXIMUM         76    242 PM  95    1947  75      1       74
  MINIMUM         53    418 AM  38    1883  56     -3       62
  AVERAGE         65                        65      0       68

PRECIPITATION (IN)
  TODAY            0.00          1.79 1900   0.11  -0.11     0.23
  MONTH TO DATE    0.07                      0.98  -0.91     1.66
  SINCE SEP 1      0.07                      0.98  -0.91     1.66
  SINCE JAN 1     25.72                     23.15   2.57    27.98

SNOWFALL (IN)
  TODAY            0.0           0.0    MM   0.0    0.0      0.0
  MONTH TO DATE    0.0                       0.0    0.0      0.0
  SINCE SEP 1      0.0                       0.0    0.0      0.0
  SINCE JUL 1      0.0                       0.0    0.0      0.0
  SNOW DEPTH       0

DEGREE DAYS
 HEATING
  TODAY            0                         3     -3        0
  MONTH TO DATE   22                        20      2        0
  SINCE SEP 1     22                        20      2        0
  SINCE JUL 1     29                        39    -10        3

 COOLING
  TODAY            0                         3     -3        3
  MONTH TO DATE   17                        33    -16       50
  SINCE SEP 1     17                        33    -16       50
  SINCE JAN 1    705                       714     -9      921
..................................................................


WIND (MPH)
  HIGHEST WIND SPEED    18   HIGHEST WIND DIRECTION    SE (130)
  HIGHEST GUST SPEED    25   HIGHEST GUST DIRECTION    SE (140)
  AVERAGE WIND SPEED    12.7


SKY COVER
  POSSIBLE SUNSHINE  MM
  AVERAGE SKY COVER 0.1


WEATHER CONDITIONS
 THE FOLLOWING WEATHER WAS RECORDED TODAY.
  NO SIGNIFICANT WEATHER WAS OBSERVED.


RELATIVE HUMIDITY (PERCENT)
 HIGHEST    83           400 AM
 LOWEST     57          1200 PM
 AVERAGE    70

..........................................................


THE TWIN CITIES MN CLIMATE NORMALS FOR TOMORROW
                         NORMAL    RECORD    YEAR
 MAXIMUM TEMPERATURE (F)   74       104      1931
 MINIMUM TEMPERATURE (F)   55        37      1917


SUNRISE AND SUNSET
SEPTEMBER  9 2017.....SUNRISE   645 AM CDT   SUNSET   734 PM CDT
SEPTEMBER 10 2017.....SUNRISE   646 AM CDT   SUNSET   733 PM CDT


-  INDICATES NEGATIVE NUMBERS.
R  INDICATES RECORD WAS SET OR TIED.
MM INDICATES DATA IS MISSING.
T  INDICATES TRACE AMOUNT.




$$
