000
CDUS43 KMPX 190029
CLIMSP


CLIMATE REPORT
NATIONAL WEATHER SERVICE CHANHASSEN MN
729 PM CDT FRI JUL 18 2014


...................................

...THE TWIN CITIES MN CLIMATE SUMMARY FOR JULY 18 2014...
VALID TODAY AS OF 0700 PM LOCAL TIME.

CLIMATE NORMAL PERIOD 1981 TO 2010
CLIMATE RECORD PERIOD 1871 TO 2014


WEATHER ITEM   OBSERVED TIME   RECORD YEAR NORMAL DEPARTURE LAST
                VALUE   (LST)  VALUE       VALUE  FROM      YEAR
                                                  NORMAL
..................................................................
TEMPERATURE (F)
 TODAY
  MAXIMUM         79    230 PM 101    1940  84     -5       94
  MINIMUM         60    533 AM  49    1873  64     -4       80
  AVERAGE         70                        74     -4       87

PRECIPITATION (IN)
  TODAY            0.00          2.94 1895   0.12  -0.12     0.00
  MONTH TO DATE    1.82                      2.30  -0.48     3.16
  SINCE JUN 1     13.18                      6.55   6.63     8.33
  SINCE JAN 1     27.65                     16.13  11.52    24.02

SNOWFALL (IN)
  TODAY            0.0           0.0    MM   0.0    0.0      0.0
  MONTH TO DATE    0.0                       0.0    0.0      0.0
  SINCE JUN 1      0.0                       0.0    0.0       T
  SINCE JUL 1      0.0                       0.0    0.0      0.0
  SNOW DEPTH       0

DEGREE DAYS
 HEATING
  TODAY            0                         0      0        0
  MONTH TO DATE    7                         0      7        0
  SINCE JUN 1     28                        44    -16       42
  SINCE JUL 1      7                         0      7        0

 COOLING
  TODAY            5                         9     -4       22
  MONTH TO DATE   93                       160    -67      247
  SINCE JUN 1    255                       318    -63      411
  SINCE JAN 1    307                       360    -53      464
..................................................................


WIND (MPH)
  HIGHEST WIND SPEED    23   HIGHEST WIND DIRECTION     S (170)
  HIGHEST GUST SPEED    29   HIGHEST GUST DIRECTION     S (160)
  AVERAGE WIND SPEED    10.2


SKY COVER
  POSSIBLE SUNSHINE  MM
  AVERAGE SKY COVER 0.4


WEATHER CONDITIONS
 THE FOLLOWING WEATHER WAS RECORDED TODAY.
  NO SIGNIFICANT WEATHER WAS OBSERVED.


RELATIVE HUMIDITY (PERCENT)
 HIGHEST    84           500 AM
 LOWEST     48           300 PM
 AVERAGE    66

..........................................................


THE TWIN CITIES MN CLIMATE NORMALS FOR TOMORROW
                         NORMAL    RECORD    YEAR
 MAXIMUM TEMPERATURE (F)   84       100      1977
                                             1940
 MINIMUM TEMPERATURE (F)   64        46      1873


SUNRISE AND SUNSET
JULY 18 2014..........SUNRISE   544 AM CDT   SUNSET   854 PM CDT
JULY 19 2014..........SUNRISE   545 AM CDT   SUNSET   853 PM CDT


-  INDICATES NEGATIVE NUMBERS.
R  INDICATES RECORD WAS SET OR TIED.
MM INDICATES DATA IS MISSING.
T  INDICATES TRACE AMOUNT.




$$
