000
CDUS43 KMPX 190053
CLIMSP


CLIMATE REPORT
NATIONAL WEATHER SERVICE CHANHASSEN MN
753 PM CDT WED MAY 18 2016


...................................

...THE TWIN CITIES MN CLIMATE SUMMARY FOR MAY 18 2016...
VALID TODAY AS OF 0700 PM LOCAL TIME.

CLIMATE NORMAL PERIOD 1981 TO 2010
CLIMATE RECORD PERIOD 1871 TO 2016


WEATHER ITEM   OBSERVED TIME   RECORD YEAR NORMAL DEPARTURE LAST
                VALUE   (LST)  VALUE       VALUE  FROM      YEAR
                                                  NORMAL
..................................................................
TEMPERATURE (F)
 TODAY
  MAXIMUM         70    500 PM  93    2012  70      0       48
  MINIMUM         43    452 AM  27    1915  50     -7       40
  AVERAGE         57                        60     -3       44

PRECIPITATION (IN)
  TODAY            0.00          1.57 1892   0.10  -0.10      T
  MONTH TO DATE    1.25                      1.95  -0.70     1.74
  SINCE MAR 1      6.35                      6.50  -0.15     4.83
  SINCE JAN 1      7.75                      8.17  -0.42     5.52

SNOWFALL (IN)
  TODAY            0.0           2.0  1915   0.0    0.0      0.0
  MONTH TO DATE    0.0                       0.0    0.0      0.0
  SINCE MAR 1      5.9                      12.7   -6.8      7.1
  SINCE JUL 1     36.7                      54.4  -17.7     32.4
  SNOW DEPTH       0

DEGREE DAYS
 HEATING
  TODAY            8                         6      2       21
  MONTH TO DATE  171                       154     17      125
  SINCE MAR 1   1408                      1682   -274     1482
  SINCE JUL 1   6273                      7472  -1199     7447

 COOLING
  TODAY            0                         1     -1        0
  MONTH TO DATE   11                        16     -5       14
  SINCE MAR 1     19                        21     -2       14
  SINCE JAN 1     19                        21     -2       14
..................................................................


WIND (MPH)
  HIGHEST WIND SPEED     9   HIGHEST WIND DIRECTION    SE (140)
  HIGHEST GUST SPEED    14   HIGHEST GUST DIRECTION     S (160)
  AVERAGE WIND SPEED     1.7


SKY COVER
  POSSIBLE SUNSHINE  MM
  AVERAGE SKY COVER 0.1


WEATHER CONDITIONS
 THE FOLLOWING WEATHER WAS RECORDED TODAY.
  FOG


RELATIVE HUMIDITY (PERCENT)
 HIGHEST    83           300 AM
 LOWEST     22           500 PM
 AVERAGE    53

..........................................................


THE TWIN CITIES MN CLIMATE NORMALS FOR TOMORROW
                         NORMAL    RECORD    YEAR
 MAXIMUM TEMPERATURE (F)   70        97      2009
 MINIMUM TEMPERATURE (F)   50        33      1961


SUNRISE AND SUNSET
MAY 18 2016...........SUNRISE   540 AM CDT   SUNSET   839 PM CDT
MAY 19 2016...........SUNRISE   539 AM CDT   SUNSET   840 PM CDT


-  INDICATES NEGATIVE NUMBERS.
R  INDICATES RECORD WAS SET OR TIED.
MM INDICATES DATA IS MISSING.
T  INDICATES TRACE AMOUNT.




$$
