478
CDUS43 KMQT 212111
CLIMQT


CLIMATE REPORT
NATIONAL WEATHER SERVICE MARQUETTE MI
511 PM EDT FRI JUL 21 2017


...................................

...THE MARQUETTE MI CLIMATE SUMMARY FOR JULY 21 2017...
VALID TODAY AS OF 0500 PM LOCAL TIME.

CLIMATE NORMAL PERIOD 1981 TO 2010
CLIMATE RECORD PERIOD 1961 TO 2017


WEATHER ITEM   OBSERVED RECORD YEAR NORMAL DEPARTURE LAST
                VALUE   VALUE       VALUE  FROM      YEAR
                                           NORMAL
...........................................................
TEMPERATURE (F)
 TODAY
  MAXIMUM         80     91    2002  77      3       89
  MINIMUM         56     37    1992  55      1       66
  AVERAGE         68                 66      2       78

PRECIPITATION (IN)
  TODAY            0.00   1.07 2002   0.09  -0.09     0.21
  MONTH TO DATE    1.61               1.89  -0.28     3.01
  SINCE JUN 1      7.58               4.73   2.85     6.55
  SINCE JAN 1     22.42              18.37   4.05    22.76

SNOWFALL (IN)
  TODAY            0.0   MM      MM   0.0    0.0      0.0
  MONTH TO DATE    T                  0.0    0.0       T
  SINCE JUN 1      T                  0.0    0.0       T
  SINCE JUL 1      T                  0.0    0.0       T
  SNOW DEPTH       0

DEGREE DAYS
 HEATING
  TODAY            0                  2     -2        0
  MONTH TO DATE   61                 54      7       47
  SINCE JUN 1    202                236    -34      229
  SINCE JUL 1     61                 54      7       47

 COOLING
  TODAY            3                  3      0       13
  MONTH TO DATE   29                 63    -34       58
  SINCE JUN 1     50                111    -61       99
  SINCE JAN 1     50                123    -73      110
...........................................................


WIND (MPH)
  HIGHEST WIND SPEED    MM   HIGHEST WIND DIRECTION    MM
  HIGHEST GUST SPEED    12   HIGHEST GUST DIRECTION    NE (45)
  AVERAGE WIND SPEED    MM


SKY COVER
  POSSIBLE SUNSHINE  MM
  AVERAGE SKY COVER  MM


WEATHER CONDITIONS
 THE FOLLOWING WEATHER WAS RECORDED TODAY.
  NO SIGNIFICANT WEATHER WAS OBSERVED.


RELATIVE HUMIDITY (PERCENT)
 HIGHEST    MM
 LOWEST     MM
 AVERAGE    MM

..........................................................


THE MARQUETTE MI CLIMATE NORMALS FOR TOMORROW
                         NORMAL    RECORD    YEAR
 MAXIMUM TEMPERATURE (F)   77        90      1999
 MINIMUM TEMPERATURE (F)   55        40      1981


SUNRISE AND SUNSET
JULY 21 2017..........SUNRISE   619 AM EDT   SUNSET   934 PM EDT
JULY 22 2017..........SUNRISE   620 AM EDT   SUNSET   933 PM EDT


-  INDICATES NEGATIVE NUMBERS.
R  INDICATES RECORD WAS SET OR TIED.
MM INDICATES DATA IS MISSING.
T  INDICATES TRACE AMOUNT.




$$
