000
CDUS43 KMQT 150553
CLIMQT


CLIMATE REPORT
NATIONAL WEATHER SERVICE MARQUETTE MI
151 AM EDT TUE APR 15 2014


...................................

...THE MARQUETTE MI CLIMATE SUMMARY FOR APRIL 14 2014...

CLIMATE NORMAL PERIOD 1981 TO 2010
CLIMATE RECORD PERIOD 1961 TO 2014


WEATHER ITEM   OBSERVED RECORD YEAR NORMAL DEPARTURE LAST
                VALUE   VALUE       VALUE  FROM      YEAR
                                           NORMAL
...........................................................
TEMPERATURE (F)
 YESTERDAY
  MAXIMUM         33     83    2003  47    -14       37
  MINIMUM         15      9    2008  27    -12       19
                               1996
  AVERAGE         24                 37    -13       28

PRECIPITATION (IN)
  YESTERDAY        0.77   0.81 1983   0.10   0.67     0.46
  MONTH TO DATE    2.00               1.50   0.50     2.28
  SINCE MAR 1      3.96               4.53  -0.57     5.57
  SINCE JAN 1      7.48               9.08  -1.60    11.12

SNOWFALL (IN)
  YESTERDAY        6.0 R  2.3  2013   0.5    5.5      2.3
  MONTH TO DATE   16.7                9.3    7.4     17.5
  SINCE MAR 1     46.7               44.2    2.5     66.3
  SINCE JUL 1    176.2              196.6  -20.4    200.1
  SNOW DEPTH      20

DEGREE DAYS
 HEATING
  YESTERDAY       41                 28     13       37
  MONTH TO DATE  442                434      8      534
  SINCE MAR 1   1965               1697    268     1884
  SINCE JUL 1   9287               8321    966     8194

 COOLING
  YESTERDAY        0                  0      0        0
  MONTH TO DATE    0                  0      0        0
  SINCE MAR 1      0                  0      0        0
  SINCE JAN 1      0                  0      0        0
...........................................................


WIND (MPH)
  RESULTANT WIND SPEED  MM   RESULTANT WIND DIRECTION  MM
  HIGHEST WIND SPEED    MM   HIGHEST WIND DIRECTION    MM
  HIGHEST GUST SPEED    MM   HIGHEST GUST DIRECTION    MM
  AVERAGE WIND SPEED    MM


SKY COVER
  POSSIBLE SUNSHINE  MM
  AVERAGE SKY COVER  MM


WEATHER CONDITIONS
 THE FOLLOWING WEATHER WAS RECORDED YESTERDAY.
  LIGHT SNOW
  BLOWING SNOW


RELATIVE HUMIDITY (PERCENT)
 HIGHEST    MM
 LOWEST     MM
 AVERAGE    MM

..........................................................


THE MARQUETTE MI CLIMATE NORMALS FOR TODAY
                         NORMAL    RECORD    YEAR
 MAXIMUM TEMPERATURE (F)   48        76      2002
 MINIMUM TEMPERATURE (F)   28        16      1964


SUNRISE AND SUNSET
APRIL 15 2014.........SUNRISE   703 AM EDT   SUNSET   838 PM EDT
APRIL 16 2014.........SUNRISE   701 AM EDT   SUNSET   839 PM EDT


-  INDICATES NEGATIVE NUMBERS.
R  INDICATES RECORD WAS SET OR TIED.
MM INDICATES DATA IS MISSING.
T  INDICATES TRACE AMOUNT.




$$
