137
CDUS43 KMQT 290511
CLIMQT

CLIMATE REPORT
NATIONAL WEATHER SERVICE MARQUETTE MI
111 AM EDT THU SEP 29 2016


...................................

...THE MARQUETTE MI CLIMATE SUMMARY FOR SEPTEMBER 28 2016...

CLIMATE NORMAL PERIOD 1981 TO 2010
CLIMATE RECORD PERIOD 1961 TO 2016


WEATHER ITEM   OBSERVED RECORD YEAR NORMAL DEPARTURE LAST
                VALUE   VALUE       VALUE  FROM      YEAR
                                           NORMAL
...........................................................
TEMPERATURE (F)
 YESTERDAY
  MAXIMUM         58     79    2014  60     -2       69
  MINIMUM         48     24    1991  41      7       50
  AVERAGE         53                 51      2       60

PRECIPITATION (IN)
  YESTERDAY        0.49   1.28 2009   0.14   0.35     0.08
  MONTH TO DATE    5.47               3.46   2.01     1.60
  SINCE SEP 1      5.47               3.46   2.01     1.60
  SINCE JAN 1     33.24              25.83   7.41    19.81

SNOWFALL (IN)
  YESTERDAY        0.0    0.1  1967   0.0    0.0      0.0
  MONTH TO DATE    0.0                0.0    0.0      0.0
  SINCE SEP 1      0.0                0.0    0.0      0.0
  SINCE JUL 1      T                  0.0    0.0      0.0
  SNOW DEPTH       0

DEGREE DAYS
 HEATING
  YESTERDAY       12                 15     -3        5
  MONTH TO DATE  143                267   -124      120
  SINCE SEP 1    143                267   -124      120
  SINCE JUL 1    243                452   -209      288

 COOLING
  YESTERDAY        0                  0      0        0
  MONTH TO DATE   10                 21    -11       65
  SINCE SEP 1     10                 21    -11       65
  SINCE JAN 1    246                241      5      247
...........................................................


WIND (MPH)
  RESULTANT WIND SPEED  MM   RESULTANT WIND DIRECTION  MM
  HIGHEST WIND SPEED    MM   HIGHEST WIND DIRECTION    MM
  HIGHEST GUST SPEED    16   HIGHEST GUST DIRECTION    NE (45)
  AVERAGE WIND SPEED    MM


SKY COVER
  POSSIBLE SUNSHINE  MM
  AVERAGE SKY COVER  MM


WEATHER CONDITIONS
 THE FOLLOWING WEATHER WAS RECORDED YESTERDAY.
  RAIN
  LIGHT RAIN
  FOG


RELATIVE HUMIDITY (PERCENT)
 HIGHEST    MM
 LOWEST     MM
 AVERAGE    MM

..........................................................


THE MARQUETTE MI CLIMATE NORMALS FOR TODAY
                         NORMAL    RECORD    YEAR
 MAXIMUM TEMPERATURE (F)   60        77      1983
 MINIMUM TEMPERATURE (F)   41        28      1993
                                             1984


SUNRISE AND SUNSET
SEPTEMBER 29 2016.....SUNRISE   747 AM EDT   SUNSET   733 PM EDT
SEPTEMBER 30 2016.....SUNRISE   748 AM EDT   SUNSET   731 PM EDT


-  INDICATES NEGATIVE NUMBERS.
R  INDICATES RECORD WAS SET OR TIED.
MM INDICATES DATA IS MISSING.
T  INDICATES TRACE AMOUNT.




$$
