274
CDUS43 KMQT 160510
CLIMQT


CLIMATE REPORT
NATIONAL WEATHER SERVICE MARQUETTE MI
110 AM EDT WED AUG 16 2017


...................................

...THE MARQUETTE MI CLIMATE SUMMARY FOR AUGUST 15 2017...

CLIMATE NORMAL PERIOD 1981 TO 2010
CLIMATE RECORD PERIOD 1961 TO 2017


WEATHER ITEM   OBSERVED RECORD YEAR NORMAL DEPARTURE LAST
                VALUE   VALUE       VALUE  FROM      YEAR
                                           NORMAL
...........................................................
TEMPERATURE (F)
 YESTERDAY
  MAXIMUM         65     89    2003  75    -10       81
  MINIMUM         49     38    1992  53     -4       50
  AVERAGE         57                 64     -7       66

PRECIPITATION (IN)
  YESTERDAY        0.00   1.67 1978   0.10  -0.10     0.00
  MONTH TO DATE    2.31               1.49   0.82     0.83
  SINCE JUN 1     10.26               7.17   3.09     7.86
  SINCE JAN 1     25.10              20.81   4.29    24.07

SNOWFALL (IN)
  YESTERDAY        0.0   MM      MM   0.0    0.0      0.0
  MONTH TO DATE    0.0                0.0    0.0      0.0
  SINCE JUN 1      T                  0.0    0.0       T
  SINCE JUL 1      T                  0.0    0.0       T
  SNOW DEPTH       0

DEGREE DAYS
 HEATING
  YESTERDAY        8                  3      5        0
  MONTH TO DATE   74                 45     29        6
  SINCE JUN 1    294                306    -12      243
  SINCE JUL 1    153                124     29       61

 COOLING
  YESTERDAY        0                  2     -2        1
  MONTH TO DATE   10                 34    -24       51
  SINCE JUN 1     87                176    -89      194
  SINCE JAN 1     87                188   -101      205
...........................................................

WIND (MPH)
  RESULTANT WIND SPEED  MM   RESULTANT WIND DIRECTION  MM
  HIGHEST WIND SPEED    MM   HIGHEST WIND DIRECTION    MM
  HIGHEST GUST SPEED    15   HIGHEST GUST DIRECTION    NW (315)
  AVERAGE WIND SPEED    MM

SKY COVER
  POSSIBLE SUNSHINE  MM
  AVERAGE SKY COVER  MM

WEATHER CONDITIONS
 THE FOLLOWING WEATHER WAS RECORDED YESTERDAY.
  FOG
  FOG W/VISIBILITY <= 1/4 MILE

RELATIVE HUMIDITY (PERCENT)
 HIGHEST    MM
 LOWEST     MM
 AVERAGE    MM
..........................................................

THE MARQUETTE MI CLIMATE NORMALS FOR TODAY
                         NORMAL    RECORD    YEAR
 MAXIMUM TEMPERATURE (F)   75        90      2015
 MINIMUM TEMPERATURE (F)   53        39      1976


SUNRISE AND SUNSET
AUGUST 16 2017........SUNRISE   650 AM EDT   SUNSET   858 PM EDT
AUGUST 17 2017........SUNRISE   651 AM EDT   SUNSET   856 PM EDT


-  INDICATES NEGATIVE NUMBERS.
R  INDICATES RECORD WAS SET OR TIED.
MM INDICATES DATA IS MISSING.
T  INDICATES TRACE AMOUNT.




$$
