000
CDUS43 KMQT 252213
CLIMQT


CLIMATE REPORT
NATIONAL WEATHER SERVICE MARQUETTE MI
509 PM EST THU DEC 25 2014


...................................

...THE MARQUETTE MI CLIMATE SUMMARY FOR DECEMBER 25 2014...
VALID TODAY AS OF 500 PM LOCAL TIME.

CLIMATE NORMAL PERIOD 1981 TO 2010
CLIMATE RECORD PERIOD 1961 TO 2014


WEATHER ITEM   OBSERVED RECORD YEAR NORMAL DEPARTURE LAST
                VALUE   VALUE       VALUE  FROM      YEAR
                                           NORMAL
...........................................................
TEMPERATURE (F)
 TODAY
  MAXIMUM         32     46    1994  24      8       15
  MINIMUM         28    -24    2004   9     19        5
  AVERAGE         30                 16     14       10

PRECIPITATION (IN)
  TODAY            T      0.43 1982   0.07  -0.07     0.07
  MONTH TO DATE    1.59               2.12  -0.53     2.32
  SINCE DEC 1      1.59               2.12  -0.53     2.32
  SINCE JAN 1     44.14              35.23   8.91    39.50

SNOWFALL (IN)
  TODAY            T     11.7  2004   1.4   -1.4      1.6
  MONTH TO DATE   18.5               34.4  -15.9     43.7
  SINCE DEC 1     18.5               34.4  -15.9     43.7
  SINCE JUL 1     74.7               64.9    9.8     66.2
  SNOW DEPTH      18

DEGREE DAYS
 HEATING
  TODAY           35                 49    -14       55
  MONTH TO DATE 1039               1143   -104     1326
  SINCE DEC 1   1039               1143   -104     1326
  SINCE JUL 1   3569               3345    224     3495

 COOLING
  TODAY            0                  0      0        0
  MONTH TO DATE    0                  0      0        0
  SINCE DEC 1      0                  0      0        0
  SINCE JAN 1    152                242    -90      280
...........................................................


WIND (MPH)
  HIGHEST WIND SPEED    MM   HIGHEST WIND DIRECTION    MM
  HIGHEST GUST SPEED    20   HIGHEST GUST DIRECTION     W (270)
  AVERAGE WIND SPEED    MM


SKY COVER
  POSSIBLE SUNSHINE  MM
  AVERAGE SKY COVER  MM


WEATHER CONDITIONS
 THE FOLLOWING WEATHER WAS RECORDED TODAY.
  LIGHT SNOW


RELATIVE HUMIDITY (PERCENT)
 HIGHEST    MM
 LOWEST     MM
 AVERAGE    MM

..........................................................


THE MARQUETTE MI CLIMATE NORMALS FOR TOMORROW
                         NORMAL    RECORD    YEAR
 MAXIMUM TEMPERATURE (F)   24        45      2003
 MINIMUM TEMPERATURE (F)    8       -18      1990


SUNRISE AND SUNSET
DECEMBER 25 2014......SUNRISE   833 AM EST   SUNSET   508 PM EST
DECEMBER 26 2014......SUNRISE   833 AM EST   SUNSET   508 PM EST


-  INDICATES NEGATIVE NUMBERS.
R  INDICATES RECORD WAS SET OR TIED.
MM INDICATES DATA IS MISSING.
T  INDICATES TRACE AMOUNT.




$$
