000
CDUS43 KMQT 180520
CLIMQT


CLIMATE REPORT
NATIONAL WEATHER SERVICE MARQUETTE MI
1219 AM EST SAT FEB 18 2017


...................................

...THE MARQUETTE MI CLIMATE SUMMARY FOR FEBRUARY 17 2017...

CLIMATE NORMAL PERIOD 1981 TO 2010
CLIMATE RECORD PERIOD 1961 TO 2017


WEATHER ITEM   OBSERVED RECORD YEAR NORMAL DEPARTURE LAST
                VALUE   VALUE       VALUE  FROM      YEAR
                                           NORMAL
...........................................................
TEMPERATURE (F)
 YESTERDAY
  MAXIMUM         46     61    1981  26     20       20
  MINIMUM         21    -34    1979   5     16        0
  AVERAGE         34                 16     18       10

PRECIPITATION (IN)
  YESTERDAY        0.00   0.56 2008   0.07  -0.07     0.01
  MONTH TO DATE    1.22               1.24  -0.02     1.66
  SINCE DEC 1      5.15               6.22  -1.07     8.49
  SINCE JAN 1      2.96               3.65  -0.69     3.62

SNOWFALL (IN)
  YESTERDAY        0.0    9.4  1999   1.3   -1.3      0.3
  MONTH TO DATE   20.0               21.6   -1.6     27.0
  SINCE DEC 1     92.2              107.6  -15.4     83.4
  SINCE JUL 1    106.4              138.1  -31.7     91.3
  SNOW DEPTH      19

DEGREE DAYS
 HEATING
  YESTERDAY       31                 49    -18       55
  MONTH TO DATE  819                861    -42      860
  SINCE DEC 1   3683               3896   -213     3448
  SINCE JUL 1   5308               6098   -790     5280

 COOLING
  YESTERDAY        0                  0      0        0
  MONTH TO DATE    0                  0      0        0
  SINCE DEC 1      0                  0      0        0
  SINCE JAN 1      0                  0      0        0
...........................................................

WIND (MPH)
  RESULTANT WIND SPEED  MM   RESULTANT WIND DIRECTION  MM
  HIGHEST WIND SPEED    MM   HIGHEST WIND DIRECTION    MM
  HIGHEST GUST SPEED    27   HIGHEST GUST DIRECTION    SW (225)
  AVERAGE WIND SPEED    MM

SKY COVER
  POSSIBLE SUNSHINE  MM
  AVERAGE SKY COVER  MM

WEATHER CONDITIONS
 THE FOLLOWING WEATHER WAS RECORDED YESTERDAY.
  NO SIGNIFICANT WEATHER WAS OBSERVED.

RELATIVE HUMIDITY (PERCENT)
 HIGHEST    MM
 LOWEST     MM
 AVERAGE    MM
..........................................................

THE MARQUETTE MI CLIMATE NORMALS FOR TODAY
                         NORMAL    RECORD    YEAR
 MAXIMUM TEMPERATURE (F)   26        52      1997
 MINIMUM TEMPERATURE (F)    6       -21      1996


SUNRISE AND SUNSET
FEBRUARY 18 2017......SUNRISE   748 AM EST   SUNSET   620 PM EST
FEBRUARY 19 2017......SUNRISE   747 AM EST   SUNSET   622 PM EST


-  INDICATES NEGATIVE NUMBERS.
R  INDICATES RECORD WAS SET OR TIED.
MM INDICATES DATA IS MISSING.
T  INDICATES TRACE AMOUNT.




$$
