000
CDUS43 KMQT 090507
CLIMQT


CLIMATE REPORT
NATIONAL WEATHER SERVICE MARQUETTE MI
1208 AM EST THU MAR 9 2017


...................................

...THE MARQUETTE MI CLIMATE SUMMARY FOR MARCH 8 2017...

CLIMATE NORMAL PERIOD 1981 TO 2010
CLIMATE RECORD PERIOD 1961 TO 2017


WEATHER ITEM   OBSERVED RECORD YEAR NORMAL DEPARTURE LAST
                VALUE   VALUE       VALUE  FROM      YEAR
                                           NORMAL
...........................................................
TEMPERATURE (F)
 YESTERDAY
  MAXIMUM         35     71    2000  32      3       51
  MINIMUM         14    -23    1982  10      4       37
  AVERAGE         25                 21      4       44

PRECIPITATION (IN)
  YESTERDAY        0.06   0.95 2002   0.10  -0.04     0.31
  MONTH TO DATE    0.70               0.75  -0.05     0.37
  SINCE MAR 1      0.70               0.75  -0.05     0.37
  SINCE JAN 1      5.28               5.30  -0.02     4.99

SNOWFALL (IN)
  YESTERDAY        1.1    9.1  2002   1.3   -0.2      0.0
  MONTH TO DATE    9.0               10.5   -1.5      2.4
  SINCE MAR 1      9.0               10.5   -1.5      2.4
  SINCE JUL 1    130.1              162.9  -32.8    102.5
  SNOW DEPTH       7

DEGREE DAYS
 HEATING
  YESTERDAY       40                 44     -4       21
  MONTH TO DATE  338                360    -22      335
  SINCE MAR 1    338                360    -22      335
  SINCE JUL 1   6022               6984   -962     6102

 COOLING
  YESTERDAY        0                  0      0        0
  MONTH TO DATE    0                  0      0        0
  SINCE MAR 1      0                  0      0        0
  SINCE JAN 1      0                  0      0        0
...........................................................


WIND (MPH)
  RESULTANT WIND SPEED  MM   RESULTANT WIND DIRECTION  MM
  HIGHEST WIND SPEED    MM   HIGHEST WIND DIRECTION    MM
  HIGHEST GUST SPEED    39   HIGHEST GUST DIRECTION     W (270)
  AVERAGE WIND SPEED    MM


SKY COVER
  POSSIBLE SUNSHINE  MM
  AVERAGE SKY COVER  MM


WEATHER CONDITIONS
 THE FOLLOWING WEATHER WAS RECORDED YESTERDAY.
  LIGHT SNOW
  BLOWING SNOW


RELATIVE HUMIDITY (PERCENT)
 HIGHEST    MM
 LOWEST     MM
 AVERAGE    MM

..........................................................


THE MARQUETTE MI CLIMATE NORMALS FOR TODAY
                         NORMAL    RECORD    YEAR
 MAXIMUM TEMPERATURE (F)   32        56      2010
 MINIMUM TEMPERATURE (F)   11       -22      1984


SUNRISE AND SUNSET
MARCH  9 2017.........SUNRISE   714 AM EST   SUNSET   648 PM EST
MARCH 10 2017.........SUNRISE   712 AM EST   SUNSET   649 PM EST


-  INDICATES NEGATIVE NUMBERS.
R  INDICATES RECORD WAS SET OR TIED.
MM INDICATES DATA IS MISSING.
T  INDICATES TRACE AMOUNT.

$$
