000
CDUS43 KMQT 230514
CLIMQT

CLIMATE REPORT
NATIONAL WEATHER SERVICE MARQUETTE MI
114 AM EDT TUE SEP 23 2014


...................................

...THE MARQUETTE MI CLIMATE SUMMARY FOR SEPTEMBER 22 2014...

CLIMATE NORMAL PERIOD 1981 TO 2010
CLIMATE RECORD PERIOD 1961 TO 2014


WEATHER ITEM   OBSERVED RECORD YEAR NORMAL DEPARTURE LAST
                VALUE   VALUE       VALUE  FROM      YEAR
                                           NORMAL
...........................................................
TEMPERATURE (F)
 YESTERDAY
  MAXIMUM         66     79    2004  63      3       48
  MINIMUM         33     27    1974  43    -10       35
  AVERAGE         50                 53     -3       42

PRECIPITATION (IN)
  YESTERDAY        0.00   0.99 2003   0.13  -0.13     0.00
  MONTH TO DATE    3.60               2.62   0.98     1.92
  SINCE SEP 1      3.60               2.62   0.98     1.92
  SINCE JAN 1     30.34              24.99   5.35    29.67

SNOWFALL (IN)
  YESTERDAY        0.0    1.4  1974   0.0    0.0      0.0
  MONTH TO DATE    0.0                0.0    0.0      0.0
  SINCE SEP 1      0.0                0.0    0.0      0.0
  SINCE JUL 1      T                  0.0    0.0      0.0
  SNOW DEPTH       0

DEGREE DAYS
 HEATING
  YESTERDAY       15                 12      3       23
  MONTH TO DATE  229                186     43      193
  SINCE SEP 1    229                186     43      193
  SINCE JUL 1    476                371    105      407

 COOLING
  YESTERDAY        0                  0      0        0
  MONTH TO DATE    2                 21    -19       10
  SINCE SEP 1      2                 21    -19       10
  SINCE JAN 1    149                241    -92      280
...........................................................


WIND (MPH)
  RESULTANT WIND SPEED  MM   RESULTANT WIND DIRECTION  MM
  HIGHEST WIND SPEED    MM   HIGHEST WIND DIRECTION    MM
  HIGHEST GUST SPEED    25   HIGHEST GUST DIRECTION     W (270)
  AVERAGE WIND SPEED    MM


SKY COVER
  POSSIBLE SUNSHINE  MM
  AVERAGE SKY COVER  MM


WEATHER CONDITIONS
 THE FOLLOWING WEATHER WAS RECORDED YESTERDAY.
  NO SIGNIFICANT WEATHER WAS OBSERVED.


RELATIVE HUMIDITY (PERCENT)
 HIGHEST    MM
 LOWEST     MM
 AVERAGE    MM

..........................................................


THE MARQUETTE MI CLIMATE NORMALS FOR TODAY
                         NORMAL    RECORD    YEAR
 MAXIMUM TEMPERATURE (F)   63        82      2004
 MINIMUM TEMPERATURE (F)   43        22      1974


SUNRISE AND SUNSET
SEPTEMBER 23 2014.....SUNRISE   738 AM EDT   SUNSET   746 PM EDT
SEPTEMBER 24 2014.....SUNRISE   740 AM EDT   SUNSET   744 PM EDT


-  INDICATES NEGATIVE NUMBERS.
R  INDICATES RECORD WAS SET OR TIED.
MM INDICATES DATA IS MISSING.
T  INDICATES TRACE AMOUNT.




$$
