000
CDUS43 KMQT 020509
CLIMQT


CLIMATE REPORT
NATIONAL WEATHER SERVICE MARQUETTE MI
108 AM EDT WED APR 2 2014


...................................

...THE MARQUETTE MI CLIMATE SUMMARY FOR APRIL 1 2014...

CLIMATE NORMAL PERIOD 1981 TO 2010
CLIMATE RECORD PERIOD 1961 TO 2014


WEATHER ITEM   OBSERVED RECORD YEAR NORMAL DEPARTURE LAST
                VALUE   VALUE       VALUE  FROM      YEAR
                                           NORMAL
...........................................................
TEMPERATURE (F)
 YESTERDAY
  MAXIMUM         43     68    2010  41      2       22
  MINIMUM         17     -5    1964  21     -4        7
  AVERAGE         30                 31     -1       15

PRECIPITATION (IN)
  YESTERDAY        T      1.83 2008   0.11  -0.11     0.04
  MONTH TO DATE    T                  0.11  -0.11     0.04
  SINCE MAR 1      1.96               3.14  -1.18     3.33
  SINCE JAN 1      5.48               7.69  -2.21     8.88

SNOWFALL (IN)
  YESTERDAY        0.1   15.8  2008   0.8   -0.7      1.9
  MONTH TO DATE    0.1                0.8   -0.7      1.9
  SINCE MAR 1     30.1               35.7   -5.6     50.7
  SINCE JUL 1    159.6              188.1  -28.5    184.5
  SNOW DEPTH      32

DEGREE DAYS
 HEATING
  YESTERDAY       35                 34      1       50
  MONTH TO DATE   35                 34      1       50
  SINCE MAR 1   1558               1297    261     1400
  SINCE JUL 1   8880               7921    959     7710

 COOLING
  YESTERDAY        0                  0      0        0
  MONTH TO DATE    0                  0      0        0
  SINCE MAR 1      0                  0      0        0
  SINCE JAN 1      0                  0      0        0
...........................................................


WIND (MPH)
  RESULTANT WIND SPEED  MM   RESULTANT WIND DIRECTION  MM
  HIGHEST WIND SPEED    MM   HIGHEST WIND DIRECTION    MM
  HIGHEST GUST SPEED    33   HIGHEST GUST DIRECTION     S (180)
  AVERAGE WIND SPEED    MM


SKY COVER
  POSSIBLE SUNSHINE  MM
  AVERAGE SKY COVER  MM


WEATHER CONDITIONS
 THE FOLLOWING WEATHER WAS RECORDED YESTERDAY.
  LIGHT RAIN
  LIGHT SNOW


RELATIVE HUMIDITY (PERCENT)
 HIGHEST    MM
 LOWEST     MM
 AVERAGE    MM

..........................................................


THE MARQUETTE MI CLIMATE NORMALS FOR TODAY
                         NORMAL    RECORD    YEAR
 MAXIMUM TEMPERATURE (F)   41        75      2010
 MINIMUM TEMPERATURE (F)   21         2      2013


SUNRISE AND SUNSET
APRIL  2 2014.........SUNRISE   728 AM EDT   SUNSET   821 PM EDT
APRIL  3 2014.........SUNRISE   726 AM EDT   SUNSET   822 PM EDT


-  INDICATES NEGATIVE NUMBERS.
R  INDICATES RECORD WAS SET OR TIED.
MM INDICATES DATA IS MISSING.
T  INDICATES TRACE AMOUNT.

$$

TITUS
