000
CDUS43 KMQT 010742
CLIMQT


CLIMATE REPORT
NATIONAL WEATHER SERVICE MARQUETTE MI
341 AM EDT MON MAY 1 2017


...................................

...THE MARQUETTE MI CLIMATE SUMMARY FOR APRIL 30 2017...

CLIMATE NORMAL PERIOD 1981 TO 2010
CLIMATE RECORD PERIOD 1961 TO 2017


WEATHER ITEM   OBSERVED RECORD YEAR NORMAL DEPARTURE LAST
                VALUE   VALUE       VALUE  FROM      YEAR
                                           NORMAL
...........................................................
TEMPERATURE (F)
 YESTERDAY
  MAXIMUM         44     84    2001  55    -11       46
  MINIMUM         32     22    2003  35     -3       31
                               1971
  AVERAGE         38                 45     -7       39

PRECIPITATION (IN)
  YESTERDAY        0.00   1.45 1996   0.09  -0.09     0.00
  MONTH TO DATE    5.40               3.01   2.39     3.83
  SINCE MAR 1      7.24               6.04   1.20     7.17
  SINCE JAN 1     11.82              10.59   1.23    11.79

SNOWFALL (IN)
  YESTERDAY        0.0   12.6  1996   0.2   -0.2      0.0
  MONTH TO DATE   12.1               14.5   -2.4     40.9
  SINCE MAR 1     32.0               49.4  -17.4     59.7
  SINCE JUL 1    153.1              201.8  -48.7    159.8
  SNOW DEPTH       0

DEGREE DAYS
 HEATING
  YESTERDAY       27                 20      7       26
  MONTH TO DATE  748                813    -65      927
  SINCE MAR 1   2000               2078    -78     2023
  SINCE JUL 1   7684               8702  -1018     7790

 COOLING
  YESTERDAY        0                  0      0        0
  MONTH TO DATE    0                  1     -1        0
  SINCE MAR 1      0                  1     -1        0
  SINCE JAN 1      0                  1     -1        0
...........................................................


WIND (MPH)
  RESULTANT WIND SPEED  MM   RESULTANT WIND DIRECTION  MM
  HIGHEST WIND SPEED    MM   HIGHEST WIND DIRECTION    MM
  HIGHEST GUST SPEED    18   HIGHEST GUST DIRECTION    NE (45)
  AVERAGE WIND SPEED    MM


SKY COVER
  POSSIBLE SUNSHINE  MM
  AVERAGE SKY COVER  MM


WEATHER CONDITIONS
 THE FOLLOWING WEATHER WAS RECORDED YESTERDAY.
  NO SIGNIFICANT WEATHER WAS OBSERVED.


RELATIVE HUMIDITY (PERCENT)
 HIGHEST    MM
 LOWEST     MM
 AVERAGE    MM

..........................................................


THE MARQUETTE MI CLIMATE NORMALS FOR TODAY
                         NORMAL    RECORD    YEAR
 MAXIMUM TEMPERATURE (F)   56        80      1992
 MINIMUM TEMPERATURE (F)   35        20      1963


SUNRISE AND SUNSET
MAY  1 2017...........SUNRISE   635 AM EDT   SUNSET   900 PM EDT
MAY  2 2017...........SUNRISE   634 AM EDT   SUNSET   901 PM EDT


-  INDICATES NEGATIVE NUMBERS.
R  INDICATES RECORD WAS SET OR TIED.
MM INDICATES DATA IS MISSING.
T  INDICATES TRACE AMOUNT.




$$
