000
CDUS41 KOKX 010619
CLIBDR


CLIMATE REPORT
NATIONAL WEATHER SERVICE NEW YORK NY
218 AM EDT MON JUN 1 2015


...................................

...THE BRIDGEPORT CT CLIMATE SUMMARY FOR MAY 31 2015...

CLIMATE NORMAL PERIOD 1981 TO 2010
CLIMATE RECORD PERIOD 1948 TO 2015


WEATHER ITEM   OBSERVED TIME   RECORD YEAR NORMAL DEPARTURE LAST
                VALUE   (LST)  VALUE       VALUE  FROM      YEAR
                                                  NORMAL
..................................................................
TEMPERATURE (F)
 YESTERDAY
  MAXIMUM         80   1230 PM  91    2013  72      8       71
                                      1987
  MINIMUM         55   1159 PM  41    1961  56     -1       54
  AVERAGE         68                        64      4       63

PRECIPITATION (IN)
  YESTERDAY        0.60          1.97 1972   0.13   0.47     0.00
  MONTH TO DATE    1.15                      3.80  -2.65     4.00
  SINCE MAR 1      7.96                     11.98  -4.02    14.68
  SINCE JAN 1     14.30                     17.87  -3.57    21.66

SNOWFALL (IN)
  YESTERDAY        0.0           0.0  2002   0.0    0.0      0.0
                                      2001
  MONTH TO DATE    0.0                       0.0    0.0      0.0
  SINCE OCT 1     59.7                      27.6   32.1     57.4
  SINCE JUL 1     59.7                      27.6   32.1     57.4
  SNOW DEPTH       0

DEGREE DAYS
 HEATING
  YESTERDAY        0                         3     -3        2
  MONTH TO DATE  104                       205   -101      134
  SINCE MAR 1   1515                      1473     42     1566
  SINCE JUL 1   5621                      5360    261     5614

 COOLING
  YESTERDAY        3                         2      1        0
  MONTH TO DATE   54                        22     32       23
  SINCE MAR 1     54                        24     30       23
  SINCE JAN 1     54                        24     30       23
..................................................................


WIND (MPH)
  HIGHEST WIND SPEED    20   HIGHEST WIND DIRECTION    NE (60)
  HIGHEST GUST SPEED    25   HIGHEST GUST DIRECTION    NE (50)
  AVERAGE WIND SPEED     9.0


SKY COVER
  AVERAGE SKY COVER 0.6


WEATHER CONDITIONS
 THE FOLLOWING WEATHER WAS RECORDED YESTERDAY.
  HEAVY RAIN
  RAIN
  LIGHT RAIN
  FOG
  HAZE


RELATIVE HUMIDITY (PERCENT)
 HIGHEST    97           800 PM
 LOWEST     67           100 PM
 AVERAGE    82

..........................................................


THE BRIDGEPORT CT CLIMATE NORMALS FOR TODAY
                         NORMAL    RECORD    YEAR
 MAXIMUM TEMPERATURE (F)   73        88      1951
 MINIMUM TEMPERATURE (F)   56        41      1967


SUNRISE AND SUNSET
JUNE  1 2015..........SUNRISE   522 AM EDT   SUNSET   819 PM EDT
JUNE  2 2015..........SUNRISE   522 AM EDT   SUNSET   819 PM EDT


-  INDICATES NEGATIVE NUMBERS.
R  INDICATES RECORD WAS SET OR TIED.
MM INDICATES DATA IS MISSING.
T  INDICATES TRACE AMOUNT.




$$
