000
CDUS41 KOKX 162134
CLIBDR


CLIMATE REPORT
NATIONAL WEATHER SERVICE NEW YORK NY
434 PM EST SAT DEC 16 2017


...................................

...THE BRIDGEPORT CT CLIMATE SUMMARY FOR DECEMBER 16 2017...
VALID TODAY AS OF 0400 PM LOCAL TIME.

CLIMATE NORMAL PERIOD 1981 TO 2010
CLIMATE RECORD PERIOD 1948 TO 2017


WEATHER ITEM   OBSERVED TIME   RECORD YEAR NORMAL DEPARTURE LAST
                VALUE   (LST)  VALUE       VALUE  FROM      YEAR
                                                  NORMAL
..................................................................
TEMPERATURE (F)
 TODAY
  MAXIMUM         37    240 PM  64    1971  42     -5       30
  MINIMUM         20    410 AM  11    1961  28     -8       18
  AVERAGE         29                        35     -6       24

PRECIPITATION (IN)
  TODAY            T             1.32 1974   0.10  -0.10     0.00
  MONTH TO DATE    1.04                      1.80  -0.76     1.15
  SINCE DEC 1      1.04                      1.80  -0.76     1.15
  SINCE JAN 1     40.60                     41.21  -0.61    37.12

SNOWFALL (IN)
  TODAY            T             2.0  1970   0.1   -0.1      0.0
  MONTH TO DATE    6.4                       1.9    4.5      0.7
  SINCE OCT 1      6.4                       2.6    3.8      0.7
  SINCE JUL 1      6.4                       2.6    3.8      0.7
  SNOW DEPTH       2

DEGREE DAYS
 HEATING
  TODAY           36                        30      6       41
  MONTH TO DATE  438                       438      0      428
  SINCE DEC 1    438                       438      0      428
  SINCE JUL 1   1193                      1412   -219     1156

 COOLING
  TODAY            0                         0      0        0
  MONTH TO DATE    0                         0      0        0
  SINCE DEC 1      0                         0      0        0
  SINCE JAN 1   1053                       825    228     1270
..................................................................


WIND (MPH)
  HIGHEST WIND SPEED    21   HIGHEST WIND DIRECTION     W (260)
  HIGHEST GUST SPEED    30   HIGHEST GUST DIRECTION     W (260)
  AVERAGE WIND SPEED    10.7


SKY COVER
  AVERAGE SKY COVER 0.4


WEATHER CONDITIONS
 THE FOLLOWING WEATHER WAS RECORDED TODAY.
  HAZE


RELATIVE HUMIDITY (PERCENT)
 HIGHEST    84           200 AM
 LOWEST     52          1200 PM
 AVERAGE    68

..........................................................


THE BRIDGEPORT CT CLIMATE NORMALS FOR TOMORROW
                         NORMAL    RECORD    YEAR
 MAXIMUM TEMPERATURE (F)   42        61      2000
 MINIMUM TEMPERATURE (F)   28         5      1951


SUNRISE AND SUNSET
DECEMBER 16 2017......SUNRISE   712 AM EST   SUNSET   425 PM EST
DECEMBER 17 2017......SUNRISE   712 AM EST   SUNSET   425 PM EST


-  INDICATES NEGATIVE NUMBERS.
R  INDICATES RECORD WAS SET OR TIED.
MM INDICATES DATA IS MISSING.
T  INDICATES TRACE AMOUNT.




$$
