000
CDUS41 KOKX 182032
CLIBDR


CLIMATE REPORT
NATIONAL WEATHER SERVICE NEW YORK NY
432 PM EDT THU SEP 18 2014


...................................

...THE BRIDGEPORT CT CLIMATE SUMMARY FOR SEPTEMBER 18 2014...
VALID TODAY AS OF 0400 PM LOCAL TIME.

CLIMATE NORMAL PERIOD 1981 TO 2010
CLIMATE RECORD PERIOD 1948 TO 2014


WEATHER ITEM   OBSERVED TIME   RECORD YEAR NORMAL DEPARTURE LAST
                VALUE   (LST)  VALUE       VALUE  FROM      YEAR
                                                  NORMAL
..................................................................
TEMPERATURE (F)
 TODAY
  MAXIMUM         75    250 PM  84    1992  73      2       70
  MINIMUM         52    600 AM  42    1990  58     -6       45
  AVERAGE         64                        65     -1       58

PRECIPITATION (IN)
  TODAY            0.00          2.69 2004   0.11  -0.11     0.00
  MONTH TO DATE    1.07                      2.06  -0.99     1.57
  SINCE SEP 1      1.07                      2.06  -0.99     1.57
  SINCE JAN 1     32.31                     30.96   1.35    28.35

SNOWFALL (IN)
  TODAY            0.0           0.0  2002   0.0    0.0      0.0
                                      2001
  MONTH TO DATE    0.0                       0.0    0.0      0.0
  SINCE OCT 1     57.4                      27.6   29.8     64.3
  SINCE JUL 1      0.0                       0.0    0.0      0.0
  SNOW DEPTH       0

DEGREE DAYS
 HEATING
  TODAY            1                         2     -1        7
  MONTH TO DATE   17                        19     -2       34
  SINCE SEP 1     17                        19     -2       34
  SINCE JUL 1     17                        23     -6       34

 COOLING
  TODAY            0                         3     -3        0
  MONTH TO DATE  106                        79     27       91
  SINCE SEP 1    106                        79     27       91
  SINCE JAN 1    840                       797     43      976
..................................................................


WIND (MPH)
  HIGHEST WIND SPEED    13   HIGHEST WIND DIRECTION    SW (220)
  HIGHEST GUST SPEED    19   HIGHEST GUST DIRECTION    SW (220)
  AVERAGE WIND SPEED     3.3


SKY COVER
  AVERAGE SKY COVER 0.2


WEATHER CONDITIONS
 THE FOLLOWING WEATHER WAS RECORDED TODAY.
  NO SIGNIFICANT WEATHER WAS OBSERVED.


RELATIVE HUMIDITY (PERCENT)
 HIGHEST    89           400 AM
 LOWEST     41          1200 PM
 AVERAGE    65

..........................................................


THE BRIDGEPORT CT CLIMATE NORMALS FOR TOMORROW
                         NORMAL    RECORD    YEAR
 MAXIMUM TEMPERATURE (F)   73        88      1983
 MINIMUM TEMPERATURE (F)   57        42      1959


SUNRISE AND SUNSET
SEPTEMBER 18 2014.....SUNRISE   636 AM EDT   SUNSET   657 PM EDT
SEPTEMBER 19 2014.....SUNRISE   637 AM EDT   SUNSET   655 PM EDT


-  INDICATES NEGATIVE NUMBERS.
R  INDICATES RECORD WAS SET OR TIED.
MM INDICATES DATA IS MISSING.
T  INDICATES TRACE AMOUNT.




$$
