310
CDUS41 KOKX 200706
CLIBDR


CLIMATE REPORT
NATIONAL WEATHER SERVICE NEW YORK NY
306 AM EDT FRI OCT 20 2017


...................................

...THE BRIDGEPORT CT CLIMATE SUMMARY FOR OCTOBER 19 2017...

CLIMATE NORMAL PERIOD 1981 TO 2010
CLIMATE RECORD PERIOD 1948 TO 2017


WEATHER ITEM   OBSERVED TIME   RECORD YEAR NORMAL DEPARTURE LAST
                VALUE   (LST)  VALUE       VALUE  FROM      YEAR
                                                  NORMAL
..................................................................
TEMPERATURE (F)
 YESTERDAY
  MAXIMUM         71    310 PM  86    2016  62      9       86
  MINIMUM         48    535 AM  30    2015  45      3       67
                                      1974
  AVERAGE         60                        54      6       77

PRECIPITATION (IN)
  YESTERDAY        0.00          4.12 1996   0.11  -0.11     0.00
  MONTH TO DATE    0.57                      2.27  -1.70     1.18
  SINCE SEP 1      2.30                      5.75  -3.45     3.91
  SINCE JAN 1     30.89                     34.65  -3.76    28.67

SNOWFALL (IN)
  YESTERDAY        0.0           0.0  2002   0.0    0.0      0.0
                                      2001
  MONTH TO DATE    0.0                       0.0    0.0      0.0
  SINCE OCT 1      0.0                       0.0    0.0      0.0
  SINCE JUL 1      0.0                       0.0    0.0      0.0
  SNOW DEPTH       0

DEGREE DAYS
 HEATING
  YESTERDAY        5                        11     -6        0
  MONTH TO DATE   68                       163    -95       97
  SINCE SEP 1     93                       227   -134      112
  SINCE JUL 1     93                       231   -138      112

 COOLING
  YESTERDAY        0                         0      0       12
  MONTH TO DATE   52                         8     44       21
  SINCE SEP 1    209                       106    103      212
  SINCE JAN 1   1046                       824    222     1264
..................................................................


WIND (MPH)
  HIGHEST WIND SPEED    22   HIGHEST WIND DIRECTION    SW (210)
  HIGHEST GUST SPEED    25   HIGHEST GUST DIRECTION    SW (210)
  AVERAGE WIND SPEED     8.4


SKY COVER
  AVERAGE SKY COVER 0.0


WEATHER CONDITIONS
 THE FOLLOWING WEATHER WAS RECORDED YESTERDAY.
  FOG


RELATIVE HUMIDITY (PERCENT)
 HIGHEST    93           300 AM
 LOWEST     38           200 PM
 AVERAGE    66

..........................................................


THE BRIDGEPORT CT CLIMATE NORMALS FOR TODAY
                         NORMAL    RECORD    YEAR
 MAXIMUM TEMPERATURE (F)   62        75      1953
 MINIMUM TEMPERATURE (F)   45        26      1972


SUNRISE AND SUNSET
OCTOBER 20 2017.......SUNRISE   710 AM EDT   SUNSET   604 PM EDT
OCTOBER 21 2017.......SUNRISE   711 AM EDT   SUNSET   602 PM EDT


-  INDICATES NEGATIVE NUMBERS.
R  INDICATES RECORD WAS SET OR TIED.
MM INDICATES DATA IS MISSING.
T  INDICATES TRACE AMOUNT.




$$
