000
CDUS41 KALY 032147
CLIGFL


CLIMATE REPORT
NATIONAL WEATHER SERVICE ALBANY NY
446 PM EST WED FEB 3 2016


...................................

...THE GLENS FALLS NY CLIMATE SUMMARY FOR FEBRUARY 3 2016...
VALID TODAY AS OF 0400 PM LOCAL TIME.

CLIMATE NORMAL PERIOD 1981 TO 2010
CLIMATE RECORD PERIOD 1949 TO 2016


WEATHER ITEM   OBSERVED TIME   RECORD YEAR NORMAL DEPARTURE LAST
                VALUE   (LST)  VALUE       VALUE  FROM      YEAR
                                                  NORMAL
..................................................................
TEMPERATURE (F)
 TODAY
  MAXIMUM         MM        MM  49    1991  30     MM       21
  MINIMUM         MM        MM -27    2015   7     MM      -27
  AVERAGE         MM                        19     MM       -3

PRECIPITATION (IN)
  TODAY            1.27          1.42 1982   0.08   1.19     0.00
  MONTH TO DATE    1.27                      0.24   1.03     0.19
  SINCE DEC 1      6.38                      6.15   0.23     5.76
  SINCE JAN 1      2.33                      3.10  -0.77     1.68

DEGREE DAYS
 HEATING
  TODAY           MM                        46     MM       68
  MONTH TO DATE   MM                       139     MM      193
  SINCE DEC 1   1888                      2837   -949     2803
  SINCE JUL 1   3179                      4535  -1356     4264

 COOLING
  TODAY           MM                         0     MM        0
  MONTH TO DATE   MM                         0     MM        0
  SINCE DEC 1      0                         0      0        0
  SINCE JAN 1      0                         0      0        0
..................................................................


WIND (MPH)
  HIGHEST WIND SPEED     8   HIGHEST WIND DIRECTION    SE (140)
  HIGHEST GUST SPEED    MM   HIGHEST GUST DIRECTION    MM
  AVERAGE WIND SPEED     1.9


SKY COVER
  AVERAGE SKY COVER 0.8



RELATIVE HUMIDITY (PERCENT)
 HIGHEST    93           100 PM
 LOWEST     85          1200 PM
 AVERAGE    89

..........................................................


THE GLENS FALLS NY CLIMATE NORMALS FOR TOMORROW
                         NORMAL    RECORD    YEAR
 MAXIMUM TEMPERATURE (F)   30        54      1991
 MINIMUM TEMPERATURE (F)    7       -22      1978


SUNRISE AND SUNSET
FEBRUARY  3 2016......SUNRISE   709 AM EST   SUNSET   508 PM EST
FEBRUARY  4 2016......SUNRISE   707 AM EST   SUNSET   510 PM EST


-  INDICATES NEGATIVE NUMBERS.
R  INDICATES RECORD WAS SET OR TIED.
MM INDICATES DATA IS MISSING.
T  INDICATES TRACE AMOUNT.




$$
