000
CDUS43 KPAH 230631
CLICGI


CLIMATE REPORT
NATIONAL WEATHER SERVICE PADUCAH KY
128 AM CDT SAT MAY 23 2015


...................................

...THE CAPE GIRARDEAU MO CLIMATE SUMMARY FOR MAY 22 2015...

CLIMATE NORMAL PERIOD 1981 TO 2010
CLIMATE RECORD PERIOD 1960 TO 2015


WEATHER ITEM   OBSERVED TIME   RECORD YEAR NORMAL DEPARTURE LAST
                VALUE   (LST)  VALUE       VALUE  FROM      YEAR
                                                  NORMAL
..................................................................
TEMPERATURE (F)
 YESTERDAY
  MAXIMUM         72    338 PM  94    1962  80     -8       89
  MINIMUM         42R   513 AM  43    1963  57    -15       67
  AVERAGE         57                        68    -11

PRECIPITATION (IN)
  YESTERDAY        0.00          1.90 1985   0.16  -0.16     0.00
  MONTH TO DATE    5.06                      4.10   0.96     4.29
  SINCE MAR 1     18.02                     12.86   5.16    14.61
  SINCE JAN 1     24.54                     19.74   4.80    17.75

DEGREE DAYS
 HEATING
  YESTERDAY        8                         1      7        0
  MONTH TO DATE   56                        60     -4       78
  SINCE MAR 1    833                       881    -48     1016
  SINCE JUL 1   4611                      4378    233     4941

 COOLING
  YESTERDAY        0                         5     -5       13
  MONTH TO DATE   88                        69     19      103
  SINCE MAR 1    116                       100     16      114
  SINCE JAN 1    116                       100     16      114
..................................................................


WIND (MPH)
  HIGHEST WIND SPEED    10   HIGHEST WIND DIRECTION    SW (220)
  HIGHEST GUST SPEED    13   HIGHEST GUST DIRECTION    SW (220)
  AVERAGE WIND SPEED     2.3


SKY COVER
  AVERAGE SKY COVER 0.0


WEATHER CONDITIONS
 THE FOLLOWING WEATHER WAS RECORDED YESTERDAY.
  FOG


RELATIVE HUMIDITY (PERCENT)
 HIGHEST   100
 LOWEST     49
 AVERAGE    75

..........................................................


THE CAPE GIRARDEAU MO CLIMATE NORMALS FOR TODAY
                         NORMAL    RECORD    YEAR
 MAXIMUM TEMPERATURE (F)   80        93      1996
 MINIMUM TEMPERATURE (F)   58        38      1963


SUNRISE AND SUNSET
MAY 23 2015...........SUNRISE   544 AM CDT   SUNSET   806 PM CDT
MAY 24 2015...........SUNRISE   544 AM CDT   SUNSET   807 PM CDT


-  INDICATES NEGATIVE NUMBERS.
R  INDICATES RECORD WAS SET OR TIED.
MM INDICATES DATA IS MISSING.
T  INDICATES TRACE AMOUNT.




$$
