000
CDUS43 KPAH 272139
CLICGI


CLIMATE REPORT
NATIONAL WEATHER SERVICE PADUCAH KY
437 PM CDT MON OCT 27 2014


...................................

...THE CAPE GIRARDEAU MO CLIMATE SUMMARY FOR OCTOBER 27 2014...
VALID TODAY AS OF 0400 PM LOCAL TIME.

CLIMATE NORMAL PERIOD 1981 TO 2010
CLIMATE RECORD PERIOD 1960 TO 2014


WEATHER ITEM   OBSERVED TIME   RECORD YEAR NORMAL DEPARTURE LAST
                VALUE   (LST)  VALUE       VALUE  FROM      YEAR
                                                  NORMAL
..................................................................
TEMPERATURE (F)
 TODAY
  MAXIMUM         82        MM  86    1963  67     15       64
  MINIMUM         65        MM  26    2001  42     23       31
  AVERAGE                                   54

PRECIPITATION (IN)
  TODAY            0.00          1.65 2006   0.13  -0.13     0.00
  MONTH TO DATE    3.93                      3.28   0.65     2.58
  SINCE SEP 1      5.98                      6.56  -0.58     3.02
  SINCE JAN 1     38.28                     37.61   0.67    31.25

DEGREE DAYS
 HEATING
  TODAY            0                        11    -11       17
  MONTH TO DATE  147                       209    -62      227
  SINCE SEP 1    193                       257    -64      237
  SINCE JUL 1    193                       258    -65      238

 COOLING
  TODAY            9                         0      9        0
  MONTH TO DATE   40                        29     11       44
  SINCE SEP 1    185                       191     -6      256
  SINCE JAN 1   1424                      1451    -27     1437
..................................................................


WIND (MPH)
  HIGHEST WIND SPEED    25   HIGHEST WIND DIRECTION     S (200)
  HIGHEST GUST SPEED    35   HIGHEST GUST DIRECTION    SW (210)
  AVERAGE WIND SPEED


SKY COVER
  AVERAGE SKY COVER 0.0


WEATHER CONDITIONS
 THE FOLLOWING WEATHER WAS RECORDED TODAY.
  NO SIGNIFICANT WEATHER WAS OBSERVED.


RELATIVE HUMIDITY (PERCENT)
 HIGHEST    87
 LOWEST     36
 AVERAGE

..........................................................


THE CAPE GIRARDEAU MO CLIMATE NORMALS FOR TOMORROW
                         NORMAL
 MAXIMUM TEMPERATURE (F)   66
 MINIMUM TEMPERATURE (F)   42


SUNRISE AND SUNSET
OCTOBER 27 2014.......SUNRISE   718 AM CDT   SUNSET   606 PM CDT
OCTOBER 28 2014.......SUNRISE   719 AM CDT   SUNSET   605 PM CDT


-  INDICATES NEGATIVE NUMBERS.
R  INDICATES RECORD WAS SET OR TIED.
MM INDICATES DATA IS MISSING.
T  INDICATES TRACE AMOUNT.




$$
