000
CDUS43 KPAH 260635
CLICGI


CLIMATE REPORT
NATIONAL WEATHER SERVICE PADUCAH KY
131 AM CDT SAT JUL 26 2014


...................................

...THE CAPE GIRARDEAU MO CLIMATE SUMMARY FOR JULY 25 2014...

CLIMATE NORMAL PERIOD 1981 TO 2010
CLIMATE RECORD PERIOD 1960 TO 2014


WEATHER ITEM   OBSERVED TIME   RECORD YEAR NORMAL DEPARTURE LAST
                VALUE   (LST)  VALUE       VALUE  FROM      YEAR
                                                  NORMAL
..................................................................
TEMPERATURE (F)
 YESTERDAY
  MAXIMUM         81    304 PM 100    1986  89     -8       83
  MINIMUM         58    425 AM  54    2000  68    -10       56
  AVERAGE         70                        78     -8

PRECIPITATION (IN)
  YESTERDAY        0.00          2.08 1960   0.11  -0.11     0.00
  MONTH TO DATE    2.92                      2.73   0.19     0.25
  SINCE JUN 1     10.42                      6.30   4.12     8.01
  SINCE JAN 1     28.81                     27.40   1.41    24.18

DEGREE DAYS
 HEATING
  YESTERDAY        0                         0      0        0
  MONTH TO DATE    0                         0      0        0
  SINCE JUN 1      0                         4     -4        0
  SINCE JUL 1      0                         0      0        0

 COOLING
  YESTERDAY        5                        14     -9        5
  MONTH TO DATE  226                       347   -121      302
  SINCE JUN 1    585                       659    -74      635
  SINCE JAN 1    796                       811    -15      806
..................................................................


WIND (MPH)
  HIGHEST WIND SPEED    12   HIGHEST WIND DIRECTION     S (160)
  HIGHEST GUST SPEED    16   HIGHEST GUST DIRECTION     S (160)
  AVERAGE WIND SPEED     3.7


SKY COVER
  AVERAGE SKY COVER 0.1


WEATHER CONDITIONS
 THE FOLLOWING WEATHER WAS RECORDED YESTERDAY.
  FOG
  FOG W/VISIBILITY <= 1/4 MILE


RELATIVE HUMIDITY (PERCENT)
 HIGHEST    97
 LOWEST     51
 AVERAGE    74

..........................................................


THE CAPE GIRARDEAU MO CLIMATE NORMALS FOR TODAY
                         NORMAL    RECORD    YEAR
 MAXIMUM TEMPERATURE (F)   89       100      1997
 MINIMUM TEMPERATURE (F)   68        55      1962


SUNRISE AND SUNSET
JULY 26 2014..........SUNRISE   558 AM CDT   SUNSET   811 PM CDT
JULY 27 2014..........SUNRISE   559 AM CDT   SUNSET   810 PM CDT


-  INDICATES NEGATIVE NUMBERS.
R  INDICATES RECORD WAS SET OR TIED.
MM INDICATES DATA IS MISSING.
T  INDICATES TRACE AMOUNT.




$$
