000
CDUS43 KPAH 230637
CLICGI


CLIMATE REPORT
NATIONAL WEATHER SERVICE PADUCAH KY
135 AM CDT MON MAY 23 2016


...................................

...THE CAPE GIRARDEAU MO CLIMATE SUMMARY FOR MAY 22 2016...

CLIMATE NORMAL PERIOD 1981 TO 2010
CLIMATE RECORD PERIOD 1960 TO 2016


WEATHER ITEM   OBSERVED TIME   RECORD YEAR NORMAL DEPARTURE LAST
                VALUE   (LST)  VALUE       VALUE  FROM      YEAR
                                                  NORMAL
..................................................................
TEMPERATURE (F)
 YESTERDAY
  MAXIMUM         81    406 PM  94    1962  80      1       72
  MINIMUM         50    510 AM  42    2015  57     -7       42
  AVERAGE         66                        68     -2

PRECIPITATION (IN)
  YESTERDAY        0.00          1.90 1985   0.16  -0.16     0.00
  MONTH TO DATE    3.33                      4.10  -0.77     5.06
  SINCE MAR 1     13.49                     12.86   0.63    18.02
  SINCE JAN 1     18.27                     19.74  -1.47    24.54

DEGREE DAYS
 HEATING
  YESTERDAY        0                         1     -1        8
  MONTH TO DATE  100                        60     40       56
  SINCE MAR 1    679                       881   -202      833
  SINCE JUL 1   3571                      4378   -807     4611

 COOLING
  YESTERDAY        1                         5     -4        0
  MONTH TO DATE   33                        69    -36       88
  SINCE MAR 1     51                       100    -49      116
  SINCE JAN 1     51                       100    -49      116
..................................................................


WIND (MPH)
  HIGHEST WIND SPEED    16   HIGHEST WIND DIRECTION     N (350)
  HIGHEST GUST SPEED    20   HIGHEST GUST DIRECTION    NW (330)
  AVERAGE WIND SPEED     4.6


SKY COVER
  AVERAGE SKY COVER 0.0


WEATHER CONDITIONS
 THE FOLLOWING WEATHER WAS RECORDED YESTERDAY.
  NO SIGNIFICANT WEATHER WAS OBSERVED.


RELATIVE HUMIDITY (PERCENT)
 HIGHEST    96
 LOWEST     30
 AVERAGE    63

..........................................................


THE CAPE GIRARDEAU MO CLIMATE NORMALS FOR TODAY
                         NORMAL    RECORD    YEAR
 MAXIMUM TEMPERATURE (F)   80        93      1996
 MINIMUM TEMPERATURE (F)   58        38      1963


SUNRISE AND SUNSET
MAY 23 2016...........SUNRISE   544 AM CDT   SUNSET   807 PM CDT
MAY 24 2016...........SUNRISE   543 AM CDT   SUNSET   808 PM CDT


-  INDICATES NEGATIVE NUMBERS.
R  INDICATES RECORD WAS SET OR TIED.
MM INDICATES DATA IS MISSING.
T  INDICATES TRACE AMOUNT.




$$
