000
CDUS43 KPAH 232129
CLICGI


CLIMATE REPORT
NATIONAL WEATHER SERVICE PADUCAH KY
427 PM CDT FRI SEP 23 2016


...................................

...THE CAPE GIRARDEAU MO CLIMATE SUMMARY FOR SEPTEMBER 23 2016...
VALID TODAY AS OF 0400 PM LOCAL TIME.

CLIMATE NORMAL PERIOD 1981 TO 2010
CLIMATE RECORD PERIOD 1960 TO 2016


WEATHER ITEM   OBSERVED TIME   RECORD YEAR NORMAL DEPARTURE LAST
                VALUE   (LST)  VALUE       VALUE  FROM      YEAR
                                                  NORMAL
..................................................................
TEMPERATURE (F)
 TODAY
  MAXIMUM         90    252 PM  92    2010  78     12       84
  MINIMUM         62    547 AM  37    1999  53      9       50
  AVERAGE         76                        66     10

PRECIPITATION (IN)
  TODAY            0.00          3.38 1993   0.11  -0.11     0.00
  MONTH TO DATE    5.01                      2.53   2.48     1.23
  SINCE SEP 1      5.01                      2.53   2.48     1.23
  SINCE JAN 1     41.71                     33.58   8.13    44.78

DEGREE DAYS
 HEATING
  TODAY            0                         3     -3        0
  MONTH TO DATE    0                        20    -20       14
  SINCE SEP 1      0                        20    -20       14
  SINCE JUL 1      0                        21    -21       14

 COOLING
  TODAY           11                         3      8        2
  MONTH TO DATE  230                       143     87      158
  SINCE SEP 1    230                       143     87      158
  SINCE JAN 1   1673                      1403    270     1487
..................................................................


WIND (MPH)
  HIGHEST WIND SPEED     8   HIGHEST WIND DIRECTION     N (340)
  HIGHEST GUST SPEED    11   HIGHEST GUST DIRECTION    NW (300)
  AVERAGE WIND SPEED     1.0


SKY COVER
  AVERAGE SKY COVER 0.3


WEATHER CONDITIONS
 THE FOLLOWING WEATHER WAS RECORDED TODAY.
  FOG
  FOG W/VISIBILITY <= 1/4 MILE


RELATIVE HUMIDITY (PERCENT)
 HIGHEST   100
 LOWEST     44
 AVERAGE    72

..........................................................


THE CAPE GIRARDEAU MO CLIMATE NORMALS FOR TOMORROW
                         NORMAL
 MAXIMUM TEMPERATURE (F)   78
 MINIMUM TEMPERATURE (F)   53


SUNRISE AND SUNSET
SEPTEMBER 23 2016.....SUNRISE   647 AM CDT   SUNSET   653 PM CDT
SEPTEMBER 24 2016.....SUNRISE   648 AM CDT   SUNSET   651 PM CDT


-  INDICATES NEGATIVE NUMBERS.
R  INDICATES RECORD WAS SET OR TIED.
MM INDICATES DATA IS MISSING.
T  INDICATES TRACE AMOUNT.




$$
