000
CDUS43 KPAH 210639
CLICGI


CLIMATE REPORT
NATIONAL WEATHER SERVICE PADUCAH KY
138 AM CDT MON JUL 21 2014


...................................

...THE CAPE GIRARDEAU MO CLIMATE SUMMARY FOR JULY 20 2014...

CLIMATE NORMAL PERIOD 1981 TO 2010
CLIMATE RECORD PERIOD 1960 TO 2014


WEATHER ITEM   OBSERVED TIME   RECORD YEAR NORMAL DEPARTURE LAST
                VALUE   (LST)  VALUE       VALUE  FROM      YEAR
                                                  NORMAL
..................................................................
TEMPERATURE (F)
 YESTERDAY
  MAXIMUM         84    426 PM 103    1983  89     -5       91
  MINIMUM         60    526 AM  58    2009  68     -8       71
  AVERAGE         72                        79     -7

PRECIPITATION (IN)
  YESTERDAY        0.00          1.40 1975   0.10  -0.10      T
  MONTH TO DATE    1.83                      2.17  -0.34     0.14
  SINCE JUN 1      9.33                      5.74   3.59     7.90
  SINCE JAN 1     27.72                     26.84   0.88    24.07

DEGREE DAYS
 HEATING
  YESTERDAY        0                         0      0        0
  MONTH TO DATE    0                         0      0        0
  SINCE JUN 1      0                         4     -4        0
  SINCE JUL 1      0                         0      0        0

 COOLING
  YESTERDAY        7                        14     -7       16
  MONTH TO DATE  187                       277    -90      242
  SINCE JUN 1    546                       589    -43      575
  SINCE JAN 1    757                       741     16      746
..................................................................


WIND (MPH)
  HIGHEST WIND SPEED     8   HIGHEST WIND DIRECTION     E (80)
  HIGHEST GUST SPEED    12   HIGHEST GUST DIRECTION    NE (50)
  AVERAGE WIND SPEED     1.6


SKY COVER
  AVERAGE SKY COVER 0.3


WEATHER CONDITIONS
 THE FOLLOWING WEATHER WAS RECORDED YESTERDAY.
  FOG
  FOG W/VISIBILITY <= 1/4 MILE
  HAZE


RELATIVE HUMIDITY (PERCENT)
 HIGHEST   100
 LOWEST     47
 AVERAGE    74

..........................................................


THE CAPE GIRARDEAU MO CLIMATE NORMALS FOR TODAY
                         NORMAL    RECORD    YEAR
 MAXIMUM TEMPERATURE (F)   89       102      1973
 MINIMUM TEMPERATURE (F)   68        55      2007


SUNRISE AND SUNSET
JULY 21 2014..........SUNRISE   554 AM CDT   SUNSET   815 PM CDT
JULY 22 2014..........SUNRISE   555 AM CDT   SUNSET   814 PM CDT


-  INDICATES NEGATIVE NUMBERS.
R  INDICATES RECORD WAS SET OR TIED.
MM INDICATES DATA IS MISSING.
T  INDICATES TRACE AMOUNT.




$$
