000
CDUS43 KPAH 200640
CLICGI


CLIMATE REPORT
NATIONAL WEATHER SERVICE PADUCAH KY
134 AM CDT SAT MAY 20 2017


...................................

...THE CAPE GIRARDEAU MO CLIMATE SUMMARY FOR MAY 19 2017...

CLIMATE NORMAL PERIOD 1981 TO 2010
CLIMATE RECORD PERIOD 1960 TO 2017


WEATHER ITEM   OBSERVED TIME   RECORD YEAR NORMAL DEPARTURE LAST
                VALUE   (LST)  VALUE       VALUE  FROM      YEAR
                                                  NORMAL
..................................................................
TEMPERATURE (F)
 YESTERDAY
  MAXIMUM         85    513 PM  92    1974  79      6       73
  MINIMUM         68   1140 AM  40    2007  57     11       45
  AVERAGE         77                        68      9

PRECIPITATION (IN)
  YESTERDAY        0.01          0.35 1991   0.17  -0.16     0.00
  MONTH TO DATE    3.79                      3.61   0.18     3.24
  SINCE MAR 1     14.88                     12.37   2.51    13.40
  SINCE JAN 1     17.90                     19.25  -1.35    18.18

DEGREE DAYS
 HEATING
  YESTERDAY        0                         2     -2        6
  MONTH TO DATE   62                        55      7       99
  SINCE MAR 1    689                       876   -187      678
  SINCE JUL 1   3424                      4373   -949     3570

 COOLING
  YESTERDAY       12                         4      8        0
  MONTH TO DATE   78                        54     24       32
  SINCE MAR 1    120                        85     35       50
  SINCE JAN 1    120                        85     35       50
..................................................................


WIND (MPH)
  HIGHEST WIND SPEED    25   HIGHEST WIND DIRECTION     W (270)
  HIGHEST GUST SPEED    33   HIGHEST GUST DIRECTION     W (270)
  AVERAGE WIND SPEED     7.3


SKY COVER
  AVERAGE SKY COVER 0.2


WEATHER CONDITIONS
 THE FOLLOWING WEATHER WAS RECORDED YESTERDAY.
  THUNDERSTORM
  LIGHT RAIN


RELATIVE HUMIDITY (PERCENT)
 HIGHEST    87
 LOWEST     48
 AVERAGE    68

..........................................................


THE CAPE GIRARDEAU MO CLIMATE NORMALS FOR TODAY
                         NORMAL    RECORD    YEAR
 MAXIMUM TEMPERATURE (F)   79        93      1975
 MINIMUM TEMPERATURE (F)   57        42      2007


SUNRISE AND SUNSET
MAY 20 2017...........SUNRISE   546 AM CDT   SUNSET   804 PM CDT
MAY 21 2017...........SUNRISE   545 AM CDT   SUNSET   805 PM CDT


-  INDICATES NEGATIVE NUMBERS.
R  INDICATES RECORD WAS SET OR TIED.
MM INDICATES DATA IS MISSING.
T  INDICATES TRACE AMOUNT.




$$
