000
CDUS43 KPAH 190656
CLICGI


CLIMATE REPORT
NATIONAL WEATHER SERVICE PADUCAH KY
154 AM CDT FRI AUG 19 2016


...................................

...THE CAPE GIRARDEAU MO CLIMATE SUMMARY FOR AUGUST 18 2016...

CLIMATE NORMAL PERIOD 1981 TO 2010
CLIMATE RECORD PERIOD 1960 TO 2016


WEATHER ITEM   OBSERVED TIME   RECORD YEAR NORMAL DEPARTURE LAST
                VALUE   (LST)  VALUE       VALUE  FROM      YEAR
                                                  NORMAL
..................................................................
TEMPERATURE (F)
 YESTERDAY
  MAXIMUM         81    314 PM 101    2000  89     -8       88
  MINIMUM         71   1038 PM  49    2012  65      6       69
  AVERAGE         76                        77     -1

PRECIPITATION (IN)
  YESTERDAY        0.00          0.83 1960   0.10  -0.10     0.04
  MONTH TO DATE    4.84                      1.71   3.13     3.29
  SINCE JUN 1     12.00                      8.64   3.36    17.24
  SINCE JAN 1     35.28                     29.74   5.54    42.68

DEGREE DAYS
 HEATING
  YESTERDAY        0                         0      0        0
  MONTH TO DATE    0                         0      0        0
  SINCE JUN 1      0                         4     -4        5
  SINCE JUL 1      0                         0      0        0

 COOLING
  YESTERDAY       11                        12     -1       14
  MONTH TO DATE  258                       231     27      224
  SINCE JUN 1   1145                       965    180     1074
  SINCE JAN 1   1266                      1117    149     1251
..................................................................


WIND (MPH)
  HIGHEST WIND SPEED    13   HIGHEST WIND DIRECTION     W (250)
  HIGHEST GUST SPEED    16   HIGHEST GUST DIRECTION    SW (240)
  AVERAGE WIND SPEED     4.5


SKY COVER
  AVERAGE SKY COVER 0.7


WEATHER CONDITIONS
 THE FOLLOWING WEATHER WAS RECORDED YESTERDAY.
  NO SIGNIFICANT WEATHER WAS OBSERVED.


RELATIVE HUMIDITY (PERCENT)
 HIGHEST   100
 LOWEST     74
 AVERAGE    87

..........................................................


THE CAPE GIRARDEAU MO CLIMATE NORMALS FOR TODAY
                         NORMAL    RECORD    YEAR
 MAXIMUM TEMPERATURE (F)   89        98      1980
 MINIMUM TEMPERATURE (F)   65        52      2012
                                             2008


SUNRISE AND SUNSET
AUGUST 19 2016........SUNRISE   619 AM CDT   SUNSET   744 PM CDT
AUGUST 20 2016........SUNRISE   619 AM CDT   SUNSET   743 PM CDT


-  INDICATES NEGATIVE NUMBERS.
R  INDICATES RECORD WAS SET OR TIED.
MM INDICATES DATA IS MISSING.
T  INDICATES TRACE AMOUNT.




$$
