000
CDUS43 KSGF 010629
CLIJLN


CLIMATE REPORT
NATIONAL WEATHER SERVICE SPRINGFIELD MO
1229 AM CST SUN MAR 1 2015


...................................

...THE JOPLIN MO CLIMATE SUMMARY FOR FEBRUARY 28 2015...

CLIMATE NORMAL PERIOD 1981 TO 2010
CLIMATE RECORD PERIOD 1902 TO 2015


WEATHER ITEM   OBSERVED TIME   RECORD YEAR NORMAL DEPARTURE LAST
                VALUE   (LST)  VALUE       VALUE  FROM      YEAR
                                                  NORMAL
..................................................................
TEMPERATURE (F)
 YESTERDAY
  MAXIMUM         27   1159 PM  78    1972  55    -28       46
                                      2006
  MINIMUM         18    244 AM   2    1962  33    -15       28
  AVERAGE         23                        44    -21       37

PRECIPITATION (IN)
  YESTERDAY        0.32          1.52 1987   0.10   0.22     0.02
  MONTH TO DATE    0.82                      2.32  -1.50     0.26
  SINCE DEC 1      3.36                      7.17  -3.81     2.23
  SINCE JAN 1      1.52                      4.35  -2.83     0.85

DEGREE DAYS
 HEATING
  YESTERDAY       42                        21     21       28
  MONTH TO DATE  937                       704    233      917
  SINCE DEC 1   2623                      2497    126     2961
  SINCE JUL 1   3536                      3254    282     3849

 COOLING
  YESTERDAY        0                         0      0        0
  MONTH TO DATE    0                         1     -1        0
  SINCE DEC 1      0                         1     -1        0
  SINCE JAN 1      0                         1     -1        0
..................................................................


WIND (MPH)
  HIGHEST WIND SPEED    13   HIGHEST WIND DIRECTION    SE (120)
  HIGHEST GUST SPEED    16   HIGHEST GUST DIRECTION     E (110)
  AVERAGE WIND SPEED     6.2


SKY COVER
  AVERAGE SKY COVER 1.0


WEATHER CONDITIONS
 THE FOLLOWING WEATHER WAS RECORDED YESTERDAY.
  LT FREEZING RAIN
  SNOW
  LIGHT SNOW
  FOG
  FOG W/VISIBILITY <= 1/4 MILE


RELATIVE HUMIDITY (PERCENT)
 HIGHEST   100           900 PM
 LOWEST     67           100 AM
 AVERAGE    84

..........................................................


THE JOPLIN MO CLIMATE NORMALS FOR TODAY
                         NORMAL    RECORD    YEAR
 MAXIMUM TEMPERATURE (F)   55        87      2006
 MINIMUM TEMPERATURE (F)   33         5      1962


SUNRISE AND SUNSET
MARCH  1 2015.........SUNRISE   649 AM CST   SUNSET   612 PM CST
MARCH  2 2015.........SUNRISE   648 AM CST   SUNSET   613 PM CST


-  INDICATES NEGATIVE NUMBERS.
R  INDICATES RECORD WAS SET OR TIED.
MM INDICATES DATA IS MISSING.
T  INDICATES TRACE AMOUNT.




$$
