000
CDUS43 KSGF 290630
CLIJLN


CLIMATE REPORT
NATIONAL WEATHER SERVICE SPRINGFIELD MO
130 AM CDT TUE JUL 29 2014


...................................

...THE JOPLIN MO CLIMATE SUMMARY FOR JULY 28 2014...

CLIMATE NORMAL PERIOD 1981 TO 2010
CLIMATE RECORD PERIOD 1902 TO 2014


WEATHER ITEM   OBSERVED TIME   RECORD YEAR NORMAL DEPARTURE LAST
                VALUE   (LST)  VALUE       VALUE  FROM      YEAR
                                                  NORMAL
..................................................................
TEMPERATURE (F)
 YESTERDAY
  MAXIMUM         87    244 PM 104    2011  91     -4       70
  MINIMUM         60    557 AM  56    2005  70    -10       62
  AVERAGE         74                        81     -7       66

PRECIPITATION (IN)
  YESTERDAY        0.00          1.43 2006   0.11  -0.11     0.11
  MONTH TO DATE    0.62                      3.51  -2.89     0.70
  SINCE JUN 1      4.55                      9.37  -4.82     6.09
  SINCE JAN 1     13.30                     27.32 -14.02    28.48

DEGREE DAYS
 HEATING
  YESTERDAY        0                         0      0        0
  MONTH TO DATE    1                         0      1        0
  SINCE JUN 1      3                         5     -2       12
  SINCE JUL 1      1                         0      1        0

 COOLING
  YESTERDAY        9                        16     -7        1
  MONTH TO DATE  312                       427   -115      370
  SINCE JUN 1    615                       745   -130      693
  SINCE JAN 1    828                       925    -97      837
..................................................................


WIND (MPH)
  HIGHEST WIND SPEED    17   HIGHEST WIND DIRECTION     N (340)
  HIGHEST GUST SPEED    23   HIGHEST GUST DIRECTION    NW (320)
  AVERAGE WIND SPEED     6.7


SKY COVER
  AVERAGE SKY COVER 0.0


WEATHER CONDITIONS
 THE FOLLOWING WEATHER WAS RECORDED YESTERDAY.
  NO SIGNIFICANT WEATHER WAS OBSERVED.


RELATIVE HUMIDITY (PERCENT)
 HIGHEST    90           600 AM
 LOWEST     32           300 PM
 AVERAGE    61

..........................................................


THE JOPLIN MO CLIMATE NORMALS FOR TODAY
                         NORMAL    RECORD    YEAR
 MAXIMUM TEMPERATURE (F)   91       109      2012
 MINIMUM TEMPERATURE (F)   70        57      1965
                                             1994


SUNRISE AND SUNSET
JULY 29 2014..........SUNRISE   620 AM CDT   SUNSET   828 PM CDT
JULY 30 2014..........SUNRISE   621 AM CDT   SUNSET   827 PM CDT


-  INDICATES NEGATIVE NUMBERS.
R  INDICATES RECORD WAS SET OR TIED.
MM INDICATES DATA IS MISSING.
T  INDICATES TRACE AMOUNT.




$$
