000
CDUS43 KSGF 270626
CLIJLN


CLIMATE REPORT
NATIONAL WEATHER SERVICE SPRINGFIELD MO
126 AM CDT WED MAY 27 2015


...................................

...THE JOPLIN MO CLIMATE SUMMARY FOR MAY 26 2015...

CLIMATE NORMAL PERIOD 1981 TO 2010
CLIMATE RECORD PERIOD 1902 TO 2015


WEATHER ITEM   OBSERVED TIME   RECORD YEAR NORMAL DEPARTURE LAST
                VALUE   (LST)  VALUE       VALUE  FROM      YEAR
                                                  NORMAL
..................................................................
TEMPERATURE (F)
 YESTERDAY
  MAXIMUM         78    431 PM  94    1953  80     -2       80
  MINIMUM         62    642 AM  41    1988  59      3       65
  AVERAGE         70                        70      0       73

PRECIPITATION (IN)
  YESTERDAY        0.03          2.27 1963   0.18  -0.15     1.43
  MONTH TO DATE    8.98                      4.80   4.18     4.74
  SINCE MAR 1     14.76                     12.69   2.07     7.87
  SINCE JAN 1     16.28                     17.04  -0.76     8.72

DEGREE DAYS
 HEATING
  YESTERDAY        0                         1     -1        0
  MONTH TO DATE   63                        61      2      103
  SINCE MAR 1    750                       810    -60     1032
  SINCE JUL 1   4286                      4064    222     4881

 COOLING
  YESTERDAY        5                         6     -1        8
  MONTH TO DATE   90                        95     -5      150
  SINCE MAR 1    125                       148    -23      173
  SINCE JAN 1    125                       149    -24      173
..................................................................


WIND (MPH)
  HIGHEST WIND SPEED    21   HIGHEST WIND DIRECTION     S (200)
  HIGHEST GUST SPEED    28   HIGHEST GUST DIRECTION     S (200)
  AVERAGE WIND SPEED    10.2


SKY COVER
  AVERAGE SKY COVER 0.6


WEATHER CONDITIONS
 THE FOLLOWING WEATHER WAS RECORDED YESTERDAY.
  THUNDERSTORM
  RAIN
  LIGHT RAIN
  FOG


RELATIVE HUMIDITY (PERCENT)
 HIGHEST    93          1200 AM
 LOWEST     58           300 PM
 AVERAGE    76

..........................................................


THE JOPLIN MO CLIMATE NORMALS FOR TODAY
                         NORMAL    RECORD    YEAR
 MAXIMUM TEMPERATURE (F)   80        92      2012
 MINIMUM TEMPERATURE (F)   59        44      1961


SUNRISE AND SUNSET
MAY 27 2015...........SUNRISE   602 AM CDT   SUNSET   829 PM CDT
MAY 28 2015...........SUNRISE   601 AM CDT   SUNSET   830 PM CDT


-  INDICATES NEGATIVE NUMBERS.
R  INDICATES RECORD WAS SET OR TIED.
MM INDICATES DATA IS MISSING.
T  INDICATES TRACE AMOUNT.




$$
