303
CDUS43 KSGF 180630
CLIJLN


CLIMATE REPORT
NATIONAL WEATHER SERVICE SPRINGFIELD MO
130 AM CDT TUE JUL 18 2017


...................................

...THE JOPLIN MO CLIMATE SUMMARY FOR JULY 17 2017...

CLIMATE NORMAL PERIOD 1981 TO 2010
CLIMATE RECORD PERIOD 1902 TO 2017


WEATHER ITEM   OBSERVED TIME   RECORD YEAR NORMAL DEPARTURE LAST
                VALUE   (LST)  VALUE       VALUE  FROM      YEAR
                                                  NORMAL
..................................................................
TEMPERATURE (F)
 YESTERDAY
  MAXIMUM         95    245 PM 109    1954  91      4       92
  MINIMUM         70    446 AM  53    1967  70      0       77
  AVERAGE         83                        80      3       85

PRECIPITATION (IN)
  YESTERDAY        0.00          0.98 1989   0.12  -0.12     0.00
  MONTH TO DATE    2.06                      2.30  -0.24     4.77
  SINCE JUN 1      6.24                      8.16  -1.92    10.89
  SINCE JAN 1     32.17                     26.11   6.06    24.99

DEGREE DAYS
 HEATING
  YESTERDAY        0                         0      0        0
  MONTH TO DATE    0                         0      0        0
  SINCE JUN 1      0                         5     -5        0
  SINCE JUL 1      0                         0      0        0

 COOLING
  YESTERDAY       18                        15      3       20
  MONTH TO DATE  271                       251     20      244
  SINCE JUN 1    600                       569     31      667
  SINCE JAN 1    807                       749     58      781
..................................................................


WIND (MPH)
  HIGHEST WIND SPEED    10   HIGHEST WIND DIRECTION    SW (230)
  HIGHEST GUST SPEED    13   HIGHEST GUST DIRECTION    SW (230)
  AVERAGE WIND SPEED     3.7


SKY COVER
  AVERAGE SKY COVER 0.1


WEATHER CONDITIONS
 THE FOLLOWING WEATHER WAS RECORDED YESTERDAY.
  FOG


RELATIVE HUMIDITY (PERCENT)
 HIGHEST   100           200 AM
 LOWEST     46           500 PM
 AVERAGE    73

..........................................................


THE JOPLIN MO CLIMATE NORMALS FOR TODAY
                         NORMAL    RECORD    YEAR
 MAXIMUM TEMPERATURE (F)   91       110      1954
 MINIMUM TEMPERATURE (F)   70        54      2009


SUNRISE AND SUNSET
JULY 18 2017..........SUNRISE   612 AM CDT   SUNSET   836 PM CDT
JULY 19 2017..........SUNRISE   613 AM CDT   SUNSET   835 PM CDT


-  INDICATES NEGATIVE NUMBERS.
R  INDICATES RECORD WAS SET OR TIED.
MM INDICATES DATA IS MISSING.
T  INDICATES TRACE AMOUNT.




$$
