000
CDUS43 KSGF 210633
CLIJLN


CLIMATE REPORT
NATIONAL WEATHER SERVICE SPRINGFIELD MO
132 AM CDT WED SEP 21 2016


...................................

...THE JOPLIN MO CLIMATE SUMMARY FOR SEPTEMBER 20 2016...

CLIMATE NORMAL PERIOD 1981 TO 2010
CLIMATE RECORD PERIOD 1902 TO 2016


WEATHER ITEM   OBSERVED TIME   RECORD YEAR NORMAL DEPARTURE LAST
                VALUE   (LST)  VALUE       VALUE  FROM      YEAR
                                                  NORMAL
..................................................................
TEMPERATURE (F)
 YESTERDAY
  MAXIMUM         93    436 PM  99    1954  80     13       72
  MINIMUM         72    602 AM  38    1991  57     15       57
  AVERAGE         83                        69     14       65

PRECIPITATION (IN)
  YESTERDAY        0.00          1.07 1992   0.17  -0.17      T
  MONTH TO DATE    2.62                      3.33  -0.71     1.12
  SINCE SEP 1      2.62                      3.33  -0.71     1.12
  SINCE JAN 1     32.40                     34.30  -1.90    39.82

DEGREE DAYS
 HEATING
  YESTERDAY        0                         2     -2        0
  MONTH TO DATE    0                        11    -11        5
  SINCE SEP 1      0                        11    -11        5
  SINCE JUL 1      0                        12    -12        6

 COOLING
  YESTERDAY       18                         6     12        0
  MONTH TO DATE  205                       171     34      202
  SINCE SEP 1    205                       171     34      202
  SINCE JAN 1   1692                      1598     94     1588
..................................................................


WIND (MPH)
  HIGHEST WIND SPEED    13   HIGHEST WIND DIRECTION    SE (150)
  HIGHEST GUST SPEED    16   HIGHEST GUST DIRECTION    SE (150)
  AVERAGE WIND SPEED     5.4


SKY COVER
  AVERAGE SKY COVER 0.1


WEATHER CONDITIONS
 THE FOLLOWING WEATHER WAS RECORDED YESTERDAY.
  NO SIGNIFICANT WEATHER WAS OBSERVED.


RELATIVE HUMIDITY (PERCENT)
 HIGHEST    93           100 AM
 LOWEST     52           300 PM
 AVERAGE    73

..........................................................


THE JOPLIN MO CLIMATE NORMALS FOR TODAY
                         NORMAL    RECORD    YEAR
 MAXIMUM TEMPERATURE (F)   80        95      1956
 MINIMUM TEMPERATURE (F)   57        35      1983


SUNRISE AND SUNSET
SEPTEMBER 21 2016.....SUNRISE   705 AM CDT   SUNSET   716 PM CDT
SEPTEMBER 22 2016.....SUNRISE   706 AM CDT   SUNSET   714 PM CDT


-  INDICATES NEGATIVE NUMBERS.
R  INDICATES RECORD WAS SET OR TIED.
MM INDICATES DATA IS MISSING.
T  INDICATES TRACE AMOUNT.




$$
