000
CDUS43 KSGF 170631
CLIJLN


CLIMATE REPORT
NATIONAL WEATHER SERVICE SPRINGFIELD MO
1230 AM CST FRI FEB 17 2017


...................................

...THE JOPLIN MO CLIMATE SUMMARY FOR FEBRUARY 16 2017...

CLIMATE NORMAL PERIOD 1981 TO 2010
CLIMATE RECORD PERIOD 1902 TO 2017


WEATHER ITEM   OBSERVED TIME   RECORD YEAR NORMAL DEPARTURE LAST
                VALUE   (LST)  VALUE       VALUE  FROM      YEAR
                                                  NORMAL
..................................................................
TEMPERATURE (F)
 YESTERDAY
  MAXIMUM         65    354 PM  81    1961  51     14       50
  MINIMUM         35   1200 AM   4    1958  29      6       28
                                      1978
                                      1979
  AVERAGE         50                        40     10       39

PRECIPITATION (IN)
  YESTERDAY        0.00          1.19 2008   0.08  -0.08      T
  MONTH TO DATE    0.13                      1.22  -1.09     0.11
  SINCE DEC 1      4.37                      6.07  -1.70    10.18
  SINCE JAN 1      3.78                      3.25   0.53     0.41

DEGREE DAYS
 HEATING
  YESTERDAY       15                        25    -10       26
  MONTH TO DATE  322                       430   -108      422
  SINCE DEC 1   1979                      2222   -243     1939
  SINCE JUL 1   2434                      2979   -545     2557

 COOLING
  YESTERDAY        0                         0      0        0
  MONTH TO DATE    3                         0      3        0
  SINCE DEC 1      3                         0      3        3
  SINCE JAN 1      3                         0      3        0
..................................................................


WIND (MPH)
  HIGHEST WIND SPEED    25   HIGHEST WIND DIRECTION    SW (210)
  HIGHEST GUST SPEED    32   HIGHEST GUST DIRECTION    SW (220)
  AVERAGE WIND SPEED    14.9


SKY COVER
  AVERAGE SKY COVER 0.0


WEATHER CONDITIONS
 THE FOLLOWING WEATHER WAS RECORDED YESTERDAY.
  NO SIGNIFICANT WEATHER WAS OBSERVED.


RELATIVE HUMIDITY (PERCENT)
 HIGHEST    70           600 AM
 LOWEST     26           200 PM
 AVERAGE    48

..........................................................


THE JOPLIN MO CLIMATE NORMALS FOR TODAY
                         NORMAL    RECORD    YEAR
 MAXIMUM TEMPERATURE (F)   51        74      2011
 MINIMUM TEMPERATURE (F)   30         4      1993


SUNRISE AND SUNSET
FEBRUARY 17 2017......SUNRISE   704 AM CST   SUNSET   600 PM CST
FEBRUARY 18 2017......SUNRISE   703 AM CST   SUNSET   601 PM CST


-  INDICATES NEGATIVE NUMBERS.
R  INDICATES RECORD WAS SET OR TIED.
MM INDICATES DATA IS MISSING.
T  INDICATES TRACE AMOUNT.




$$
