223
CDUS43 KSGF 210629
CLIJLN


CLIMATE REPORT
NATIONAL WEATHER SERVICE SPRINGFIELD MO
129 AM CDT THU JUL 21 2016


...................................

...THE JOPLIN MO CLIMATE SUMMARY FOR JULY 20 2016...

CLIMATE NORMAL PERIOD 1981 TO 2010
CLIMATE RECORD PERIOD 1902 TO 2016


WEATHER ITEM   OBSERVED TIME   RECORD YEAR NORMAL DEPARTURE LAST
                VALUE   (LST)  VALUE       VALUE  FROM      YEAR
                                                  NORMAL
..................................................................
TEMPERATURE (F)
 YESTERDAY
  MAXIMUM         94    313 PM 104    2006  91      3       94
  MINIMUM         77    547 AM  56    1971  70      7       77
  AVERAGE         86                        81      5       86

PRECIPITATION (IN)
  YESTERDAY        0.00          2.42 1969   0.11  -0.11     0.00
  MONTH TO DATE    4.77                      2.64   2.13     4.90
  SINCE JUN 1     10.89                      8.50   2.39    12.57
  SINCE JAN 1     24.99                     26.45  -1.46    30.28

DEGREE DAYS
 HEATING
  YESTERDAY        0                         0      0        0
  MONTH TO DATE    0                         0      0        0
  SINCE JUN 1      0                         5     -5        0
  SINCE JUL 1      0                         0      0        0

 COOLING
  YESTERDAY       21                        16      5       21
  MONTH TO DATE  303                       299      4      306
  SINCE JUN 1    726                       617    109      691
  SINCE JAN 1    840                       797     43      835
..................................................................


WIND (MPH)
  HIGHEST WIND SPEED    16   HIGHEST WIND DIRECTION     S (200)
  HIGHEST GUST SPEED    20   HIGHEST GUST DIRECTION    SW (210)
  AVERAGE WIND SPEED     8.8


SKY COVER
  AVERAGE SKY COVER 0.1


WEATHER CONDITIONS
 THE FOLLOWING WEATHER WAS RECORDED YESTERDAY.
  NO SIGNIFICANT WEATHER WAS OBSERVED.


RELATIVE HUMIDITY (PERCENT)
 HIGHEST    88           400 AM
 LOWEST     52           300 PM
 AVERAGE    70

..........................................................


THE JOPLIN MO CLIMATE NORMALS FOR TODAY
                         NORMAL    RECORD    YEAR
 MAXIMUM TEMPERATURE (F)   91       102      2011
                                             1974
 MINIMUM TEMPERATURE (F)   70        52      1970


SUNRISE AND SUNSET
JULY 21 2016..........SUNRISE   615 AM CDT   SUNSET   834 PM CDT
JULY 22 2016..........SUNRISE   615 AM CDT   SUNSET   833 PM CDT


-  INDICATES NEGATIVE NUMBERS.
R  INDICATES RECORD WAS SET OR TIED.
MM INDICATES DATA IS MISSING.
T  INDICATES TRACE AMOUNT.




$$
