000
CDUS43 KSGF 202227
CLIJLN


CLIMATE REPORT
NATIONAL WEATHER SERVICE SPRINGFIELD MO
427 PM CST FRI FEB 20 2015


...................................

...THE JOPLIN MO CLIMATE SUMMARY FOR FEBRUARY 20 2015...
VALID AS OF 0400 PM LOCAL TIME.

CLIMATE NORMAL PERIOD 1981 TO 2010
CLIMATE RECORD PERIOD 1902 TO 2015


WEATHER ITEM   OBSERVED TIME   RECORD YEAR NORMAL DEPARTURE LAST
                VALUE   (LST)  VALUE       VALUE  FROM      YEAR
                                                  NORMAL
..................................................................
TEMPERATURE (F)
 TODAY
  MAXIMUM         36    254 PM  78    1981  52    -16       69
  MINIMUM         21    130 AM  16    1963  31    -10       40
                                      1978
  AVERAGE         29                        41    -12       55

PRECIPITATION (IN)
  TODAY            0.00          2.08 1997   0.09  -0.09     0.04
  MONTH TO DATE    0.40                      1.58  -1.18     0.24
  SINCE DEC 1      2.94                      6.43  -3.49     2.21
  SINCE JAN 1      1.10                      3.61  -2.51     0.83

DEGREE DAYS
 HEATING
  TODAY           36                        24     12       10
  MONTH TO DATE  633                       527    106      690
  SINCE DEC 1   2319                      2319      0     2734
  SINCE JUL 1   3232                      3076    156     3622

 COOLING
  TODAY            0                         0      0        0
  MONTH TO DATE    0                         0      0        0
  SINCE DEC 1      0                         0      0        0
  SINCE JAN 1      0                         0      0        0
..................................................................


WIND (MPH)
  HIGHEST WIND SPEED    16   HIGHEST WIND DIRECTION    SE (140)
  HIGHEST GUST SPEED    20   HIGHEST GUST DIRECTION    SE (140)


SKY COVER
  AVERAGE SKY COVER 0.8


WEATHER CONDITIONS
 THE FOLLOWING WEATHER WAS RECORDED TODAY.
  FOG
  HAZE


RELATIVE HUMIDITY (PERCENT)
 HIGHEST    82           400 PM
 LOWEST     53           500 AM
 AVERAGE    68

..........................................................


THE JOPLIN MO CLIMATE NORMALS FOR TOMORROW
                         NORMAL    RECORD    YEAR
 MAXIMUM TEMPERATURE (F)   52        76      1996
 MINIMUM TEMPERATURE (F)   31         9      1963
                                             1978


SUNRISE AND SUNSET
FEBRUARY 20 2015......SUNRISE   701 AM CST   SUNSET   603 PM CST
FEBRUARY 21 2015......SUNRISE   700 AM CST   SUNSET   604 PM CST


-  INDICATES NEGATIVE NUMBERS.
R  INDICATES RECORD WAS SET OR TIED.
MM INDICATES DATA IS MISSING.
T  INDICATES TRACE AMOUNT.




$$
