000
CDUS43 KSGF 042226
CLIJLN


CLIMATE REPORT
NATIONAL WEATHER SERVICE SPRINGFIELD MO
525 PM CDT MON SEP 4 2017


...................................

...THE JOPLIN MO CLIMATE SUMMARY FOR SEPTEMBER 4 2017...
VALID TODAY AS OF 0500 PM LOCAL TIME.

CLIMATE NORMAL PERIOD 1981 TO 2010
CLIMATE RECORD PERIOD 1902 TO 2017


WEATHER ITEM   OBSERVED TIME   RECORD YEAR NORMAL DEPARTURE LAST
                VALUE   (LST)  VALUE       VALUE  FROM      YEAR
                                                  NORMAL
..................................................................
TEMPERATURE (F)
 TODAY
  MAXIMUM         92    359 PM 102    1954  87      5       86
  MINIMUM         73    325 AM  41    1974  64      9       60
  AVERAGE         83                        76      7       73

PRECIPITATION (IN)
  TODAY            0.00          5.23 1926   0.15  -0.15     0.00
  MONTH TO DATE    0.00                      0.63  -0.63     0.00
  SINCE SEP 1      0.00                      0.63  -0.63     0.00
  SINCE JAN 1     38.68                     31.60   7.08    29.78

DEGREE DAYS
 HEATING
  TODAY            0                         0      0        0
  MONTH TO DATE    0                         0      0        0
  SINCE SEP 1      0                         0      0        0
  SINCE JUL 1      0                         1     -1        0

 COOLING
  TODAY           18                        11      7        8
  MONTH TO DATE   47                        45      2       23
  SINCE SEP 1     47                        45      2       23
  SINCE JAN 1   1479                      1472      7     1510
..................................................................


WIND (MPH)
  HIGHEST WIND SPEED    17   HIGHEST WIND DIRECTION    SW (220)
  HIGHEST GUST SPEED    22   HIGHEST GUST DIRECTION    SW (210)


SKY COVER
  AVERAGE SKY COVER 0.0


WEATHER CONDITIONS
 THE FOLLOWING WEATHER WAS RECORDED TODAY.
  NO SIGNIFICANT WEATHER WAS OBSERVED.


RELATIVE HUMIDITY (PERCENT)
 HIGHEST    87          1200 AM
 LOWEST     47           400 PM
 AVERAGE    67

..........................................................


THE JOPLIN MO CLIMATE NORMALS FOR TOMORROW
                         NORMAL    RECORD    YEAR
 MAXIMUM TEMPERATURE (F)   87       103      1998
 MINIMUM TEMPERATURE (F)   64        44      1974


SUNRISE AND SUNSET
SEPTEMBER  4 2017.....SUNRISE   651 AM CDT   SUNSET   742 PM CDT
SEPTEMBER  5 2017.....SUNRISE   652 AM CDT   SUNSET   740 PM CDT


-  INDICATES NEGATIVE NUMBERS.
R  INDICATES RECORD WAS SET OR TIED.
MM INDICATES DATA IS MISSING.
T  INDICATES TRACE AMOUNT.




$$
