000
CDUS43 KSGF 202128
CLIJLN


CLIMATE REPORT
NATIONAL WEATHER SERVICE SPRINGFIELD MO
427 PM CDT FRI MAY 20 2016


...................................

...THE JOPLIN MO CLIMATE SUMMARY FOR MAY 20 2016...
VALID AS OF 0400 PM LOCAL TIME.

CLIMATE NORMAL PERIOD 1981 TO 2010
CLIMATE RECORD PERIOD 1902 TO 2016


WEATHER ITEM   OBSERVED TIME   RECORD YEAR NORMAL DEPARTURE LAST
                VALUE   (LST)  VALUE       VALUE  FROM      YEAR
                                                  NORMAL
..................................................................
TEMPERATURE (F)
 TODAY
  MAXIMUM         65    257 PM  92    1956  79    -14       65
  MINIMUM         54    606 AM  40    1981  57     -3       51
  AVERAGE         60                        68     -8       58

PRECIPITATION (IN)
  TODAY            T             2.09 2011   0.18  -0.18     0.52
  MONTH TO DATE    4.30                      3.77   0.53     5.89
  SINCE MAR 1     11.42                     11.66  -0.24    11.67
  SINCE JAN 1     12.09                     16.01  -3.92    13.19

DEGREE DAYS
 HEATING
  TODAY            5                         2      3        7
  MONTH TO DATE  120                        55     65       44
  SINCE MAR 1    636                       804   -168      731
  SINCE JUL 1   3386                      4058   -672     4267

 COOLING
  TODAY            0                         4     -4        0
  MONTH TO DATE   24                        64    -40       77
  SINCE MAR 1     46                       117    -71      112
  SINCE JAN 1     47                       118    -71      112
..................................................................


WIND (MPH)
  HIGHEST WIND SPEED    17   HIGHEST WIND DIRECTION    SE (120)
  HIGHEST GUST SPEED    23   HIGHEST GUST DIRECTION    SE (120)


SKY COVER
  AVERAGE SKY COVER 0.9


WEATHER CONDITIONS
 THE FOLLOWING WEATHER WAS RECORDED TODAY.
  LIGHT RAIN
  FOG


RELATIVE HUMIDITY (PERCENT)
 HIGHEST    93           400 AM
 LOWEST     67           300 PM
 AVERAGE    80

..........................................................


THE JOPLIN MO CLIMATE NORMALS FOR TOMORROW
                         NORMAL    RECORD    YEAR
 MAXIMUM TEMPERATURE (F)   79        91      1987
 MINIMUM TEMPERATURE (F)   58        40      1968


SUNRISE AND SUNSET
MAY 20 2016...........SUNRISE   605 AM CDT   SUNSET   824 PM CDT
MAY 21 2016...........SUNRISE   605 AM CDT   SUNSET   825 PM CDT


-  INDICATES NEGATIVE NUMBERS.
R  INDICATES RECORD WAS SET OR TIED.
MM INDICATES DATA IS MISSING.
T  INDICATES TRACE AMOUNT.




$$
