821
CDUS43 KSGF 150641
CLIJLN


CLIMATE REPORT
NATIONAL WEATHER SERVICE SPRINGFIELD MO
1241 AM CST WED FEB 15 2017


...................................

...THE JOPLIN MO CLIMATE SUMMARY FOR FEBRUARY 14 2017...

CLIMATE NORMAL PERIOD 1981 TO 2010
CLIMATE RECORD PERIOD 1902 TO 2017


WEATHER ITEM   OBSERVED TIME   RECORD YEAR NORMAL DEPARTURE LAST
                VALUE   (LST)  VALUE       VALUE  FROM      YEAR
                                                  NORMAL
..................................................................
TEMPERATURE (F)
 YESTERDAY
  MAXIMUM         48    443 PM  76    1954  50     -2       53
  MINIMUM         40    637 AM   9    1986  29     11       30
  AVERAGE         44                        40      4       42

PRECIPITATION (IN)
  YESTERDAY        0.02          1.54 1992   0.08  -0.06      T
  MONTH TO DATE    0.13                      1.06  -0.93     0.11
  SINCE DEC 1      4.37                      5.91  -1.54    10.18
  SINCE JAN 1      3.78                      3.09   0.69     0.41

DEGREE DAYS
 HEATING
  YESTERDAY       21                        25     -4       23
  MONTH TO DATE  283                       380    -97      379
  SINCE DEC 1   1940                      2172   -232     1896
  SINCE JUL 1   2395                      2929   -534     2514

 COOLING
  YESTERDAY        0                         0      0        0
  MONTH TO DATE    3                         0      3        0
  SINCE DEC 1      3                         0      3        3
  SINCE JAN 1      3                         0      3        0
..................................................................


WIND (MPH)
  HIGHEST WIND SPEED    12   HIGHEST WIND DIRECTION     N (350)
  HIGHEST GUST SPEED    16   HIGHEST GUST DIRECTION    NE (40)
  AVERAGE WIND SPEED     4.5


SKY COVER
  AVERAGE SKY COVER 0.7


WEATHER CONDITIONS
 THE FOLLOWING WEATHER WAS RECORDED YESTERDAY.
  LIGHT RAIN
  FOG


RELATIVE HUMIDITY (PERCENT)
 HIGHEST   100           100 AM
 LOWEST     56           400 PM
 AVERAGE    78

..........................................................


THE JOPLIN MO CLIMATE NORMALS FOR TODAY
                         NORMAL    RECORD    YEAR
 MAXIMUM TEMPERATURE (F)   51        72      1976
                                             2006
 MINIMUM TEMPERATURE (F)   29         8      1986


SUNRISE AND SUNSET
FEBRUARY 15 2017......SUNRISE   706 AM CST   SUNSET   558 PM CST
FEBRUARY 16 2017......SUNRISE   705 AM CST   SUNSET   559 PM CST


-  INDICATES NEGATIVE NUMBERS.
R  INDICATES RECORD WAS SET OR TIED.
MM INDICATES DATA IS MISSING.
T  INDICATES TRACE AMOUNT.




$$
