000
CDUS43 KSGF 110646
CLIJLN


CLIMATE REPORT
NATIONAL WEATHER SERVICE SPRINGFIELD MO
145 AM CDT THU MAY 11 2017


...................................

...THE JOPLIN MO CLIMATE SUMMARY FOR MAY 10 2017...

CLIMATE NORMAL PERIOD 1981 TO 2010
CLIMATE RECORD PERIOD 1902 TO 2017


WEATHER ITEM   OBSERVED TIME   RECORD YEAR NORMAL DEPARTURE LAST
                VALUE   (LST)  VALUE       VALUE  FROM      YEAR
                                                  NORMAL
..................................................................
TEMPERATURE (F)
 YESTERDAY
  MAXIMUM         84    248 PM  91    1963  76      8       85
  MINIMUM         67   1159 PM  38    1989  55     12       57
                                      1997
  AVERAGE         76                        65     11       71

PRECIPITATION (IN)
  YESTERDAY        0.65          1.52 1996   0.18   0.47     0.00
  MONTH TO DATE    2.50                      1.92   0.58     0.14
  SINCE MAR 1     16.44                      9.81   6.63     7.26
  SINCE JAN 1     20.43                     14.16   6.27     7.93

DEGREE DAYS
 HEATING
  YESTERDAY        0                         3     -3        0
  MONTH TO DATE   44                        34     10       51
  SINCE MAR 1    599                       783   -184      567
  SINCE JUL 1   3151                      4037   -886     3317

 COOLING
  YESTERDAY       11                         3      8        6
  MONTH TO DATE   31                        26      5       15
  SINCE MAR 1     95                        79     16       37
  SINCE JAN 1    105                        80     25       38
..................................................................


WIND (MPH)
  HIGHEST WIND SPEED    26   HIGHEST WIND DIRECTION    NW (300)
  HIGHEST GUST SPEED    33   HIGHEST GUST DIRECTION     W (290)
  AVERAGE WIND SPEED    10.6


SKY COVER
  AVERAGE SKY COVER 0.6


WEATHER CONDITIONS
 THE FOLLOWING WEATHER WAS RECORDED YESTERDAY.
  THUNDERSTORM
  HEAVY RAIN
  RAIN
  LIGHT RAIN
  FOG


RELATIVE HUMIDITY (PERCENT)
 HIGHEST   100          1000 PM
 LOWEST     58           200 PM
 AVERAGE    79

..........................................................


THE JOPLIN MO CLIMATE NORMALS FOR TODAY
                         NORMAL    RECORD    YEAR
 MAXIMUM TEMPERATURE (F)   77        90      1963
                                             1980
                                             2005
 MINIMUM TEMPERATURE (F)   55        36      1981


SUNRISE AND SUNSET
MAY 11 2017...........SUNRISE   613 AM CDT   SUNSET   816 PM CDT
MAY 12 2017...........SUNRISE   612 AM CDT   SUNSET   817 PM CDT


-  INDICATES NEGATIVE NUMBERS.
R  INDICATES RECORD WAS SET OR TIED.
MM INDICATES DATA IS MISSING.
T  INDICATES TRACE AMOUNT.




$$
