209
CDUS43 KSGF 150627
CLIJLN


CLIMATE REPORT
NATIONAL WEATHER SERVICE SPRINGFIELD MO
1225 AM CST WED NOV 15 2017


...................................

...THE JOPLIN MO CLIMATE SUMMARY FOR NOVEMBER 14 2017...

CLIMATE NORMAL PERIOD 1981 TO 2010
CLIMATE RECORD PERIOD 1902 TO 2017


WEATHER ITEM   OBSERVED TIME   RECORD YEAR NORMAL DEPARTURE LAST
                VALUE   (LST)  VALUE       VALUE  FROM      YEAR
                                                  NORMAL
..................................................................
TEMPERATURE (F)
 YESTERDAY
  MAXIMUM         58   1159 PM  79    1964  60     -2       67
  MINIMUM         52    344 AM  14    2014  39     13       46
  AVERAGE         55                        49      6       57

PRECIPITATION (IN)
  YESTERDAY        0.05          1.60 1985   0.13  -0.08     0.00
  MONTH TO DATE    0.06                      1.85  -1.79     0.74
  SINCE SEP 1      5.86                     10.83  -4.97     8.73
  SINCE JAN 1     44.54                     41.80   2.74    38.51

DEGREE DAYS
 HEATING
  YESTERDAY       10                        16     -6        8
  MONTH TO DATE  194                       187      7      115
  SINCE SEP 1    425                       438    -13      217
  SINCE JUL 1    425                       439    -14      217

 COOLING
  YESTERDAY        0                         0      0        0
  MONTH TO DATE    1                         5     -4       20
  SINCE SEP 1    318                       269     49      384
  SINCE JAN 1   1750                      1696     54     1871
..................................................................


WIND (MPH)
  HIGHEST WIND SPEED    16   HIGHEST WIND DIRECTION     S (170)
  HIGHEST GUST SPEED    23   HIGHEST GUST DIRECTION     S (170)
  AVERAGE WIND SPEED     9.2


SKY COVER
  AVERAGE SKY COVER 1.0


WEATHER CONDITIONS
 THE FOLLOWING WEATHER WAS RECORDED YESTERDAY.
  RAIN
  LIGHT RAIN
  FOG


RELATIVE HUMIDITY (PERCENT)
 HIGHEST   100           500 AM
 LOWEST     77          1200 AM
 AVERAGE    89

..........................................................


THE JOPLIN MO CLIMATE NORMALS FOR TODAY
                         NORMAL    RECORD    YEAR
 MAXIMUM TEMPERATURE (F)   59        77      1950
                                             1955
                                             1960
 MINIMUM TEMPERATURE (F)   38        17      1982


SUNRISE AND SUNSET
NOVEMBER 15 2017......SUNRISE   657 AM CST   SUNSET   508 PM CST
NOVEMBER 16 2017......SUNRISE   658 AM CST   SUNSET   507 PM CST


-  INDICATES NEGATIVE NUMBERS.
R  INDICATES RECORD WAS SET OR TIED.
MM INDICATES DATA IS MISSING.
T  INDICATES TRACE AMOUNT.




$$
