000
CDUS43 KSGF 110641
CLIJLN


CLIMATE REPORT
NATIONAL WEATHER SERVICE SPRINGFIELD MO
1241 AM CST THU DEC 11 2014


...................................

...THE JOPLIN MO CLIMATE SUMMARY FOR DECEMBER 10 2014...

CLIMATE NORMAL PERIOD 1981 TO 2010
CLIMATE RECORD PERIOD 1902 TO 2014


WEATHER ITEM   OBSERVED TIME   RECORD YEAR NORMAL DEPARTURE LAST
                VALUE   (LST)  VALUE       VALUE  FROM      YEAR
                                                  NORMAL
..................................................................
TEMPERATURE (F)
 YESTERDAY
  MAXIMUM         52    236 PM  74    1996  48      4       32
  MINIMUM         27    736 AM   0    1995  28     -1        3
  AVERAGE         40                        38      2       18

PRECIPITATION (IN)
  YESTERDAY        0.05          1.51 1985   0.09  -0.04      T
  MONTH TO DATE    0.49                      1.02  -0.53     0.15
  SINCE DEC 1      0.49                      1.02  -0.53     0.15
  SINCE JAN 1     30.36                     44.75 -14.39    42.75

DEGREE DAYS
 HEATING
  YESTERDAY       25                        27     -2       47
  MONTH TO DATE  251                       253     -2      349
  SINCE DEC 1    251                       253     -2      349
  SINCE JUL 1   1164                      1010    154     1237

 COOLING
  YESTERDAY        0                         0      0        0
  MONTH TO DATE    0                         0      0        0
  SINCE DEC 1      0                         0      0        0
  SINCE JAN 1   1583                      1698   -115     1568
..................................................................


WIND (MPH)
  HIGHEST WIND SPEED    12   HIGHEST WIND DIRECTION     E (110)
  HIGHEST GUST SPEED    14   HIGHEST GUST DIRECTION     E (70)
  AVERAGE WIND SPEED     5.2


SKY COVER
  AVERAGE SKY COVER 0.5


WEATHER CONDITIONS
 THE FOLLOWING WEATHER WAS RECORDED YESTERDAY.
  LIGHT RAIN
  FOG


RELATIVE HUMIDITY (PERCENT)
 HIGHEST   100           700 AM
 LOWEST     50           200 PM
 AVERAGE    75

..........................................................


THE JOPLIN MO CLIMATE NORMALS FOR TODAY
                         NORMAL    RECORD    YEAR
 MAXIMUM TEMPERATURE (F)   48        74      1949
 MINIMUM TEMPERATURE (F)   28         5      1962


SUNRISE AND SUNSET
DECEMBER 11 2014......SUNRISE   722 AM CST   SUNSET   501 PM CST
DECEMBER 12 2014......SUNRISE   722 AM CST   SUNSET   501 PM CST


-  INDICATES NEGATIVE NUMBERS.
R  INDICATES RECORD WAS SET OR TIED.
MM INDICATES DATA IS MISSING.
T  INDICATES TRACE AMOUNT.




$$
