000
CDUS43 KTOP 270643
CLICNK


CLIMATE REPORT
NATIONAL WEATHER SERVICE TOPEKA KS
141 AM CDT WED APR 27 2016


...................................

...THE CONCORDIA KS CLIMATE SUMMARY FOR APRIL 26 2016...

CLIMATE NORMAL PERIOD 1981 TO 2010
CLIMATE RECORD PERIOD 1885 TO 2016


WEATHER ITEM   OBSERVED TIME   RECORD YEAR NORMAL DEPARTURE LAST
                VALUE   (LST)  VALUE       VALUE  FROM      YEAR
                                                  NORMAL
..................................................................
TEMPERATURE (F)
 YESTERDAY
  MAXIMUM         80    203 PM  98    1989  68     12       56
  MINIMUM         58   1119 PM  25    1907  45     13       46
  AVERAGE         69                        57     12       51

PRECIPITATION (IN)
  YESTERDAY        0.09          2.17 2009   0.10  -0.01     0.00
  MONTH TO DATE    1.27                      2.06  -0.79     2.23
  SINCE MAR 1      1.72                      4.07  -2.35     2.34
  SINCE JAN 1      3.28                      5.44  -2.16     3.86

SNOWFALL (IN)
  YESTERDAY        0.0           T    1994   0.0    0.0      0.0
  MONTH TO DATE    0.0                       0.5   -0.5      0.0
  SINCE JAN 1     12.3                      13.7   -1.4      5.6
  SINCE JUL 1     13.6                      20.2   -6.6     11.7
  SNOW DEPTH       0

DEGREE DAYS
 HEATING
  YESTERDAY        0                         9     -9       14
  MONTH TO DATE  202                       339   -137      254
  SINCE MAR 1    690                      1023   -333      801
  SINCE JUL 1   4161                      5230  -1069     5008

 COOLING
  YESTERDAY        4                         1      3        0
  MONTH TO DATE    8                        11     -3        4
  SINCE MAR 1     11                        12     -1        8
  SINCE JAN 1     11                        12     -1        8
..................................................................


WIND (MPH)
  HIGHEST WIND SPEED    31   HIGHEST WIND DIRECTION    SE (130)
  HIGHEST GUST SPEED    39   HIGHEST GUST DIRECTION    SE (130)
  AVERAGE WIND SPEED    13.2


SKY COVER
  AVERAGE SKY COVER 0.7


WEATHER CONDITIONS
 THE FOLLOWING WEATHER WAS RECORDED YESTERDAY.
  THUNDERSTORM
  RAIN
  LIGHT RAIN
  FOG


RELATIVE HUMIDITY (PERCENT)
 HIGHEST    87           500 AM
 LOWEST     60          1200 PM
 AVERAGE    74

..........................................................


THE CONCORDIA KS CLIMATE NORMALS FOR TODAY
                         NORMAL    RECORD    YEAR
 MAXIMUM TEMPERATURE (F)   69        93      1989
 MINIMUM TEMPERATURE (F)   45        30      1995


SUNRISE AND SUNSET
APRIL 27 2016.........SUNRISE   636 AM CDT   SUNSET   821 PM CDT
APRIL 28 2016.........SUNRISE   635 AM CDT   SUNSET   822 PM CDT


-  INDICATES NEGATIVE NUMBERS.
R  INDICATES RECORD WAS SET OR TIED.
MM INDICATES DATA IS MISSING.
T  INDICATES TRACE AMOUNT.




$$
