987
CDUS43 KTOP 050642
CLICNK


CLIMATE REPORT
NATIONAL WEATHER SERVICE TOPEKA KS
142 AM CDT THU MAY 5 2016


...................................

...THE CONCORDIA KS CLIMATE SUMMARY FOR MAY 4 2016...

CLIMATE NORMAL PERIOD 1981 TO 2010
CLIMATE RECORD PERIOD 1885 TO 2016


WEATHER ITEM   OBSERVED TIME   RECORD YEAR NORMAL DEPARTURE LAST
                VALUE   (LST)  VALUE       VALUE  FROM      YEAR
                                                  NORMAL
..................................................................
TEMPERATURE (F)
 YESTERDAY
  MAXIMUM         72    409 PM  90    1952  71      1       75
                                      1943
  MINIMUM         49   1158 PM  28    1907  48      1       60
  AVERAGE         61                        59      2       68

PRECIPITATION (IN)
  YESTERDAY        0.00          2.50 1961   0.11  -0.11     0.30
  MONTH TO DATE    0.01                      0.44  -0.43     0.30
  SINCE MAR 1      2.36                      4.90  -2.54     2.64
  SINCE JAN 1      3.92                      6.27  -2.35     4.16

SNOWFALL (IN)
  YESTERDAY        0.0           T    1950   0.0    0.0      0.0
  MONTH TO DATE    0.0                       0.0    0.0      0.0
  SINCE JAN 1     12.3                      13.7   -1.4      5.6
  SINCE JUL 1     13.6                      20.2   -6.6     11.7
  SNOW DEPTH       0

DEGREE DAYS
 HEATING
  YESTERDAY        4                         7     -3        0
  MONTH TO DATE   42                        29     13        2
  SINCE MAR 1    796                      1086   -290      838
  SINCE JUL 1   4267                      5293  -1026     5045

 COOLING
  YESTERDAY        0                         1     -1        3
  MONTH TO DATE    0                         4     -4       20
  SINCE MAR 1     11                        21    -10       28
  SINCE JAN 1     11                        21    -10       28
..................................................................


WIND (MPH)
  HIGHEST WIND SPEED    20   HIGHEST WIND DIRECTION     N (360)
  HIGHEST GUST SPEED    26   HIGHEST GUST DIRECTION     N (340)
  AVERAGE WIND SPEED    10.4


SKY COVER
  AVERAGE SKY COVER 0.0


WEATHER CONDITIONS
 THE FOLLOWING WEATHER WAS RECORDED YESTERDAY.
  NO SIGNIFICANT WEATHER WAS OBSERVED.


RELATIVE HUMIDITY (PERCENT)
 HIGHEST    80           400 AM
 LOWEST     24           500 PM
 AVERAGE    52

..........................................................


THE CONCORDIA KS CLIMATE NORMALS FOR TODAY
                         NORMAL    RECORD    YEAR
 MAXIMUM TEMPERATURE (F)   71        97      1909
 MINIMUM TEMPERATURE (F)   48        32      1917


SUNRISE AND SUNSET
MAY  5 2016...........SUNRISE   626 AM CDT   SUNSET   829 PM CDT
MAY  6 2016...........SUNRISE   625 AM CDT   SUNSET   830 PM CDT


-  INDICATES NEGATIVE NUMBERS.
R  INDICATES RECORD WAS SET OR TIED.
MM INDICATES DATA IS MISSING.
T  INDICATES TRACE AMOUNT.




$$
