000
CDUS43 KTOP 010634
CLICNK


CLIMATE REPORT
NATIONAL WEATHER SERVICE TOPEKA KS
134 AM CDT MON JUN 1 2015


...................................

...THE CONCORDIA KS CLIMATE SUMMARY FOR MAY 31 2015...

CLIMATE NORMAL PERIOD 1981 TO 2010
CLIMATE RECORD PERIOD 1885 TO 2015


WEATHER ITEM   OBSERVED TIME   RECORD YEAR NORMAL DEPARTURE LAST
                VALUE   (LST)  VALUE       VALUE  FROM      YEAR
                                                  NORMAL
..................................................................
TEMPERATURE (F)
 YESTERDAY
  MAXIMUM         72    453 PM 100    1934  79     -7       86
  MINIMUM         47    542 AM  41    1983  57    -10       62
  AVERAGE         60                        68     -8       74

PRECIPITATION (IN)
  YESTERDAY        0.00          1.78 1896   0.14  -0.14     0.00
  MONTH TO DATE    4.22                      4.16   0.06     3.12
  SINCE MAR 1      6.56                      8.62  -2.06     4.64
  SINCE JAN 1      8.08                      9.99  -1.91     5.83

SNOWFALL (IN)
  YESTERDAY        0.0           T    1944   0.0    0.0      0.0
  MONTH TO DATE    0.0                       T      0.0      0.0
  SINCE JAN 1      5.6                      13.7   -8.1     16.9
  SINCE JUL 1     11.7                      20.2   -8.5     23.2
  SNOW DEPTH       0

DEGREE DAYS
 HEATING
  YESTERDAY        5                         2      3        0
  MONTH TO DATE  137                       131      6      131
  SINCE MAR 1    973                      1188   -215     1276
  SINCE JUL 1   5180                      5395   -215     5758

 COOLING
  YESTERDAY        0                         5     -5        9
  MONTH TO DATE   47                        72    -25      150
  SINCE MAR 1     55                        89    -34      175
  SINCE JAN 1     55                        89    -34      175
..................................................................


WIND (MPH)
  HIGHEST WIND SPEED    15   HIGHEST WIND DIRECTION    SE (140)
  HIGHEST GUST SPEED    19   HIGHEST GUST DIRECTION    SE (130)
  AVERAGE WIND SPEED     7.0


SKY COVER
  AVERAGE SKY COVER 0.1


WEATHER CONDITIONS
 THE FOLLOWING WEATHER WAS RECORDED YESTERDAY.
  FOG


RELATIVE HUMIDITY (PERCENT)
 HIGHEST   100           500 AM
 LOWEST     49           300 PM
 AVERAGE    75

..........................................................


THE CONCORDIA KS CLIMATE NORMALS FOR TODAY
                         NORMAL    RECORD    YEAR
 MAXIMUM TEMPERATURE (F)   80        95      2002
                                             1955
                                             1934
 MINIMUM TEMPERATURE (F)   57        41      1964


SUNRISE AND SUNSET
JUNE  1 2015..........SUNRISE   605 AM CDT   SUNSET   852 PM CDT
JUNE  2 2015..........SUNRISE   605 AM CDT   SUNSET   853 PM CDT


-  INDICATES NEGATIVE NUMBERS.
R  INDICATES RECORD WAS SET OR TIED.
MM INDICATES DATA IS MISSING.
T  INDICATES TRACE AMOUNT.




$$
