000
CDUS43 KTOP 030635
CLICNK


CLIMATE REPORT
NATIONAL WEATHER SERVICE TOPEKA KS
134 AM CDT FRI JUL 3 2015


...................................

...THE CONCORDIA KS CLIMATE SUMMARY FOR JULY 2 2015...

CLIMATE NORMAL PERIOD 1981 TO 2010
CLIMATE RECORD PERIOD 1885 TO 2015


WEATHER ITEM   OBSERVED TIME   RECORD YEAR NORMAL DEPARTURE LAST
                VALUE   (LST)  VALUE       VALUE  FROM      YEAR
                                                  NORMAL
..................................................................
TEMPERATURE (F)
 YESTERDAY
  MAXIMUM         84    428 PM 108    1990  90     -6       76
  MINIMUM         64   1159 PM  51    1924  66     -2       55
  AVERAGE         74                        78     -4       66

PRECIPITATION (IN)
  YESTERDAY        0.12          1.40 1981   0.13  -0.01     0.00
  MONTH TO DATE    0.12                      0.27  -0.15     0.00
  SINCE JUN 1      6.23                      4.32   1.91     6.70
  SINCE JAN 1     14.31                     14.31   0.00    12.53

SNOWFALL (IN)
  YESTERDAY        0.0           0.0    MM   0.0    0.0      0.0
  MONTH TO DATE    0.0                       0.0    0.0      0.0
  SINCE JAN 1      5.6                      13.7   -8.1     16.9
  SINCE JUL 1      0.0                       0.0    0.0      0.0
  SNOW DEPTH       0

DEGREE DAYS
 HEATING
  YESTERDAY        0                         0      0        0
  MONTH TO DATE    0                         0      0        0
  SINCE JUN 1      2                        13    -11        1
  SINCE JUL 1      0                         0      0        0

 COOLING
  YESTERDAY        9                        13     -4        1
  MONTH TO DATE   26                        26      0       11
  SINCE JUN 1    335                       291     44      298
  SINCE JAN 1    390                       380     10      473
..................................................................


WIND (MPH)
  HIGHEST WIND SPEED    22   HIGHEST WIND DIRECTION    NE (40)
  HIGHEST GUST SPEED    29   HIGHEST GUST DIRECTION    NE (40)
  AVERAGE WIND SPEED     5.4


SKY COVER
  AVERAGE SKY COVER 0.6


WEATHER CONDITIONS
 THE FOLLOWING WEATHER WAS RECORDED YESTERDAY.
  THUNDERSTORM
  RAIN
  LIGHT RAIN
  FOG


RELATIVE HUMIDITY (PERCENT)
 HIGHEST    93           400 AM
 LOWEST     61           400 PM
 AVERAGE    77

..........................................................


THE CONCORDIA KS CLIMATE NORMALS FOR TODAY
                         NORMAL    RECORD    YEAR
 MAXIMUM TEMPERATURE (F)   90       106      2003
                                             1990
                                             1936
 MINIMUM TEMPERATURE (F)   67        50      1924


SUNRISE AND SUNSET
JULY  3 2015..........SUNRISE   608 AM CDT   SUNSET   902 PM CDT
JULY  4 2015..........SUNRISE   608 AM CDT   SUNSET   901 PM CDT


-  INDICATES NEGATIVE NUMBERS.
R  INDICATES RECORD WAS SET OR TIED.
MM INDICATES DATA IS MISSING.
T  INDICATES TRACE AMOUNT.




$$
