000
CDUS43 KTOP 270634
CLICNK


CLIMATE REPORT
NATIONAL WEATHER SERVICE TOPEKA KS
133 AM CDT SAT MAY 27 2017


...................................

...THE CONCORDIA KS CLIMATE SUMMARY FOR MAY 26 2017...

CLIMATE NORMAL PERIOD 1981 TO 2010
CLIMATE RECORD PERIOD 1885 TO 2017


WEATHER ITEM   OBSERVED TIME   RECORD YEAR NORMAL DEPARTURE LAST
                VALUE   (LST)  VALUE       VALUE  FROM      YEAR
                                                  NORMAL
..................................................................
TEMPERATURE (F)
 YESTERDAY
  MAXIMUM         81    502 PM  98    2012  77      4       80
  MINIMUM         58    550 AM  40    1940  55      3       56
  AVERAGE         70                        66      4       68

PRECIPITATION (IN)
  YESTERDAY        0.00          2.66 1996   0.14  -0.14     1.12
  MONTH TO DATE    7.16                      3.44   3.72     7.82
  SINCE MAR 1     15.69                      7.90   7.79    10.17
  SINCE JAN 1     17.54                      9.27   8.27    11.73

SNOWFALL (IN)
  YESTERDAY        0.0           T    1955   0.0    0.0      0.0
  MONTH TO DATE    T                         0.0    0.0      0.0
  SINCE JAN 1      2.1                      13.7  -11.6     12.3
  SINCE JUL 1      4.3                      20.2  -15.9     13.6
  SNOW DEPTH       0

DEGREE DAYS
 HEATING
  YESTERDAY        0                         2     -2        0
  MONTH TO DATE  145                       121     24      139
  SINCE MAR 1   1062                      1178   -116      893
  SINCE JUL 1   4563                      5385   -822     4364

 COOLING
  YESTERDAY        5                         4      1        3
  MONTH TO DATE   55                        50      5       30
  SINCE MAR 1     74                        67      7       41
  SINCE JAN 1     74                        67      7       41
..................................................................


WIND (MPH)
  HIGHEST WIND SPEED    24   HIGHEST WIND DIRECTION    SE (130)
  HIGHEST GUST SPEED    29   HIGHEST GUST DIRECTION    SE (130)
  AVERAGE WIND SPEED     6.0


SKY COVER
  AVERAGE SKY COVER 0.0


WEATHER CONDITIONS
 THE FOLLOWING WEATHER WAS RECORDED YESTERDAY.
  NO SIGNIFICANT WEATHER WAS OBSERVED.


RELATIVE HUMIDITY (PERCENT)
 HIGHEST   100           100 AM
 LOWEST     39           500 PM
 AVERAGE    70

..........................................................


THE CONCORDIA KS CLIMATE NORMALS FOR TODAY
                         NORMAL    RECORD    YEAR
 MAXIMUM TEMPERATURE (F)   78        95      2006
 MINIMUM TEMPERATURE (F)   56        34      1907


SUNRISE AND SUNSET
MAY 27 2017...........SUNRISE   607 AM CDT   SUNSET   849 PM CDT
MAY 28 2017...........SUNRISE   607 AM CDT   SUNSET   849 PM CDT


-  INDICATES NEGATIVE NUMBERS.
R  INDICATES RECORD WAS SET OR TIED.
MM INDICATES DATA IS MISSING.
T  INDICATES TRACE AMOUNT.




$$
