000
CDUS43 KTOP 242137
CLICNK


CLIMATE REPORT
NATIONAL WEATHER SERVICE TOPEKA KS
437 PM CDT SUN SEP 24 2017


...................................

...THE CONCORDIA KS CLIMATE SUMMARY FOR SEPTEMBER 24 2017...
VALID TODAY AS OF 430 PM LOCAL TIME.

CLIMATE NORMAL PERIOD 1981 TO 2010
CLIMATE RECORD PERIOD 1885 TO 2017


WEATHER ITEM   OBSERVED TIME   RECORD YEAR NORMAL DEPARTURE LAST
                VALUE   (LST)  VALUE       VALUE  FROM      YEAR
                                                  NORMAL
..................................................................
TEMPERATURE (F)
 TODAY
  MAXIMUM         87    219 PM  95    1920  76     11       78
  MINIMUM         66    352 AM  34    1965  52     14       68
  AVERAGE         77                        64     13       73

PRECIPITATION (IN)
  TODAY            0.00          1.47 1931   0.09  -0.09     0.27
  MONTH TO DATE    2.35                      2.36  -0.01     2.00
  SINCE SEP 1      2.35                      2.36  -0.01     2.00
  SINCE JAN 1     29.80                     23.46   6.34    27.52

SNOWFALL (IN)
  TODAY            0.0           T    1951   0.0    0.0      0.0
  MONTH TO DATE    0.0                       0.0    0.0      0.0
  SINCE JAN 1      2.1                      13.7  -11.6     12.3
  SINCE JUL 1      0.0                       0.0    0.0      0.0
  SNOW DEPTH       0

DEGREE DAYS
 HEATING
  TODAY            0                         4     -4        0
  MONTH TO DATE   11                        42    -31       13
  SINCE SEP 1     11                        42    -31       13
  SINCE JUL 1     11                        45    -34       14

 COOLING
  TODAY           12                         3      9        8
  MONTH TO DATE  201                       144     57      216
  SINCE SEP 1    201                       144     57      216
  SINCE JAN 1   1339                      1310     29     1498
..................................................................


WIND (MPH)
  HIGHEST WIND SPEED    24   HIGHEST WIND DIRECTION     S (200)
  HIGHEST GUST SPEED    35   HIGHEST GUST DIRECTION     S (190)
  AVERAGE WIND SPEED    13.7



WEATHER CONDITIONS
 THE FOLLOWING WEATHER WAS RECORDED TODAY.
  NO SIGNIFICANT WEATHER WAS OBSERVED.


RELATIVE HUMIDITY (PERCENT)
 HIGHEST    93           400 AM
 LOWEST     48           300 PM
 AVERAGE    71

..........................................................


THE CONCORDIA KS CLIMATE NORMALS FOR TOMORROW
                         NORMAL    RECORD    YEAR
 MAXIMUM TEMPERATURE (F)   76        94      1998
 MINIMUM TEMPERATURE (F)   52        33      1926


SUNRISE AND SUNSET
SEPTEMBER 24 2017.....SUNRISE   720 AM CDT   SUNSET   724 PM CDT
SEPTEMBER 25 2017.....SUNRISE   721 AM CDT   SUNSET   722 PM CDT


-  INDICATES NEGATIVE NUMBERS.
R  INDICATES RECORD WAS SET OR TIED.
MM INDICATES DATA IS MISSING.
T  INDICATES TRACE AMOUNT.




$$
