531
CDUS41 KBUF 220705
CLIART


CLIMATE REPORT
NATIONAL WEATHER SERVICE BUFFALO NY
305 AM EDT FRI SEP 22 2017


...................................

...THE WATERTOWN NY CLIMATE SUMMARY FOR SEPTEMBER 21 2017...

CLIMATE NORMAL PERIOD 1981 TO 2010
CLIMATE RECORD PERIOD 1949 TO 2017


WEATHER ITEM   OBSERVED TIME   RECORD YEAR NORMAL DEPARTURE LAST
                VALUE   (LST)  VALUE       VALUE  FROM      YEAR
                                                  NORMAL
..................................................................
TEMPERATURE (F)
 YESTERDAY
  MAXIMUM         81    333 PM  88    1965  68     13       76
  MINIMUM         53    459 AM  27    1973  47      6       45
  AVERAGE         67                        58      9       61

PRECIPITATION (IN)
  YESTERDAY        0.00          1.15 1966   0.14  -0.14     0.00
  MONTH TO DATE    1.13                      2.47  -1.34     2.24
  SINCE SEP 1      1.13                      2.47  -1.34     2.24
  SINCE JAN 1     31.86                     24.27   7.59    21.27

DEGREE DAYS
 HEATING
  YESTERDAY        0                         8     -8        4
  MONTH TO DATE  102                       111     -9       62
  SINCE SEP 1    102                       111     -9       62
  SINCE JUL 1    172                       183    -11       73

 COOLING
  YESTERDAY        2                         1      1        0
  MONTH TO DATE   21                        31    -10       47
  SINCE SEP 1     21                        31    -10       47
  SINCE JAN 1    351                       355     -4      561
..................................................................


WIND (MPH)
  HIGHEST WIND SPEED    15   HIGHEST WIND DIRECTION    NE (30)
  HIGHEST GUST SPEED    19   HIGHEST GUST DIRECTION    NE (40)
  AVERAGE WIND SPEED     6.3


SKY COVER
  AVERAGE SKY COVER 0.2


WEATHER CONDITIONS
 THE FOLLOWING WEATHER WAS RECORDED YESTERDAY.
  FOG
  FOG W/VISIBILITY <= 1/4 MILE


RELATIVE HUMIDITY (PERCENT)
 HIGHEST   100          1200 AM
 LOWEST     51           200 PM
 AVERAGE    76

..........................................................


THE WATERTOWN NY CLIMATE NORMALS FOR TODAY
                         NORMAL    RECORD    YEAR
 MAXIMUM TEMPERATURE (F)   68        91      1965
 MINIMUM TEMPERATURE (F)   46        28      1974


SUNRISE AND SUNSET
SEPTEMBER 22 2017.....SUNRISE   652 AM EDT   SUNSET   701 PM EDT
SEPTEMBER 23 2017.....SUNRISE   653 AM EDT   SUNSET   659 PM EDT


-  INDICATES NEGATIVE NUMBERS.
R  INDICATES RECORD WAS SET OR TIED.
MM INDICATES DATA IS MISSING.
T  INDICATES TRACE AMOUNT.




$$
