000
CDUS41 KBUF 131040
CLIART


CLIMATE REPORT
NATIONAL WEATHER SERVICE BUFFALO NY
537 AM EST SAT JAN 13 2018


...................................

...THE WATERTOWN NY CLIMATE SUMMARY FOR JANUARY 12 2018...

CLIMATE NORMAL PERIOD 1981 TO 2010
CLIMATE RECORD PERIOD 1949 TO 2018


WEATHER ITEM   OBSERVED TIME   RECORD YEAR NORMAL DEPARTURE LAST
                VALUE   (LST)  VALUE       VALUE  FROM      YEAR
                                                  NORMAL
..................................................................
TEMPERATURE (F)
 YESTERDAY
  MAXIMUM         61R  1247 PM  61    2018  29     32       54
  MINIMUM         14   1159 PM -34    1968  10      4       33
  AVERAGE         38                        19     19       44

PRECIPITATION (IN)
  YESTERDAY        1.05R         1.05 2018   0.09   0.96     0.05
  MONTH TO DATE    1.56                      1.11   0.45     1.09
  SINCE DEC 1      3.35                      4.26  -0.91     3.28
  SINCE JAN 1      1.56                      1.11   0.45     1.09

DEGREE DAYS
 HEATING
  YESTERDAY       27                        46    -19       21
  MONTH TO DATE  538                       537      1      492
  SINCE DEC 1   1949                      1734    215     1609
  SINCE JUL 1   3308                      3333    -25     2951

 COOLING
  YESTERDAY        0                         0      0        0
  MONTH TO DATE    0                         0      0        0
  SINCE DEC 1      0                         0      0        0
  SINCE JAN 1      0                         0      0        0
..................................................................


WIND (MPH)
  HIGHEST WIND SPEED    24   HIGHEST WIND DIRECTION     N (360)
  HIGHEST GUST SPEED    38   HIGHEST GUST DIRECTION     S (160)
  AVERAGE WIND SPEED    15.0


SKY COVER
  AVERAGE SKY COVER 1.0


WEATHER CONDITIONS
 THE FOLLOWING WEATHER WAS RECORDED YESTERDAY.
  HEAVY RAIN
  RAIN
  LIGHT RAIN
  LT FREEZING RAIN
  HEAVY SNOW
  SNOW
  LIGHT SNOW
  FOG
  FOG W/VISIBILITY <= 1/4 MILE


RELATIVE HUMIDITY (PERCENT)
 HIGHEST   100           600 AM
 LOWEST     86           400 AM
 AVERAGE    93

..........................................................


THE WATERTOWN NY CLIMATE NORMALS FOR TODAY
                         NORMAL    RECORD    YEAR
 MAXIMUM TEMPERATURE (F)   29        62      2013
                                             2005
 MINIMUM TEMPERATURE (F)    9       -27      1957


SUNRISE AND SUNSET
JANUARY 13 2018.......SUNRISE   736 AM EST   SUNSET   450 PM EST
JANUARY 14 2018.......SUNRISE   736 AM EST   SUNSET   451 PM EST


-  INDICATES NEGATIVE NUMBERS.
R  INDICATES RECORD WAS SET OR TIED.
MM INDICATES DATA IS MISSING.
T  INDICATES TRACE AMOUNT.




$$
