000
CDUS41 KBUF 110705
CLIART


CLIMATE REPORT
NATIONAL WEATHER SERVICE BUFFALO NY
305 AM EDT MON SEP 11 2017


...................................

...THE WATERTOWN NY CLIMATE SUMMARY FOR SEPTEMBER 10 2017...

CLIMATE NORMAL PERIOD 1981 TO 2010
CLIMATE RECORD PERIOD 1949 TO 2017


WEATHER ITEM   OBSERVED TIME   RECORD YEAR NORMAL DEPARTURE LAST
                VALUE   (LST)  VALUE       VALUE  FROM      YEAR
                                                  NORMAL
..................................................................
TEMPERATURE (F)
 YESTERDAY
  MAXIMUM         67    435 PM  90    1959  73     -6       85
  MINIMUM         37    544 AM  34    1975  51    -14       58
  AVERAGE         52                        62    -10       72

PRECIPITATION (IN)
  YESTERDAY        0.00          1.71 1981   0.11  -0.11     0.35
  MONTH TO DATE    1.13                      1.08   0.05     1.44
  SINCE SEP 1      1.13                      1.08   0.05     1.44
  SINCE JAN 1     31.86                     22.88   8.98    20.47

DEGREE DAYS
 HEATING
  YESTERDAY       13                         5      8        0
  MONTH TO DATE   80                        38     42       18
  SINCE SEP 1     80                        38     42       18
  SINCE JUL 1    150                       110     40       29

 COOLING
  YESTERDAY        0                         2     -2        7
  MONTH TO DATE    0                        20    -20       35
  SINCE SEP 1      0                        20    -20       35
  SINCE JAN 1    330                       344    -14      549
..................................................................


WIND (MPH)
  HIGHEST WIND SPEED    14   HIGHEST WIND DIRECTION     N (360)
  HIGHEST GUST SPEED    18   HIGHEST GUST DIRECTION     N (350)
  AVERAGE WIND SPEED     3.9


SKY COVER
  AVERAGE SKY COVER 0.0


WEATHER CONDITIONS
 THE FOLLOWING WEATHER WAS RECORDED YESTERDAY.
  FOG


RELATIVE HUMIDITY (PERCENT)
 HIGHEST   100          1200 AM
 LOWEST     48           200 PM
 AVERAGE    74

..........................................................


THE WATERTOWN NY CLIMATE NORMALS FOR TODAY
                         NORMAL    RECORD    YEAR
 MAXIMUM TEMPERATURE (F)   72        89      2013
                                             1961
 MINIMUM TEMPERATURE (F)   50        31      1967


SUNRISE AND SUNSET
SEPTEMBER 11 2017.....SUNRISE   639 AM EDT   SUNSET   721 PM EDT
SEPTEMBER 12 2017.....SUNRISE   640 AM EDT   SUNSET   720 PM EDT


-  INDICATES NEGATIVE NUMBERS.
R  INDICATES RECORD WAS SET OR TIED.
MM INDICATES DATA IS MISSING.
T  INDICATES TRACE AMOUNT.




$$
