044
CDUS41 KBUF 170705
CLIART


CLIMATE REPORT
NATIONAL WEATHER SERVICE BUFFALO NY
305 AM EDT MON JUL 17 2017


...................................

...THE WATERTOWN NY CLIMATE SUMMARY FOR JULY 16 2017...

CLIMATE NORMAL PERIOD 1981 TO 2010
CLIMATE RECORD PERIOD 1949 TO 2017


WEATHER ITEM   OBSERVED TIME   RECORD YEAR NORMAL DEPARTURE LAST
                VALUE   (LST)  VALUE       VALUE  FROM      YEAR
                                                  NORMAL
..................................................................
TEMPERATURE (F)
 YESTERDAY
  MAXIMUM         80    319 PM  89    2013  80      0       74
  MINIMUM         63    537 AM  42    2015  59      4       60
  AVERAGE         72                        69      3       67

PRECIPITATION (IN)
  YESTERDAY        0.05          0.71 2008   0.08  -0.03      T
  MONTH TO DATE    2.70                      1.31   1.39     0.32
  SINCE JUN 1      8.88                      4.16   4.72     3.92
  SINCE JAN 1     24.55                     17.31   7.24    14.92

DEGREE DAYS
 HEATING
  YESTERDAY        0                         1     -1        0
  MONTH TO DATE    2                        17    -15        4
  SINCE JUN 1    104                       124    -20      102
  SINCE JUL 1      2                        17    -15        4

 COOLING
  YESTERDAY        7                         5      2        2
  MONTH TO DATE   71                        69      2       99
  SINCE JUN 1    151                       131     20      146
  SINCE JAN 1    170                       142     28      176
..................................................................


WIND (MPH)
  HIGHEST WIND SPEED    13   HIGHEST WIND DIRECTION     W (270)
  HIGHEST GUST SPEED    18   HIGHEST GUST DIRECTION     W (270)
  AVERAGE WIND SPEED     5.2


SKY COVER
  AVERAGE SKY COVER 0.2


WEATHER CONDITIONS
 THE FOLLOWING WEATHER WAS RECORDED YESTERDAY.
  LIGHT RAIN
  FOG


RELATIVE HUMIDITY (PERCENT)
 HIGHEST   100           100 AM
 LOWEST     48          1200 PM
 AVERAGE    74

..........................................................


THE WATERTOWN NY CLIMATE NORMALS FOR TODAY
                         NORMAL    RECORD    YEAR
 MAXIMUM TEMPERATURE (F)   80        91      2012
 MINIMUM TEMPERATURE (F)   59        44      1993


SUNRISE AND SUNSET
JULY 17 2017..........SUNRISE   537 AM EDT   SUNSET   843 PM EDT
JULY 18 2017..........SUNRISE   538 AM EDT   SUNSET   842 PM EDT


-  INDICATES NEGATIVE NUMBERS.
R  INDICATES RECORD WAS SET OR TIED.
MM INDICATES DATA IS MISSING.
T  INDICATES TRACE AMOUNT.




$$
