000
CDUS41 KCLE 140529
CLICAK


CLIMATE REPORT
NATIONAL WEATHER SERVICE CLEVELAND OH
128 AM EDT MON APR 14 2014


...................................

...THE AKRON CANTON OH CLIMATE SUMMARY FOR APRIL 13 2014...

CLIMATE NORMAL PERIOD 1981 TO 2010
CLIMATE RECORD PERIOD 1887 TO 2014


WEATHER ITEM   OBSERVED TIME   RECORD YEAR NORMAL DEPARTURE LAST
                VALUE   (LST)  VALUE       VALUE  FROM      YEAR
                                                  NORMAL
..................................................................
TEMPERATURE (F)
 YESTERDAY
  MAXIMUM         80    443 PM  83    1941  59     21       45
  MINIMUM         55   1251 AM  17    1950  38     17       31
  AVERAGE         68                        48     20       38

PRECIPITATION (IN)
  YESTERDAY        0.00                      0.12  -0.12      T
  MONTH TO DATE    2.67                      1.56   1.11     2.65
  SINCE MAR 1      5.25                      4.54   0.71     4.71
  SINCE JAN 1      8.76                      9.46  -0.70     8.90

SNOWFALL (IN)
  YESTERDAY        0.0                       0.2   -0.2      0.0
  MONTH TO DATE    0.0                       1.9   -1.9       T
  SINCE MAR 1      9.7                      10.1   -0.4     10.5
  SINCE JUL 1     69.0                      46.6   22.4     46.9
  SNOW DEPTH       0

DEGREE DAYS
 HEATING
  YESTERDAY        0                        17    -17       27
  MONTH TO DATE  176                       247    -71      237
  SINCE MAR 1   1192                      1098     94     1180
  SINCE JUL 1   6015                      5642    373     5441

 COOLING
  YESTERDAY        3                         0      3        0
  MONTH TO DATE    3                         0      3        0
  SINCE MAR 1      3                         0      3        0
  SINCE JAN 1      3                         0      3        0
..................................................................


WIND (MPH)
  HIGHEST WIND SPEED    25   HIGHEST WIND DIRECTION    SW (230)
  HIGHEST GUST SPEED    25   HIGHEST GUST DIRECTION    SW (230)
  AVERAGE WIND SPEED    16.6


SKY COVER
  POSSIBLE SUNSHINE  MM
  AVERAGE SKY COVER 0.7


WEATHER CONDITIONS
 THE FOLLOWING WEATHER WAS RECORDED YESTERDAY.
  NO SIGNIFICANT WEATHER WAS OBSERVED.


RELATIVE HUMIDITY (PERCENT)
 HIGHEST    57           300 AM
 LOWEST     28           400 PM
 AVERAGE    43

..........................................................


THE AKRON CANTON OH CLIMATE NORMALS FOR TODAY
                         NORMAL    RECORD    YEAR
 MAXIMUM TEMPERATURE (F)   59        82      1941
                                             1887
 MINIMUM TEMPERATURE (F)   38        13      1950


SUNRISE AND SUNSET
APRIL 14 2014.........SUNRISE   648 AM EDT   SUNSET   804 PM EDT
APRIL 15 2014.........SUNRISE   647 AM EDT   SUNSET   805 PM EDT


-  INDICATES NEGATIVE NUMBERS.
R  INDICATES RECORD WAS SET OR TIED.
MM INDICATES DATA IS MISSING.
T  INDICATES TRACE AMOUNT.




$$
