000
CDUS41 KCLE 190528
CLICAK


CLIMATE REPORT
NATIONAL WEATHER SERVICE CLEVELAND OH
128 AM EDT MON SEP 19 2016


...................................

...THE AKRON CANTON OH CLIMATE SUMMARY FOR SEPTEMBER 18 2016...

CLIMATE NORMAL PERIOD 1981 TO 2010
CLIMATE RECORD PERIOD 1887 TO 2016


WEATHER ITEM   OBSERVED TIME   RECORD YEAR NORMAL DEPARTURE LAST
                VALUE   (LST)  VALUE       VALUE  FROM      YEAR
                                                  NORMAL
..................................................................
TEMPERATURE (F)
 YESTERDAY
  MAXIMUM         79    157 PM  91    1955  72      7       83
                                      1895
  MINIMUM         64    516 AM  37    1959  53     11       58
  AVERAGE         72                        62     10       71

PRECIPITATION (IN)
  YESTERDAY        1.23                      0.11   1.12     0.00
  MONTH TO DATE    4.35                      2.13   2.22     2.18
  SINCE SEP 1      4.35                      2.13   2.22     2.18
  SINCE JAN 1     27.95                     29.33  -1.38    31.52

SNOWFALL (IN)
  YESTERDAY        0.0                       0.0    0.0      0.0
  MONTH TO DATE    0.0                       0.0    0.0      0.0
  SINCE SEP 1      0.0                       0.0    0.0      0.0
  SINCE JUL 1      0.0                       0.0    0.0      0.0
  SNOW DEPTH       0

DEGREE DAYS
 HEATING
  YESTERDAY        0                         4     -4        0
  MONTH TO DATE    1                        41    -40       17
  SINCE SEP 1      1                        41    -40       17
  SINCE JUL 1      4                        61    -57       26

 COOLING
  YESTERDAY        7                         2      5        6
  MONTH TO DATE  111                        52     59      147
  SINCE SEP 1    111                        52     59      147
  SINCE JAN 1   1065                       634    431      931
..................................................................


WIND (MPH)
  HIGHEST WIND SPEED    23   HIGHEST WIND DIRECTION    NW (330)
  HIGHEST GUST SPEED    37   HIGHEST GUST DIRECTION    NW (310)
  AVERAGE WIND SPEED     4.9


SKY COVER
  POSSIBLE SUNSHINE  MM
  AVERAGE SKY COVER 0.9


WEATHER CONDITIONS
 THE FOLLOWING WEATHER WAS RECORDED YESTERDAY.
  HEAVY RAIN
  RAIN
  LIGHT RAIN
  FOG
  HAZE


RELATIVE HUMIDITY (PERCENT)
 HIGHEST    93           200 AM
 LOWEST     64           300 PM
 AVERAGE    79

..........................................................


THE AKRON CANTON OH CLIMATE NORMALS FOR TODAY
                         NORMAL    RECORD    YEAR
 MAXIMUM TEMPERATURE (F)   72        90      1932
                                             1908
 MINIMUM TEMPERATURE (F)   52        39      1956
                                             1916
                                             1903


SUNRISE AND SUNSET
SEPTEMBER 19 2016.....SUNRISE   711 AM EDT   SUNSET   727 PM EDT
SEPTEMBER 20 2016.....SUNRISE   712 AM EDT   SUNSET   725 PM EDT


-  INDICATES NEGATIVE NUMBERS.
R  INDICATES RECORD WAS SET OR TIED.
MM INDICATES DATA IS MISSING.
T  INDICATES TRACE AMOUNT.




$$
