000
CDUS41 KCLE 180545
CLICAK


CLIMATE REPORT
NATIONAL WEATHER SERVICE CLEVELAND OH
145 AM EDT FRI APR 18 2014


...................................

...THE AKRON CANTON OH CLIMATE SUMMARY FOR APRIL 17 2014...

CLIMATE NORMAL PERIOD 1981 TO 2010
CLIMATE RECORD PERIOD 1887 TO 2014


WEATHER ITEM   OBSERVED TIME   RECORD YEAR NORMAL DEPARTURE LAST
                VALUE   (LST)  VALUE       VALUE  FROM      YEAR
                                                  NORMAL
..................................................................
TEMPERATURE (F)
 YESTERDAY
  MAXIMUM         62    647 PM  85    1896  60      2       66
  MINIMUM         35    650 AM  22    1904  39     -4       46
  AVERAGE         49                        50     -1       56

PRECIPITATION (IN)
  YESTERDAY        0.00                      0.12  -0.12     0.00
  MONTH TO DATE    3.19                      2.04   1.15     2.91
  SINCE MAR 1      5.77                      5.02   0.75     4.97
  SINCE JAN 1      9.28                      9.94  -0.66     9.16

SNOWFALL (IN)
  YESTERDAY        0.0                       0.1   -0.1      0.0
  MONTH TO DATE    0.9                       2.3   -1.4       T
  SINCE MAR 1     10.6                      10.5    0.1     10.5
  SINCE JUL 1     69.9                      47.0   22.9     46.9
  SNOW DEPTH       0

DEGREE DAYS
 HEATING
  YESTERDAY       16                        15      1        9
  MONTH TO DATE  256                       310    -54      276
  SINCE MAR 1   1272                      1161    111     1219
  SINCE JUL 1   6095                      5705    390     5480

 COOLING
  YESTERDAY        0                         0      0        0
  MONTH TO DATE    3                         0      3        0
  SINCE MAR 1      3                         0      3        0
  SINCE JAN 1      3                         0      3        0
..................................................................


WIND (MPH)
  HIGHEST WIND SPEED    24   HIGHEST WIND DIRECTION     S (160)
  HIGHEST GUST SPEED    24   HIGHEST GUST DIRECTION     S (160)
  AVERAGE WIND SPEED     9.8


SKY COVER
  POSSIBLE SUNSHINE  MM
  AVERAGE SKY COVER 0.5


WEATHER CONDITIONS
 THE FOLLOWING WEATHER WAS RECORDED YESTERDAY.
  NO SIGNIFICANT WEATHER WAS OBSERVED.


RELATIVE HUMIDITY (PERCENT)
 HIGHEST    48          1100 PM
 LOWEST     26           600 PM
 AVERAGE    37

..........................................................


THE AKRON CANTON OH CLIMATE NORMALS FOR TODAY
                         NORMAL    RECORD    YEAR
 MAXIMUM TEMPERATURE (F)   61        86      1896
 MINIMUM TEMPERATURE (F)   40        24      1983
                                             1953


SUNRISE AND SUNSET
APRIL 18 2014.........SUNRISE   642 AM EDT   SUNSET   809 PM EDT
APRIL 19 2014.........SUNRISE   641 AM EDT   SUNSET   810 PM EDT


-  INDICATES NEGATIVE NUMBERS.
R  INDICATES RECORD WAS SET OR TIED.
MM INDICATES DATA IS MISSING.
T  INDICATES TRACE AMOUNT.




$$
