000
CDUS41 KCLE 222113
CLICAK


CLIMATE REPORT
NATIONAL WEATHER SERVICE CLEVELAND OH
511 PM EDT WED MAR 22 2017


...................................

...THE AKRON CANTON OH CLIMATE SUMMARY FOR MARCH 22 2017...
VALID TODAY AS OF 0500 PM LOCAL TIME.

CLIMATE NORMAL PERIOD 1981 TO 2010
CLIMATE RECORD PERIOD 1887 TO 2017


WEATHER ITEM   OBSERVED TIME   RECORD YEAR NORMAL DEPARTURE LAST
                VALUE   (LST)  VALUE       VALUE  FROM      YEAR
                                                  NORMAL
..................................................................
TEMPERATURE (F)
 TODAY
  MAXIMUM         37    251 PM  83    2012  49    -12       60
  MINIMUM         25    811 AM  10    1906  30     -5       29
                                      1888
  AVERAGE         31                        40     -9       45

PRECIPITATION (IN)
  TODAY            T                         0.10  -0.10     0.00
  MONTH TO DATE    2.81                      2.02   0.79     2.58
  SINCE MAR 1      2.81                      2.02   0.79     2.58
  SINCE JAN 1     11.32                      6.94   4.38     7.17

SNOWFALL (IN)
  TODAY            T                         0.2   -0.2      0.0
  MONTH TO DATE   13.5                       6.5    7.0      2.4
  SINCE MAR 1     13.5                       6.5    7.0      2.4
  SINCE JUL 1     34.7                      43.0   -8.3     25.1
  SNOW DEPTH       0

DEGREE DAYS
 HEATING
  TODAY           34                        25      9       20
  MONTH TO DATE  688                       640     48      478
  SINCE MAR 1    688                       640     48      478
  SINCE JUL 1   4288                      5184   -896     4125

 COOLING
  TODAY            0                         0      0        0
  MONTH TO DATE    0                         0      0        0
  SINCE MAR 1      0                         0      0        0
  SINCE JAN 1      2                         0      2        0
..................................................................


WIND (MPH)
  HIGHEST WIND SPEED    23   HIGHEST WIND DIRECTION     N (340)
  HIGHEST GUST SPEED    32   HIGHEST GUST DIRECTION     N (340)


SKY COVER
  POSSIBLE SUNSHINE  MM
  AVERAGE SKY COVER 0.7


WEATHER CONDITIONS
 THE FOLLOWING WEATHER WAS RECORDED TODAY.
  LIGHT SNOW


RELATIVE HUMIDITY (PERCENT)
 HIGHEST    68           700 AM
 LOWEST     35           300 PM
 AVERAGE    52

..........................................................


THE AKRON CANTON OH CLIMATE NORMALS FOR TOMORROW
                         NORMAL    RECORD    YEAR
 MAXIMUM TEMPERATURE (F)   50        82      2012
 MINIMUM TEMPERATURE (F)   31         3      1906


SUNRISE AND SUNSET
MARCH 22 2017.........SUNRISE   725 AM EDT   SUNSET   740 PM EDT
MARCH 23 2017.........SUNRISE   724 AM EDT   SUNSET   741 PM EDT


-  INDICATES NEGATIVE NUMBERS.
R  INDICATES RECORD WAS SET OR TIED.
MM INDICATES DATA IS MISSING.
T  INDICATES TRACE AMOUNT.




$$
