000
CDUS41 KCLE 172115
CLICAK


CLIMATE REPORT
NATIONAL WEATHER SERVICE CLEVELAND OH
515 PM EDT FRI OCT 17 2014


...................................

...THE AKRON CANTON OH CLIMATE SUMMARY FOR OCTOBER 17 2014...
VALID TODAY AS OF 0500 PM LOCAL TIME.

CLIMATE NORMAL PERIOD 1981 TO 2010
CLIMATE RECORD PERIOD 1887 TO 2014


WEATHER ITEM   OBSERVED TIME   RECORD YEAR NORMAL DEPARTURE LAST
                VALUE   (LST)  VALUE       VALUE  FROM      YEAR
                                                  NORMAL
..................................................................
TEMPERATURE (F)
 TODAY
  MAXIMUM         68    344 PM  82    1938  61      7       55
  MINIMUM         53    738 AM  29    1982  42     11       42
  AVERAGE         61                        51     10       49

PRECIPITATION (IN)
  TODAY            0.00                      0.09  -0.09     0.22
  MONTH TO DATE    1.92                      1.55   0.37     4.67
  SINCE SEP 1      3.12                      5.00  -1.88     7.57
  SINCE JAN 1     38.91                     32.20   6.71    34.64

SNOWFALL (IN)
  TODAY            0.0                       0.0    0.0      0.0
  MONTH TO DATE    0.0                       0.1   -0.1      0.0
  SINCE SEP 1      0.0                       0.1   -0.1      0.0
  SINCE JUL 1      0.0                       0.1   -0.1      0.0
  SNOW DEPTH       0

DEGREE DAYS
 HEATING
  TODAY            4                        14    -10       16
  MONTH TO DATE  151                       192    -41       87
  SINCE SEP 1    238                       311    -73      189
  SINCE JUL 1    254                       331    -77      202

 COOLING
  TODAY            0                         0      0        0
  MONTH TO DATE    4                         3      1       28
  SINCE SEP 1     83                        67     16      105
  SINCE JAN 1    719                       649     70      829
..................................................................


WIND (MPH)
  HIGHEST WIND SPEED    26   HIGHEST WIND DIRECTION     S (200)
  HIGHEST GUST SPEED    35   HIGHEST GUST DIRECTION    SW (220)


SKY COVER
  POSSIBLE SUNSHINE  MM
  AVERAGE SKY COVER 0.9


WEATHER CONDITIONS
 THE FOLLOWING WEATHER WAS RECORDED TODAY.
  HAZE


RELATIVE HUMIDITY (PERCENT)
 HIGHEST    89           100 AM
 LOWEST     52           400 PM
 AVERAGE    71

..........................................................


THE AKRON CANTON OH CLIMATE NORMALS FOR TOMORROW
                         NORMAL    RECORD    YEAR
 MAXIMUM TEMPERATURE (F)   60        82      1910
 MINIMUM TEMPERATURE (F)   42        27      1976


SUNRISE AND SUNSET
OCTOBER 17 2014.......SUNRISE   739 AM EDT   SUNSET   642 PM EDT
OCTOBER 18 2014.......SUNRISE   740 AM EDT   SUNSET   641 PM EDT


-  INDICATES NEGATIVE NUMBERS.
R  INDICATES RECORD WAS SET OR TIED.
MM INDICATES DATA IS MISSING.
T  INDICATES TRACE AMOUNT.




$$
