000
CDUS41 KCLE 310526
CLICAK


CLIMATE REPORT
NATIONAL WEATHER SERVICE CLEVELAND OH
125 AM EDT MON AUG 31 2015


...................................

...THE AKRON CANTON OH CLIMATE SUMMARY FOR AUGUST 30 2015...

CLIMATE NORMAL PERIOD 1981 TO 2010
CLIMATE RECORD PERIOD 1887 TO 2015


WEATHER ITEM   OBSERVED TIME   RECORD YEAR NORMAL DEPARTURE LAST
                VALUE   (LST)  VALUE       VALUE  FROM      YEAR
                                                  NORMAL
..................................................................
TEMPERATURE (F)
 YESTERDAY
  MAXIMUM         85    425 PM  98    1953  79      6       89
  MINIMUM         67    651 AM  40    1934  59      8       65
  AVERAGE         76                        69      7       77

PRECIPITATION (IN)
  YESTERDAY        0.38                      0.11   0.27      T
  MONTH TO DATE    0.76                      3.45  -2.69     5.24
  SINCE JUN 1     12.93                     11.36   1.57    18.68
  SINCE JAN 1     29.34                     27.09   2.25    35.31

SNOWFALL (IN)
  YESTERDAY        0.0                       0.0    0.0      0.0
  MONTH TO DATE    0.0                       0.0    0.0      0.0
  SINCE JUN 1      0.0                       0.0    0.0      0.0
  SINCE JUL 1      0.0                       0.0    0.0      0.0
  SNOW DEPTH       0

DEGREE DAYS
 HEATING
  YESTERDAY        0                         1     -1        0
  MONTH TO DATE    9                         9      0        6
  SINCE JUN 1     34                        64    -30       31
  SINCE JUL 1      9                        15     -6       16

 COOLING
  YESTERDAY       11                         5      6       12
  MONTH TO DATE  202                       181     21      191
  SINCE JUN 1    628                       538     90      551
  SINCE JAN 1    772                       580    192      627
..................................................................


WIND (MPH)
  HIGHEST WIND SPEED    14   HIGHEST WIND DIRECTION    SW (220)
  HIGHEST GUST SPEED    17   HIGHEST GUST DIRECTION     S (190)
  AVERAGE WIND SPEED     6.3


SKY COVER
  POSSIBLE SUNSHINE  MM
  AVERAGE SKY COVER 0.8


WEATHER CONDITIONS
 THE FOLLOWING WEATHER WAS RECORDED YESTERDAY.
  THUNDERSTORM
  RAIN
  LIGHT RAIN
  FOG
  HAZE


RELATIVE HUMIDITY (PERCENT)
 HIGHEST    93           700 AM
 LOWEST     55           300 PM
 AVERAGE    74

..........................................................


THE AKRON CANTON OH CLIMATE NORMALS FOR TODAY
                         NORMAL    RECORD    YEAR
 MAXIMUM TEMPERATURE (F)   78        96      1924
 MINIMUM TEMPERATURE (F)   58        39      1915


SUNRISE AND SUNSET
AUGUST 31 2015........SUNRISE   651 AM EDT   SUNSET   800 PM EDT
SEPTEMBER  1 2015.....SUNRISE   652 AM EDT   SUNSET   759 PM EDT


-  INDICATES NEGATIVE NUMBERS.
R  INDICATES RECORD WAS SET OR TIED.
MM INDICATES DATA IS MISSING.
T  INDICATES TRACE AMOUNT.




$$
