000
CDUS41 KCLE 240525
CLICAK


CLIMATE REPORT
NATIONAL WEATHER SERVICE CLEVELAND OH
1225 AM EST MON NOV 24 2014


...................................

...THE AKRON CANTON OH CLIMATE SUMMARY FOR NOVEMBER 23 2014...

CLIMATE NORMAL PERIOD 1981 TO 2010
CLIMATE RECORD PERIOD 1887 TO 2014


WEATHER ITEM   OBSERVED TIME   RECORD YEAR NORMAL DEPARTURE LAST
                VALUE   (LST)  VALUE       VALUE  FROM      YEAR
                                                  NORMAL
..................................................................
TEMPERATURE (F)
 YESTERDAY
  MAXIMUM         60    339 PM  74    1931  46     14       37
  MINIMUM         42    746 AM  10    2000  32     10       20
                                      1971
  AVERAGE         51                        39     12       29

PRECIPITATION (IN)
  YESTERDAY        0.46                      0.12   0.34     0.03
  MONTH TO DATE    2.24                      2.54  -0.30     2.44
  SINCE SEP 1      7.26                      8.82  -1.56    10.93
  SINCE JAN 1     43.05                     36.02   7.03    38.00

SNOWFALL (IN)
  YESTERDAY        0.0                       0.2   -0.2      0.5
  MONTH TO DATE    6.5                       1.9    4.6      3.7
  SINCE SEP 1      6.5                       2.3    4.2      3.7
  SINCE JUL 1      6.5                       2.3    4.2      3.7
  SNOW DEPTH       0

DEGREE DAYS
 HEATING
  YESTERDAY       14                        26    -12       36
  MONTH TO DATE  642                       508    134      520
  SINCE SEP 1   1084                      1043     41      971
  SINCE JUL 1   1100                      1063     37      984

 COOLING
  YESTERDAY        0                         0      0        0
  MONTH TO DATE    0                         0      0        0
  SINCE SEP 1     83                        70     13      105
  SINCE JAN 1    719                       652     67      829
..................................................................


WIND (MPH)
  HIGHEST WIND SPEED    26   HIGHEST WIND DIRECTION    SE (150)
  HIGHEST GUST SPEED    36   HIGHEST GUST DIRECTION    SE (140)
  AVERAGE WIND SPEED    10.7


SKY COVER
  POSSIBLE SUNSHINE  MM
  AVERAGE SKY COVER 1.0


WEATHER CONDITIONS
 THE FOLLOWING WEATHER WAS RECORDED YESTERDAY.
  HEAVY RAIN
  LIGHT RAIN
  FOG


RELATIVE HUMIDITY (PERCENT)
 HIGHEST    83          1100 PM
 LOWEST     51          1200 PM
 AVERAGE    67

..........................................................


THE AKRON CANTON OH CLIMATE NORMALS FOR TODAY
                         NORMAL    RECORD    YEAR
 MAXIMUM TEMPERATURE (F)   45        68      1931
 MINIMUM TEMPERATURE (F)   31         7      1950


SUNRISE AND SUNSET
NOVEMBER 24 2014......SUNRISE   723 AM EST   SUNSET   501 PM EST
NOVEMBER 25 2014......SUNRISE   724 AM EST   SUNSET   501 PM EST


-  INDICATES NEGATIVE NUMBERS.
R  INDICATES RECORD WAS SET OR TIED.
MM INDICATES DATA IS MISSING.
T  INDICATES TRACE AMOUNT.




$$
