000
CDUS41 KCLE 312113
CLICAK


CLIMATE REPORT
NATIONAL WEATHER SERVICE CLEVELAND OH
512 PM EDT TUE OCT 31 2017


...................................

...THE AKRON CANTON OH CLIMATE SUMMARY FOR OCTOBER 31 2017...
VALID TODAY AS OF 0500 PM LOCAL TIME.

CLIMATE NORMAL PERIOD 1981 TO 2010
CLIMATE RECORD PERIOD 1887 TO 2017


WEATHER ITEM   OBSERVED TIME   RECORD YEAR NORMAL DEPARTURE LAST
                VALUE   (LST)  VALUE       VALUE  FROM      YEAR
                                                  NORMAL
..................................................................
TEMPERATURE (F)
 TODAY
  MAXIMUM         41    151 PM  79    1950  56    -15       53
  MINIMUM         34    637 AM  21    1887  38     -4       37
  AVERAGE         38                        47     -9       45

PRECIPITATION (IN)
  TODAY            T                         0.10  -0.10     0.00
  MONTH TO DATE    3.55                      2.83   0.72     3.76
  SINCE SEP 1      5.57                      6.28  -0.71    10.30
  SINCE JAN 1     40.24                     33.48   6.76    33.90

SNOWFALL (IN)
  TODAY            0.0                       0.0    0.0      0.0
  MONTH TO DATE    0.0                       0.4   -0.4      0.0
  SINCE SEP 1      0.0                       0.4   -0.4      0.0
  SINCE JUL 1      0.0                       0.4   -0.4      0.0
  SNOW DEPTH       0

DEGREE DAYS
 HEATING
  TODAY           27                        18      9       20
  MONTH TO DATE  235                       416   -181      277
  SINCE SEP 1    304                       535   -231      307
  SINCE JUL 1    310                       555   -245      310

 COOLING
  TODAY            0                         0      0        0
  MONTH TO DATE   35                         6     29       21
  SINCE SEP 1    184                        70    114      176
  SINCE JAN 1    926                       652    274     1130
..................................................................


WIND (MPH)
  HIGHEST WIND SPEED    21   HIGHEST WIND DIRECTION     W (260)
  HIGHEST GUST SPEED    29   HIGHEST GUST DIRECTION     W (280)


SKY COVER
  POSSIBLE SUNSHINE  MM
  AVERAGE SKY COVER 0.7


WEATHER CONDITIONS
 THE FOLLOWING WEATHER WAS RECORDED TODAY.
  NO SIGNIFICANT WEATHER WAS OBSERVED.


RELATIVE HUMIDITY (PERCENT)
 HIGHEST    85          1200 AM
 LOWEST     50           300 PM
 AVERAGE    68

..........................................................


THE AKRON CANTON OH CLIMATE NORMALS FOR TOMORROW
                         NORMAL    RECORD    YEAR
 MAXIMUM TEMPERATURE (F)   55        79      1950
 MINIMUM TEMPERATURE (F)   38        25      1954


SUNRISE AND SUNSET
OCTOBER 31 2017.......SUNRISE   756 AM EDT   SUNSET   623 PM EDT
NOVEMBER  1 2017......SUNRISE   757 AM EDT   SUNSET   621 PM EDT


-  INDICATES NEGATIVE NUMBERS.
R  INDICATES RECORD WAS SET OR TIED.
MM INDICATES DATA IS MISSING.
T  INDICATES TRACE AMOUNT.




$$
