000
CDUS41 KCLE 202110
CLICAK


CLIMATE REPORT
NATIONAL WEATHER SERVICE CLEVELAND OH
510 PM EDT SAT JUN 20 2015


...................................

...THE AKRON CANTON OH CLIMATE SUMMARY FOR JUNE 20 2015...
VALID TODAY AS OF 0500 PM LOCAL TIME.

CLIMATE NORMAL PERIOD 1981 TO 2010
CLIMATE RECORD PERIOD 1887 TO 2015


WEATHER ITEM   OBSERVED TIME   RECORD YEAR NORMAL DEPARTURE LAST
                VALUE   (LST)  VALUE       VALUE  FROM      YEAR
                                                  NORMAL
..................................................................
TEMPERATURE (F)
 TODAY
  MAXIMUM         72    253 PM  95    1933  79     -7       80
                                      1931
  MINIMUM         65    309 AM  41    1914  59      6       60
  AVERAGE         69                        69      0       70

PRECIPITATION (IN)
  TODAY            0.25                      0.13   0.12     0.09
  MONTH TO DATE    5.74                      2.55   3.19     7.56
  SINCE JUN 1      5.74                      2.55   3.19     7.56
  SINCE JAN 1     22.15                     18.28   3.87    24.19

SNOWFALL (IN)
  TODAY            0.0                       0.0    0.0      0.0
  MONTH TO DATE    0.0                       0.0    0.0      0.0
  SINCE JUN 1      0.0                       0.0    0.0      0.0
  SINCE JUL 1     59.8                      47.5   12.3     69.9
  SNOW DEPTH       0

DEGREE DAYS
 HEATING
  TODAY            0                         1     -1        0
  MONTH TO DATE   21                        43    -22       15
  SINCE JUN 1     21                        43    -22       15
  SINCE JUL 1   6297                      6144    153     6422

 COOLING
  TODAY            4                         5     -1        5
  MONTH TO DATE  132                        74     58       90
  SINCE JUN 1    132                        74     58       90
  SINCE JAN 1    276                       116    160      166
..................................................................


WIND (MPH)
  HIGHEST WIND SPEED    12   HIGHEST WIND DIRECTION    SE (120)
  HIGHEST GUST SPEED    23   HIGHEST GUST DIRECTION     E (100)


SKY COVER
  POSSIBLE SUNSHINE  MM
  AVERAGE SKY COVER 1.0


WEATHER CONDITIONS
 THE FOLLOWING WEATHER WAS RECORDED TODAY.
  RAIN
  LIGHT RAIN
  FOG
  HAZE


RELATIVE HUMIDITY (PERCENT)
 HIGHEST    90           100 PM
 LOWEST     81           100 AM
 AVERAGE    86

..........................................................


THE AKRON CANTON OH CLIMATE NORMALS FOR TOMORROW
                         NORMAL    RECORD    YEAR
 MAXIMUM TEMPERATURE (F)   80        97      1933
 MINIMUM TEMPERATURE (F)   59        42      1963
                                             1897


SUNRISE AND SUNSET
JUNE 20 2015..........SUNRISE   554 AM EDT   SUNSET   901 PM EDT
JUNE 21 2015..........SUNRISE   554 AM EDT   SUNSET   901 PM EDT


-  INDICATES NEGATIVE NUMBERS.
R  INDICATES RECORD WAS SET OR TIED.
MM INDICATES DATA IS MISSING.
T  INDICATES TRACE AMOUNT.




$$
