000
CDUS41 KCLE 170529
CLICAK


CLIMATE REPORT
NATIONAL WEATHER SERVICE CLEVELAND OH
1228 AM EST SAT FEB 17 2018


...................................

...THE AKRON CANTON OH CLIMATE SUMMARY FOR FEBRUARY 16 2018...

CLIMATE NORMAL PERIOD 1981 TO 2010
CLIMATE RECORD PERIOD 1887 TO 2018


WEATHER ITEM   OBSERVED TIME   RECORD YEAR NORMAL DEPARTURE LAST
                VALUE   (LST)  VALUE       VALUE  FROM      YEAR
                                                  NORMAL
..................................................................
TEMPERATURE (F)
 YESTERDAY
  MAXIMUM         50   1214 AM  63    1954  37     13       29
                                      1927
                                      1921
  MINIMUM         30   1159 PM -11    1904  21      9       23
  AVERAGE         40                        29     11       26

PRECIPITATION (IN)
  YESTERDAY        0.33                      0.07   0.26     0.03
  MONTH TO DATE    2.41                      1.30   1.11     1.41
  SINCE DEC 1      6.50                      6.75  -0.25    10.55
  SINCE JAN 1      4.60                      3.91   0.69     7.55

SNOWFALL (IN)
  YESTERDAY        T                         0.4   -0.4      0.8
  MONTH TO DATE   10.4                       5.9    4.5      4.2
  SINCE DEC 1     36.6                      28.5    8.1     19.1
  SINCE JUL 1     36.7                      31.9    4.8     21.2
  SNOW DEPTH       0

DEGREE DAYS
 HEATING
  YESTERDAY       25                        36    -11       39
  MONTH TO DATE  582                       596    -14      507
  SINCE DEC 1   2937                      2873     64     2533
  SINCE JUL 1   3927                      4132   -205     3411

 COOLING
  YESTERDAY        0                         0      0        0
  MONTH TO DATE    0                         0      0        0
  SINCE DEC 1      0                         0      0        0
  SINCE JAN 1      0                         0      0        0
..................................................................


WIND (MPH)
  HIGHEST WIND SPEED    21   HIGHEST WIND DIRECTION     N (340)
  HIGHEST GUST SPEED    24   HIGHEST GUST DIRECTION     N (350)
  AVERAGE WIND SPEED     8.9


SKY COVER
  POSSIBLE SUNSHINE  MM
  AVERAGE SKY COVER 1.0


WEATHER CONDITIONS
 THE FOLLOWING WEATHER WAS RECORDED YESTERDAY.
  RAIN
  LIGHT RAIN
  LIGHT SNOW
  FOG
  HAZE


RELATIVE HUMIDITY (PERCENT)
 HIGHEST    93           200 AM
 LOWEST     58          1000 PM
 AVERAGE    76

..........................................................


THE AKRON CANTON OH CLIMATE NORMALS FOR TODAY
                         NORMAL    RECORD    YEAR
 MAXIMUM TEMPERATURE (F)   37        60      2006
 MINIMUM TEMPERATURE (F)   22       -13      1979


SUNRISE AND SUNSET
FEBRUARY 17 2018......SUNRISE   717 AM EST   SUNSET   603 PM EST
FEBRUARY 18 2018......SUNRISE   716 AM EST   SUNSET   604 PM EST


-  INDICATES NEGATIVE NUMBERS.
R  INDICATES RECORD WAS SET OR TIED.
MM INDICATES DATA IS MISSING.
T  INDICATES TRACE AMOUNT.




$$
