338
CDUS43 KICT 152301
CLIICT


CLIMATE REPORT
NATIONAL WEATHER SERVICE WICHITA KS
501 PM CST THU FEB 15 2018


...................................

...THE WICHITA EISENHOWER NATIONAL CLIMATE SUMMARY FOR FEBRUARY 15 2018...
VALID TODAY AS OF 0500 PM LOCAL TIME.

CLIMATE NORMAL PERIOD 1981 TO 2010
CLIMATE RECORD PERIOD 1888 TO 2018


WEATHER ITEM   OBSERVED TIME   RECORD YEAR NORMAL DEPARTURE LAST
                VALUE   (LST)  VALUE       VALUE  FROM      YEAR
                                                  NORMAL
..................................................................
TEMPERATURE (F)
 TODAY
  MAXIMUM         72R   256 PM  72    1947  48     24       59
                                      1927
  MINIMUM         59   1233 AM  -5    1936  26     33       30
  AVERAGE         66                        37     29       45

PRECIPITATION (IN)
  TODAY            0.00          0.65 1938   0.04  -0.04     0.00
  MONTH TO DATE    T                         0.58  -0.58     0.03
  SINCE DEC 1      0.23                      2.61  -2.38     3.48
  SINCE JAN 1      0.20                      1.41  -1.21     2.82

SNOWFALL (IN)
  TODAY            0.0           4.5  1993   0.1   -0.1      0.0
  MONTH TO DATE    T                         2.0   -2.0      0.0
  SINCE DEC 1      0.3                       9.8   -9.5      2.0
  SINCE JUL 1      0.3                      11.2  -10.9      2.0
  SNOW DEPTH       0

DEGREE DAYS
 HEATING
  TODAY            0                        28    -28       20
  MONTH TO DATE  462                       445     17      335
  SINCE DEC 1   2279                      2429   -150     2194
  SINCE JUL 1   3009                      3305   -296     2647

 COOLING
  TODAY            1                         0      1        0
  MONTH TO DATE    1                         0      1        0
  SINCE DEC 1      1                         0      1        0
  SINCE JAN 1      1                         0      1        0
..................................................................


WIND (MPH)
  HIGHEST WIND SPEED    23   HIGHEST WIND DIRECTION     S (190)
  HIGHEST GUST SPEED    27   HIGHEST GUST DIRECTION     S (190)
  AVERAGE WIND SPEED    13.7


SKY COVER
  POSSIBLE SUNSHINE  MM
  AVERAGE SKY COVER 0.9


WEATHER CONDITIONS
 THE FOLLOWING WEATHER WAS RECORDED TODAY.
  NO SIGNIFICANT WEATHER WAS OBSERVED.


RELATIVE HUMIDITY (PERCENT)
 HIGHEST    72          1200 AM
 LOWEST     20           300 PM
 AVERAGE    46

..........................................................


THE WICHITA EISENHOWER NATIONAL CLIMATE NORMALS FOR TOMORROW
                         NORMAL    RECORD    YEAR
 MAXIMUM TEMPERATURE (F)   49        72      2017
                                             1898
 MINIMUM TEMPERATURE (F)   26        -6      1903


SUNRISE AND SUNSET
FEBRUARY 15 2018......SUNRISE   719 AM CST   SUNSET   609 PM CST
FEBRUARY 16 2018......SUNRISE   718 AM CST   SUNSET   610 PM CST


-  INDICATES NEGATIVE NUMBERS.
R  INDICATES RECORD WAS SET OR TIED.
MM INDICATES DATA IS MISSING.
T  INDICATES TRACE AMOUNT.




$$
