777
CDUS43 KICT 150725
CLIICT

CLIMATE REPORT
NATIONAL WEATHER SERVICE WICHITA KS
123 AM CST SUN JAN 15 2017

...................................

...THE WICHITA EISENHOWER NATIONAL CLIMATE SUMMARY FOR JANUARY 14 2017...

CLIMATE NORMAL PERIOD 1981 TO 2010
CLIMATE RECORD PERIOD 1888 TO 2017


WEATHER ITEM   OBSERVED TIME   RECORD YEAR NORMAL DEPARTURE LAST
                VALUE   (LST)  VALUE       VALUE  FROM      YEAR
                                                  NORMAL
..................................................................
TEMPERATURE (F)
 YESTERDAY
  MAXIMUM         36    236 PM  68    1928  42     -6       55
  MINIMUM         27    257 AM  -9    1905  22      5       27
  AVERAGE         32                        32      0       41

PRECIPITATION (IN)
  YESTERDAY        0.29          0.70 1960   0.03   0.26     0.00
  MONTH TO DATE    0.38                      0.33   0.05     0.18
  SINCE DEC 1      1.04                      1.53  -0.49     2.40
  SINCE JAN 1      0.38                      0.33   0.05     0.18

SNOWFALL (IN)
  YESTERDAY        0.0           2.5  1962   0.1   -0.1      0.0
  MONTH TO DATE    T                         1.5   -1.5      0.1
  SINCE DEC 1      2.0                       5.7   -3.7      0.5
  SINCE JUL 1      2.0                       7.1   -5.1      0.8
  SNOW DEPTH       0

DEGREE DAYS
 HEATING
  YESTERDAY       33                        33      0       24
  MONTH TO DATE  475                       462     13      446
  SINCE DEC 1   1462                      1429     33     1176
  SINCE JUL 1   1915                      2305   -390     1745

 COOLING
  YESTERDAY        0                         0      0        0
  MONTH TO DATE    0                         0      0        0
  SINCE DEC 1      0                         0      0        0
  SINCE JAN 1      0                         0      0        0
..................................................................


WIND (MPH)
  HIGHEST WIND SPEED    13   HIGHEST WIND DIRECTION     N (20)
  HIGHEST GUST SPEED    17   HIGHEST GUST DIRECTION     N (20)
  AVERAGE WIND SPEED     6.7


SKY COVER
  POSSIBLE SUNSHINE  MM
  AVERAGE SKY COVER 1.0


WEATHER CONDITIONS
 THE FOLLOWING WEATHER WAS RECORDED YESTERDAY.
  RAIN
  LIGHT RAIN
  FREEZING RAIN
  LT FREEZING RAIN
  FOG


RELATIVE HUMIDITY (PERCENT)
 HIGHEST    92          1100 PM
 LOWEST     47           100 PM
 AVERAGE    70

..........................................................


THE WICHITA EISENHOWER NATIONAL CLIMATE NORMALS FOR TODAY
                         NORMAL    RECORD    YEAR
 MAXIMUM TEMPERATURE (F)   42        68      1990
 MINIMUM TEMPERATURE (F)   22       -11      1905


SUNRISE AND SUNSET
JANUARY 15 2017.......SUNRISE   743 AM CST   SUNSET   535 PM CST
JANUARY 16 2017.......SUNRISE   743 AM CST   SUNSET   536 PM CST


-  INDICATES NEGATIVE NUMBERS.
R  INDICATES RECORD WAS SET OR TIED.
MM INDICATES DATA IS MISSING.
T  INDICATES TRACE AMOUNT.

$$
