735
CDUS43 KICT 160628
CLIICT

CLIMATE REPORT
NATIONAL WEATHER SERVICE WICHITA KS
127 AM CDT SAT MAY 16 2015


...................................

...THE WICHITA EISENHOWER NATIONAL CLIMATE SUMMARY FOR MAY 15 2015...

CLIMATE NORMAL PERIOD 1981 TO 2010
CLIMATE RECORD PERIOD 1888 TO 2015


WEATHER ITEM   OBSERVED TIME   RECORD YEAR NORMAL DEPARTURE LAST
                VALUE   (LST)  VALUE       VALUE  FROM      YEAR
                                                  NORMAL
..................................................................
TEMPERATURE (F)
 YESTERDAY
  MAXIMUM         80    418 PM  92    1966  76      4       67
                                      1963
  MINIMUM         64    837 AM  33    1907  55      9       45
  AVERAGE         72                        66      6       56

PRECIPITATION (IN)
  YESTERDAY        0.06          1.81 1900   0.14  -0.08     0.00
  MONTH TO DATE    3.87                      2.06   1.81     0.47
  SINCE MAR 1      6.77                      7.34  -0.57     1.49
  SINCE JAN 1      8.54                      9.35  -0.81     2.48

SNOWFALL (IN)
  YESTERDAY        0.0           0.0  2007   0.0    0.0      0.0
                                      2001
  MONTH TO DATE    0.0                       0.0    0.0      0.0
  SINCE MAR 1      1.1                       2.5   -1.4      3.5
  SINCE JUL 1     18.0                      14.9    3.1     23.0
  SNOW DEPTH       0

DEGREE DAYS
 HEATING
  YESTERDAY        0                         3     -3        9
  MONTH TO DATE   30                        56    -26       52
  SINCE MAR 1    667                       924   -257      999
  SINCE JUL 1   4232                      4564   -332     4918

 COOLING
  YESTERDAY        7                         3      4        0
  MONTH TO DATE   50                        33     17       94
  SINCE MAR 1     78                        59     19      127
  SINCE JAN 1     78                        59     19      127
..................................................................


WIND (MPH)
  HIGHEST WIND SPEED    26   HIGHEST WIND DIRECTION     S (170)
  HIGHEST GUST SPEED    32   HIGHEST GUST DIRECTION     S (160)
  AVERAGE WIND SPEED    13.8


SKY COVER
  POSSIBLE SUNSHINE  MM
  AVERAGE SKY COVER 0.7


WEATHER CONDITIONS
 THE FOLLOWING WEATHER WAS RECORDED YESTERDAY.
  THUNDERSTORM
  LIGHT RAIN
  FOG


RELATIVE HUMIDITY (PERCENT)
 HIGHEST    93           100 AM
 LOWEST     58           400 PM
 AVERAGE    76

..........................................................


THE WICHITA EISENHOWER NATIONAL CLIMATE NORMALS FOR TODAY
                         NORMAL    RECORD    YEAR
 MAXIMUM TEMPERATURE (F)   77        91      2001
                                             1996
                                             1931
 MINIMUM TEMPERATURE (F)   55        36      1890


SUNRISE AND SUNSET
MAY 16 2015...........SUNRISE   619 AM CDT   SUNSET   833 PM CDT
MAY 17 2015...........SUNRISE   619 AM CDT   SUNSET   834 PM CDT


-  INDICATES NEGATIVE NUMBERS.
R  INDICATES RECORD WAS SET OR TIED.
MM INDICATES DATA IS MISSING.
T  INDICATES TRACE AMOUNT.




$$
