000
CDUS43 KDTX 020542
CLIFNT


CLIMATE REPORT
NATIONAL WEATHER SERVICE DETROIT/PONTIAC MI
1242 AM EST MON MAR 2 2015


...................................

...THE FLINT MI CLIMATE SUMMARY FOR MARCH 1 2015...

CLIMATE NORMAL PERIOD 1981 TO 2010
CLIMATE RECORD PERIOD 1921 TO 2015


WEATHER ITEM   OBSERVED TIME   RECORD YEAR NORMAL DEPARTURE LAST
                VALUE   (LST)  VALUE       VALUE  FROM      YEAR
                                                  NORMAL
..................................................................
TEMPERATURE (F)
 YESTERDAY
  MAXIMUM         26    820 PM  60    1992  37    -11       25
  MINIMUM          5    805 AM -11    1967  20    -15       13
  AVERAGE         16                        28    -12       19

PRECIPITATION (IN)
  YESTERDAY        0.01          0.37 2007   0.06  -0.05     0.26
  MONTH TO DATE    0.01                      0.06  -0.05     0.26
  SINCE MAR 1      0.01                      0.06  -0.05     0.26
  SINCE JAN 1      2.18                      3.17  -0.99     4.27

SNOWFALL (IN)
  YESTERDAY        0.4           3.1  2014   0.3    0.1      3.1
  MONTH TO DATE    0.4                       0.3    0.1      3.1
  SINCE MAR 1      0.4                       0.3    0.1      3.1
  SINCE JUL 1     40.9                      38.9    2.0     76.3
  SNOW DEPTH       8

DEGREE DAYS
 HEATING
  YESTERDAY       49                        36     13       46
  MONTH TO DATE   49                        36     13       46
  SINCE MAR 1     49                        36     13       46
  SINCE JUL 1   5357                      5124    233     5567

 COOLING
  YESTERDAY        0                         0      0        0
  MONTH TO DATE    0                         0      0        0
  SINCE MAR 1      0                         0      0        0
  SINCE JAN 1      0                         0      0        0
..................................................................


WIND (MPH)
  HIGHEST WIND SPEED    18   HIGHEST WIND DIRECTION     W (270)
  HIGHEST GUST SPEED    26   HIGHEST GUST DIRECTION     W (280)
  AVERAGE WIND SPEED     6.2


SKY COVER
  POSSIBLE SUNSHINE  MM
  AVERAGE SKY COVER 0.7


WEATHER CONDITIONS
 THE FOLLOWING WEATHER WAS RECORDED YESTERDAY.
  LIGHT SNOW
  FOG
  HAZE


RELATIVE HUMIDITY (PERCENT)
 HIGHEST    88           900 AM
 LOWEST     49          1200 AM
 AVERAGE    69

..........................................................


THE FLINT MI CLIMATE NORMALS FOR TODAY
                         NORMAL    RECORD    YEAR
 MAXIMUM TEMPERATURE (F)   38        58      1964
 MINIMUM TEMPERATURE (F)   20       -12      1978


SUNRISE AND SUNSET
MARCH  2 2015.........SUNRISE   710 AM EST   SUNSET   625 PM EST
MARCH  3 2015.........SUNRISE   708 AM EST   SUNSET   626 PM EST


-  INDICATES NEGATIVE NUMBERS.
R  INDICATES RECORD WAS SET OR TIED.
MM INDICATES DATA IS MISSING.
T  INDICATES TRACE AMOUNT.




$$
