000
CDUS43 KDTX 282132
CLIFNT


CLIMATE REPORT
NATIONAL WEATHER SERVICE DETROIT/PONTIAC MI
431 PM EST WED JAN 28 2015


...................................

...THE FLINT MI CLIMATE SUMMARY FOR JANUARY 28 2015...
VALID TODAY AS OF 0400 PM LOCAL TIME.

CLIMATE NORMAL PERIOD 1981 TO 2010
CLIMATE RECORD PERIOD 1921 TO 2015


WEATHER ITEM   OBSERVED TIME   RECORD YEAR NORMAL DEPARTURE LAST
                VALUE   (LST)  VALUE       VALUE  FROM      YEAR
                                                  NORMAL
..................................................................
TEMPERATURE (F)
 TODAY
  MAXIMUM         32    359 PM  54    2002  30      2        9
  MINIMUM          5    733 AM -12    1925  15    -10       -7
  AVERAGE         19                        22     -3        1

PRECIPITATION (IN)
  TODAY            0.00          0.82 1994   0.05  -0.05     0.00
  MONTH TO DATE    1.19                      1.49  -0.30     2.52
  SINCE DEC 1      2.83                      3.41  -0.58     4.37
  SINCE JAN 1      1.19                      1.49  -0.30     2.52

SNOWFALL (IN)
  TODAY            0.0           2.5  2009   0.4   -0.4      0.0
  MONTH TO DATE   12.5                      11.9    0.6     32.6
  SINCE DEC 1     13.1                      23.7  -10.6     49.5
  SINCE JUL 1     22.5                      26.6   -4.1     51.1
  SNOW DEPTH       2

DEGREE DAYS
 HEATING
  TODAY           46                        43      3       64
  MONTH TO DATE 1231                      1193     38     1384
  SINCE DEC 1   2221                      2357   -136     2615
  SINCE JUL 1   3685                      3838   -153     4014

 COOLING
  TODAY            0                         0      0        0
  MONTH TO DATE    0                         0      0        0
  SINCE DEC 1      0                         0      0        0
  SINCE JAN 1      0                         0      0        0
..................................................................


WIND (MPH)
  HIGHEST WIND SPEED    10   HIGHEST WIND DIRECTION     S (180)
  HIGHEST GUST SPEED    13   HIGHEST GUST DIRECTION     S (200)
  AVERAGE WIND SPEED     4.1


SKY COVER
  POSSIBLE SUNSHINE  MM
  AVERAGE SKY COVER 0.0


WEATHER CONDITIONS
 THE FOLLOWING WEATHER WAS RECORDED TODAY.
  NO SIGNIFICANT WEATHER WAS OBSERVED.


RELATIVE HUMIDITY (PERCENT)
 HIGHEST    83           900 AM
 LOWEST     33           300 PM
 AVERAGE    58

..........................................................


THE FLINT MI CLIMATE NORMALS FOR TOMORROW
                         NORMAL    RECORD    YEAR
 MAXIMUM TEMPERATURE (F)   30        58      2013
 MINIMUM TEMPERATURE (F)   15       -11      1966


SUNRISE AND SUNSET
JANUARY 28 2015.......SUNRISE   754 AM EST   SUNSET   542 PM EST
JANUARY 29 2015.......SUNRISE   753 AM EST   SUNSET   543 PM EST


-  INDICATES NEGATIVE NUMBERS.
R  INDICATES RECORD WAS SET OR TIED.
MM INDICATES DATA IS MISSING.
T  INDICATES TRACE AMOUNT.




$$
