000
CDUS43 KDTX 132028
CLIFNT


CLIMATE REPORT
NATIONAL WEATHER SERVICE DETROIT/PONTIAC MI
428 PM EDT SUN APR 13 2014


...................................

...THE FLINT MI CLIMATE SUMMARY FOR APRIL 13 2014...
VALID TODAY AS OF 0400 PM LOCAL TIME.

CLIMATE NORMAL PERIOD 1981 TO 2010
CLIMATE RECORD PERIOD 1921 TO 2014


WEATHER ITEM   OBSERVED TIME   RECORD YEAR NORMAL DEPARTURE LAST
                VALUE   (LST)  VALUE       VALUE  FROM      YEAR
                                                  NORMAL
..................................................................
TEMPERATURE (F)
 TODAY
  MAXIMUM         74    247 PM  85    1941  56     18       42
  MINIMUM         49    448 AM  15    1950  35     14       35
  AVERAGE         62                        46     16       39

PRECIPITATION (IN)
  TODAY            T             0.99 1952   0.10  -0.10     0.09
  MONTH TO DATE    0.65                      1.23  -0.58     3.43
  SINCE MAR 1      1.86                      3.14  -1.28     4.20
  SINCE JAN 1      5.87                      6.25  -0.38     9.66

SNOWFALL (IN)
  TODAY            0.0           1.3    MM   0.1   -0.1       T
  MONTH TO DATE    T                         1.5   -1.5       T
  SINCE MAR 1      9.4                       8.0    1.4      5.1
  SINCE JUL 1     82.6                      46.6   36.0     43.6
  SNOW DEPTH       0

DEGREE DAYS
 HEATING
  TODAY            3                        20    -17       26
  MONTH TO DATE  241                       285    -44      334
  SINCE MAR 1   1445                      1242    203     1347
  SINCE JUL 1   6966                      6330    636     6000

 COOLING
  TODAY            0                         0      0        0
  MONTH TO DATE    0                         0      0        0
  SINCE MAR 1      0                         0      0        0
  SINCE JAN 1      0                         0      0        0
..................................................................


WIND (MPH)
  HIGHEST WIND SPEED    21   HIGHEST WIND DIRECTION    SW (240)
  HIGHEST GUST SPEED    27   HIGHEST GUST DIRECTION    SW (240)
  AVERAGE WIND SPEED    11.5


SKY COVER
  POSSIBLE SUNSHINE  MM
  AVERAGE SKY COVER 0.7


WEATHER CONDITIONS
 THE FOLLOWING WEATHER WAS RECORDED TODAY.
  LIGHT RAIN


RELATIVE HUMIDITY (PERCENT)
 HIGHEST    86           200 AM
 LOWEST     53          1200 PM
 AVERAGE    70

..........................................................


THE FLINT MI CLIMATE NORMALS FOR TOMORROW
                         NORMAL    RECORD    YEAR
 MAXIMUM TEMPERATURE (F)   57        81      1941
 MINIMUM TEMPERATURE (F)   35        20      1950
                                             1943


SUNRISE AND SUNSET
APRIL 13 2014.........SUNRISE   657 AM EDT   SUNSET   815 PM EDT
APRIL 14 2014.........SUNRISE   655 AM EDT   SUNSET   816 PM EDT


-  INDICATES NEGATIVE NUMBERS.
R  INDICATES RECORD WAS SET OR TIED.
MM INDICATES DATA IS MISSING.
T  INDICATES TRACE AMOUNT.




$$
