000
CDUS43 KDTX 130543
CLIFNT


CLIMATE REPORT
NATIONAL WEATHER SERVICE DETROIT/PONTIAC MI
143 AM EDT SAT SEP 13 2014


...................................

...THE FLINT MI CLIMATE SUMMARY FOR SEPTEMBER 12 2014...

CLIMATE NORMAL PERIOD 1981 TO 2010
CLIMATE RECORD PERIOD 1921 TO 2014


WEATHER ITEM   OBSERVED TIME   RECORD YEAR NORMAL DEPARTURE LAST
                VALUE   (LST)  VALUE       VALUE  FROM      YEAR
                                                  NORMAL
..................................................................
TEMPERATURE (F)
 YESTERDAY
  MAXIMUM         60    237 PM  94    1931  74    -14       80
  MINIMUM         52    854 AM  34    1964  51      1       58
  AVERAGE         56                        63     -7       69

PRECIPITATION (IN)
  YESTERDAY        0.03          1.04 1925   0.12  -0.09     0.18
  MONTH TO DATE    1.45                      1.45   0.00     0.30
  SINCE SEP 1      1.45                      1.45   0.00     0.30
  SINCE JAN 1     28.44                     22.01   6.43    25.89

SNOWFALL (IN)
  YESTERDAY        0.0           T      MM   0.0    0.0      0.0
  MONTH TO DATE    0.0                       0.0    0.0      0.0
  SINCE SEP 1      0.0                       0.0    0.0      0.0
  SINCE JUL 1      0.0                       0.0    0.0      0.0
  SNOW DEPTH       0

DEGREE DAYS
 HEATING
  YESTERDAY        9                         4      5        0
  MONTH TO DATE   17                        35    -18       13
  SINCE SEP 1     17                        35    -18       13
  SINCE JUL 1     41                        79    -38       35

 COOLING
  YESTERDAY        0                         2     -2        4
  MONTH TO DATE   60                        29     31       58
  SINCE SEP 1     60                        29     31       58
  SINCE JAN 1    592                       506     86      728
..................................................................


WIND (MPH)
  HIGHEST WIND SPEED    12   HIGHEST WIND DIRECTION    NE (60)
  HIGHEST GUST SPEED    14   HIGHEST GUST DIRECTION     E (80)
  AVERAGE WIND SPEED     6.0


SKY COVER
  POSSIBLE SUNSHINE  MM
  AVERAGE SKY COVER 1.0


WEATHER CONDITIONS
 THE FOLLOWING WEATHER WAS RECORDED YESTERDAY.
  LIGHT RAIN
  FOG
  HAZE


RELATIVE HUMIDITY (PERCENT)
 HIGHEST    89          1200 AM
 LOWEST     72          1000 AM
 AVERAGE    81

..........................................................


THE FLINT MI CLIMATE NORMALS FOR TODAY
                         NORMAL    RECORD    YEAR
 MAXIMUM TEMPERATURE (F)   74        93      1952
 MINIMUM TEMPERATURE (F)   51        33      1964


SUNRISE AND SUNSET
SEPTEMBER 13 2014.....SUNRISE   712 AM EDT   SUNSET   748 PM EDT
SEPTEMBER 14 2014.....SUNRISE   713 AM EDT   SUNSET   747 PM EDT


-  INDICATES NEGATIVE NUMBERS.
R  INDICATES RECORD WAS SET OR TIED.
MM INDICATES DATA IS MISSING.
T  INDICATES TRACE AMOUNT.




$$
