000
CDUS43 KDTX 300536
CLIFNT


CLIMATE REPORT
NATIONAL WEATHER SERVICE DETROIT/PONTIAC MI
1236 AM EST THU NOV 30 2017


...................................

...THE FLINT MI CLIMATE SUMMARY FOR NOVEMBER 29 2017...

CLIMATE NORMAL PERIOD 1981 TO 2010
CLIMATE RECORD PERIOD 1921 TO 2017


WEATHER ITEM   OBSERVED TIME   RECORD YEAR NORMAL DEPARTURE LAST
                VALUE   (LST)  VALUE       VALUE  FROM      YEAR
                                                  NORMAL
..................................................................
TEMPERATURE (F)
 YESTERDAY
  MAXIMUM         46   1221 AM  68    1941  40      6       58
  MINIMUM         27   1159 PM   1    1929  26      1       47
  AVERAGE         37                        33      4       53

PRECIPITATION (IN)
  YESTERDAY        0.00          1.26 2011   0.08  -0.08     0.05
  MONTH TO DATE    3.05                      2.59   0.46     2.01
  SINCE SEP 1      8.58                      8.81  -0.23     9.60
  SINCE JAN 1     34.27                     29.37   4.90    29.15

SNOWFALL (IN)
  YESTERDAY        0.0           3.9  1966   0.2   -0.2      0.0
  MONTH TO DATE    0.3                       2.3   -2.0       T
  SINCE SEP 1      0.4                       2.7   -2.3       T
  SINCE JUL 1      0.4                       2.7   -2.3       T
  SNOW DEPTH       0

DEGREE DAYS
 HEATING
  YESTERDAY       28                        32     -4       12
  MONTH TO DATE  787                       753     34      580
  SINCE SEP 1   1238                      1405   -167     1019
  SINCE JUL 1   1270                      1449   -179     1019

 COOLING
  YESTERDAY        0                         0      0        0
  MONTH TO DATE    0                         0      0        0
  SINCE SEP 1    110                        54     56       83
  SINCE JAN 1    567                       531     36     1022
..................................................................


WIND (MPH)
  HIGHEST WIND SPEED    18   HIGHEST WIND DIRECTION     W (280)
  HIGHEST GUST SPEED    23   HIGHEST GUST DIRECTION     W (280)
  AVERAGE WIND SPEED     7.1


SKY COVER
  POSSIBLE SUNSHINE  MM
  AVERAGE SKY COVER 0.0


WEATHER CONDITIONS
 THE FOLLOWING WEATHER WAS RECORDED YESTERDAY.
  NO SIGNIFICANT WEATHER WAS OBSERVED.


RELATIVE HUMIDITY (PERCENT)
 HIGHEST    85          1100 PM
 LOWEST     45           200 PM
 AVERAGE    65

..........................................................


THE FLINT MI CLIMATE NORMALS FOR TODAY
                         NORMAL    RECORD    YEAR
 MAXIMUM TEMPERATURE (F)   40        64      1998
 MINIMUM TEMPERATURE (F)   26         2      1958


SUNRISE AND SUNSET
NOVEMBER 30 2017......SUNRISE   745 AM EST   SUNSET   502 PM EST
DECEMBER  1 2017......SUNRISE   747 AM EST   SUNSET   501 PM EST


-  INDICATES NEGATIVE NUMBERS.
R  INDICATES RECORD WAS SET OR TIED.
MM INDICATES DATA IS MISSING.
T  INDICATES TRACE AMOUNT.




$$
