000
CDUS43 KDTX 130546
CLIFNT


CLIMATE REPORT
NATIONAL WEATHER SERVICE DETROIT/PONTIAC MI
146 AM EDT FRI MAY 13 2016


...................................

...THE FLINT MI CLIMATE SUMMARY FOR MAY 12 2016...

CLIMATE NORMAL PERIOD 1981 TO 2010
CLIMATE RECORD PERIOD 1921 TO 2016


WEATHER ITEM   OBSERVED TIME   RECORD YEAR NORMAL DEPARTURE LAST
                VALUE   (LST)  VALUE       VALUE  FROM      YEAR
                                                  NORMAL
..................................................................
TEMPERATURE (F)
 YESTERDAY
  MAXIMUM         79    209 PM  88    1991  67     12       63
  MINIMUM         58    310 AM  29    1946  44     14       48
  AVERAGE         69                        56     13       56

PRECIPITATION (IN)
  YESTERDAY        0.31          1.19 2014   0.10   0.21     0.01
  MONTH TO DATE    1.04                      1.18  -0.14     1.54
  SINCE MAR 1      7.70                      5.98   1.72     4.09
  SINCE JAN 1     11.55                      9.09   2.46     6.26

SNOWFALL (IN)
  YESTERDAY        0.0           0.0    MM   0.0    0.0      0.0
  MONTH TO DATE    0.0                       0.0    0.0      0.0
  SINCE MAR 1     18.4                       8.8    9.6      4.8
  SINCE JUL 1     69.0                      47.4   21.6     45.3
  SNOW DEPTH       0

DEGREE DAYS
 HEATING
  YESTERDAY        0                        10    -10        9
  MONTH TO DATE  105                       139    -34       34
  SINCE MAR 1   1384                      1658   -274     1515
  SINCE JUL 1   5254                      6746  -1492     6823

 COOLING
  YESTERDAY        4                         1      3        0
  MONTH TO DATE    4                         4      0       22
  SINCE MAR 1      5                         8     -3       22
  SINCE JAN 1      5                         8     -3       22
..................................................................


WIND (MPH)
  HIGHEST WIND SPEED    26   HIGHEST WIND DIRECTION    NW (300)
  HIGHEST GUST SPEED    33   HIGHEST GUST DIRECTION    NW (300)
  AVERAGE WIND SPEED     8.4


SKY COVER
  POSSIBLE SUNSHINE  MM
  AVERAGE SKY COVER 0.7


WEATHER CONDITIONS
 THE FOLLOWING WEATHER WAS RECORDED YESTERDAY.
  THUNDERSTORM
  HEAVY RAIN
  RAIN
  LIGHT RAIN
  FOG
  HAZE


RELATIVE HUMIDITY (PERCENT)
 HIGHEST    87           600 PM
 LOWEST     54           100 PM
 AVERAGE    71

..........................................................


THE FLINT MI CLIMATE NORMALS FOR TODAY
                         NORMAL    RECORD    YEAR
 MAXIMUM TEMPERATURE (F)   68        89      1940
 MINIMUM TEMPERATURE (F)   44        28      1946


SUNRISE AND SUNSET
MAY 13 2016...........SUNRISE   613 AM EDT   SUNSET   850 PM EDT
MAY 14 2016...........SUNRISE   612 AM EDT   SUNSET   851 PM EDT


-  INDICATES NEGATIVE NUMBERS.
R  INDICATES RECORD WAS SET OR TIED.
MM INDICATES DATA IS MISSING.
T  INDICATES TRACE AMOUNT.




$$
