000
CDUS43 KDTX 240540
CLIFNT


CLIMATE REPORT
NATIONAL WEATHER SERVICE DETROIT/PONTIAC MI
1240 AM EST TUE FEB 24 2015


...................................

...THE FLINT MI CLIMATE SUMMARY FOR FEBRUARY 23 2015...

CLIMATE NORMAL PERIOD 1981 TO 2010
CLIMATE RECORD PERIOD 1921 TO 2015


WEATHER ITEM   OBSERVED TIME   RECORD YEAR NORMAL DEPARTURE LAST
                VALUE   (LST)  VALUE       VALUE  FROM      YEAR
                                                  NORMAL
..................................................................
TEMPERATURE (F)
 YESTERDAY
  MAXIMUM         11    556 PM  63    1984  35    -24       27
  MINIMUM        -17R   722 AM -10    2011  18    -35       19
  AVERAGE         -3                        27    -30       23

PRECIPITATION (IN)
  YESTERDAY        0.00          1.49 1985   0.06  -0.06     0.00
  MONTH TO DATE    0.83                      1.18  -0.35     1.45
  SINCE DEC 1      3.77                      4.73  -0.96     5.83
  SINCE JAN 1      2.13                      2.81  -0.68     3.98

SNOWFALL (IN)
  YESTERDAY        0.0           4.3  1994   0.3   -0.3      0.0
  MONTH TO DATE   17.0                       9.0    8.0     20.4
  SINCE DEC 1     30.7                      33.9   -3.2     70.2
  SINCE JUL 1     40.1                      36.8    3.3     71.8
  SNOW DEPTH       9

DEGREE DAYS
 HEATING
  YESTERDAY       68                        38     30       42
  MONTH TO DATE 1214                       936    278     1088
  SINCE DEC 1   3562                      3419    143     3842
  SINCE JUL 1   5026                      4900    126     5241

 COOLING
  YESTERDAY        0                         0      0        0
  MONTH TO DATE    0                         0      0        0
  SINCE DEC 1      0                         0      0        0
  SINCE JAN 1      0                         0      0        0
..................................................................


WIND (MPH)
  HIGHEST WIND SPEED    17   HIGHEST WIND DIRECTION     W (280)
  HIGHEST GUST SPEED    21   HIGHEST GUST DIRECTION     W (280)
  AVERAGE WIND SPEED     7.3


SKY COVER
  POSSIBLE SUNSHINE  MM
  AVERAGE SKY COVER 0.0


WEATHER CONDITIONS
 THE FOLLOWING WEATHER WAS RECORDED YESTERDAY.
  NO SIGNIFICANT WEATHER WAS OBSERVED.


RELATIVE HUMIDITY (PERCENT)
 HIGHEST    72           500 AM
 LOWEST     50           300 PM
 AVERAGE    61

..........................................................


THE FLINT MI CLIMATE NORMALS FOR TODAY
                         NORMAL    RECORD    YEAR
 MAXIMUM TEMPERATURE (F)   35        57      2002
                                             1930
 MINIMUM TEMPERATURE (F)   19        -9      1924


SUNRISE AND SUNSET
FEBRUARY 24 2015......SUNRISE   719 AM EST   SUNSET   618 PM EST
FEBRUARY 25 2015......SUNRISE   718 AM EST   SUNSET   619 PM EST


-  INDICATES NEGATIVE NUMBERS.
R  INDICATES RECORD WAS SET OR TIED.
MM INDICATES DATA IS MISSING.
T  INDICATES TRACE AMOUNT.




$$
