000
CDUS43 KDTX 240535
CLIFNT


CLIMATE REPORT
NATIONAL WEATHER SERVICE DETROIT/PONTIAC MI
135 AM EDT SUN AUG 24 2014


...................................

...THE FLINT MI CLIMATE SUMMARY FOR AUGUST 23 2014...

CLIMATE NORMAL PERIOD 1981 TO 2010
CLIMATE RECORD PERIOD 1921 TO 2014


WEATHER ITEM   OBSERVED TIME   RECORD YEAR NORMAL DEPARTURE LAST
                VALUE   (LST)  VALUE       VALUE  FROM      YEAR
                                                  NORMAL
..................................................................
TEMPERATURE (F)
 YESTERDAY
  MAXIMUM         83    301 PM  98    1936  79      4       83
  MINIMUM         64    734 AM  41    1952  57      7       53
  AVERAGE         74                        68      6       68

PRECIPITATION (IN)
  YESTERDAY        0.00          2.61 1975   0.10  -0.10     0.00
  MONTH TO DATE    3.73                      2.35   1.38     1.33
  SINCE JUN 1     11.95                      8.74   3.21     7.58
  SINCE JAN 1     26.90                     19.73   7.17    24.34

SNOWFALL (IN)
  YESTERDAY        0.0           0.0    MM   0.0    0.0      0.0
  MONTH TO DATE    0.0                       0.0    0.0      0.0
  SINCE JUN 1      0.0                       0.0    0.0      0.0
  SINCE JUL 1      0.0                       0.0    0.0      0.0
  SNOW DEPTH       0

DEGREE DAYS
 HEATING
  YESTERDAY        0                         1     -1        0
  MONTH TO DATE    7                        22    -15       13
  SINCE JUN 1     46                       103    -57       63
  SINCE JUL 1     24                        37    -13       22

 COOLING
  YESTERDAY        9                         4      5        3
  MONTH TO DATE  134                       117     17       87
  SINCE JUN 1    415                       416     -1      510
  SINCE JAN 1    463                       448     15      589
..................................................................


WIND (MPH)
  HIGHEST WIND SPEED    14   HIGHEST WIND DIRECTION     E (80)
  HIGHEST GUST SPEED    17   HIGHEST GUST DIRECTION     E (80)
  AVERAGE WIND SPEED     6.9


SKY COVER
  POSSIBLE SUNSHINE  MM
  AVERAGE SKY COVER 0.4


WEATHER CONDITIONS
 THE FOLLOWING WEATHER WAS RECORDED YESTERDAY.
  FOG
  FOG W/VISIBILITY <= 1/4 MILE
  HAZE


RELATIVE HUMIDITY (PERCENT)
 HIGHEST    87           500 AM
 LOWEST     55           200 PM
 AVERAGE    71

..........................................................


THE FLINT MI CLIMATE NORMALS FOR TODAY
                         NORMAL    RECORD    YEAR
 MAXIMUM TEMPERATURE (F)   79       101      1947
 MINIMUM TEMPERATURE (F)   57        40      1987
                                             1951


SUNRISE AND SUNSET
AUGUST 24 2014........SUNRISE   651 AM EDT   SUNSET   823 PM EDT
AUGUST 25 2014........SUNRISE   652 AM EDT   SUNSET   821 PM EDT


-  INDICATES NEGATIVE NUMBERS.
R  INDICATES RECORD WAS SET OR TIED.
MM INDICATES DATA IS MISSING.
T  INDICATES TRACE AMOUNT.




$$
