000
CDUS43 KDTX 260538
CLIFNT


CLIMATE REPORT
NATIONAL WEATHER SERVICE DETROIT/PONTIAC MI
138 AM EDT FRI JUN 26 2015


...................................

...THE FLINT MI CLIMATE SUMMARY FOR JUNE 25 2015...

CLIMATE NORMAL PERIOD 1981 TO 2010
CLIMATE RECORD PERIOD 1921 TO 2015


WEATHER ITEM   OBSERVED TIME   RECORD YEAR NORMAL DEPARTURE LAST
                VALUE   (LST)  VALUE       VALUE  FROM      YEAR
                                                  NORMAL
..................................................................
TEMPERATURE (F)
 YESTERDAY
  MAXIMUM         79    105 PM 101    1988  81     -2       76
  MINIMUM         61    514 AM  40    1979  58      3       62
  AVERAGE         70                        69      1       69

PRECIPITATION (IN)
  YESTERDAY        T             1.99 1968   0.11  -0.11     0.19
  MONTH TO DATE    4.79                      2.59   2.20     2.43
  SINCE JUN 1      4.79                      2.59   2.20     2.43
  SINCE JAN 1     12.91                     13.58  -0.67    17.38

SNOWFALL (IN)
  YESTERDAY        0.0           0.0    MM   0.0    0.0      0.0
  MONTH TO DATE    0.0                       0.0    0.0      0.0
  SINCE JUN 1      0.0                       0.0    0.0      0.0
  SINCE JUL 1     45.3                      47.4   -2.1     83.9
  SNOW DEPTH       0

DEGREE DAYS
 HEATING
  YESTERDAY        0                         1     -1        0
  MONTH TO DATE   26                        61    -35       22
  SINCE JUN 1     26                        61    -35       22
  SINCE JUL 1   6946                      6948     -2     7479

 COOLING
  YESTERDAY        5                         5      0        4
  MONTH TO DATE  110                        84     26      104
  SINCE JUN 1    110                        84     26      104
  SINCE JAN 1    185                       116     69      152
..................................................................


WIND (MPH)
  HIGHEST WIND SPEED    12   HIGHEST WIND DIRECTION    NE (60)
  HIGHEST GUST SPEED    15   HIGHEST GUST DIRECTION     S (190)
  AVERAGE WIND SPEED     3.9


SKY COVER
  POSSIBLE SUNSHINE  MM
  AVERAGE SKY COVER 0.4


WEATHER CONDITIONS
 THE FOLLOWING WEATHER WAS RECORDED YESTERDAY.
  LIGHT RAIN


RELATIVE HUMIDITY (PERCENT)
 HIGHEST    90           400 AM
 LOWEST     46           300 PM
 AVERAGE    68

..........................................................


THE FLINT MI CLIMATE NORMALS FOR TODAY
                         NORMAL    RECORD    YEAR
 MAXIMUM TEMPERATURE (F)   81        99      1921
 MINIMUM TEMPERATURE (F)   58        43      1981
                                             1961


SUNRISE AND SUNSET
JUNE 26 2015..........SUNRISE   557 AM EDT   SUNSET   918 PM EDT
JUNE 27 2015..........SUNRISE   558 AM EDT   SUNSET   918 PM EDT


-  INDICATES NEGATIVE NUMBERS.
R  INDICATES RECORD WAS SET OR TIED.
MM INDICATES DATA IS MISSING.
T  INDICATES TRACE AMOUNT.




$$
