000
CDUS43 KDTX 130535
CLIFNT


CLIMATE REPORT
NATIONAL WEATHER SERVICE DETROIT/PONTIAC MI
135 AM EDT WED AUG 13 2014


...................................

...THE FLINT MI CLIMATE SUMMARY FOR AUGUST 12 2014...

CLIMATE NORMAL PERIOD 1981 TO 2010
CLIMATE RECORD PERIOD 1921 TO 2014


WEATHER ITEM   OBSERVED TIME   RECORD YEAR NORMAL DEPARTURE LAST
                VALUE   (LST)  VALUE       VALUE  FROM      YEAR
                                                  NORMAL
..................................................................
TEMPERATURE (F)
 YESTERDAY
  MAXIMUM         79    152 PM  94    1947  80     -1       73
                                      1940
  MINIMUM         61   1159 PM  39    1967  59      2       62
  AVERAGE         70                        69      1       68

PRECIPITATION (IN)
  YESTERDAY        0.31          1.22 1988   0.10   0.21     0.08
  MONTH TO DATE    2.97                      1.26   1.71     1.33
  SINCE JUN 1     11.19                      7.65   3.54     7.58
  SINCE JAN 1     26.14                     18.64   7.50    24.34

SNOWFALL (IN)
  YESTERDAY        0.0           0.0    MM   0.0    0.0      0.0
  MONTH TO DATE    0.0                       0.0    0.0      0.0
  SINCE JUN 1      0.0                       0.0    0.0      0.0
  SINCE JUL 1      0.0                       0.0    0.0      0.0
  SNOW DEPTH       0

DEGREE DAYS
 HEATING
  YESTERDAY        0                         1     -1        0
  MONTH TO DATE    0                        11    -11        2
  SINCE JUN 1     39                        92    -53       52
  SINCE JUL 1     17                        26     -9       11

 COOLING
  YESTERDAY        5                         5      0        3
  MONTH TO DATE   72                        65      7       46
  SINCE JUN 1    353                       364    -11      469
  SINCE JAN 1    401                       396      5      548
..................................................................


WIND (MPH)
  HIGHEST WIND SPEED    20   HIGHEST WIND DIRECTION     W (290)
  HIGHEST GUST SPEED    24   HIGHEST GUST DIRECTION     W (280)
  AVERAGE WIND SPEED     9.3


SKY COVER
  POSSIBLE SUNSHINE  MM
  AVERAGE SKY COVER 0.8


WEATHER CONDITIONS
 THE FOLLOWING WEATHER WAS RECORDED YESTERDAY.
  THUNDERSTORM
  HEAVY RAIN
  RAIN
  LIGHT RAIN
  FOG
  HAZE


RELATIVE HUMIDITY (PERCENT)
 HIGHEST    87          1200 AM
 LOWEST     58           200 PM
 AVERAGE    73

..........................................................


THE FLINT MI CLIMATE NORMALS FOR TODAY
                         NORMAL    RECORD    YEAR
 MAXIMUM TEMPERATURE (F)   80        96      1947
 MINIMUM TEMPERATURE (F)   59        40      1939


SUNRISE AND SUNSET
AUGUST 13 2014........SUNRISE   639 AM EDT   SUNSET   840 PM EDT
AUGUST 14 2014........SUNRISE   640 AM EDT   SUNSET   839 PM EDT


-  INDICATES NEGATIVE NUMBERS.
R  INDICATES RECORD WAS SET OR TIED.
MM INDICATES DATA IS MISSING.
T  INDICATES TRACE AMOUNT.




$$
