000
CDUS43 KDTX 172129
CLIFNT


CLIMATE REPORT
NATIONAL WEATHER SERVICE DETROIT/PONTIAC MI
428 PM EST TUE FEB 17 2015


...................................

...THE FLINT MI CLIMATE SUMMARY FOR FEBRUARY 17 2015...
VALID TODAY AS OF 0400 PM LOCAL TIME.

CLIMATE NORMAL PERIOD 1981 TO 2010
CLIMATE RECORD PERIOD 1921 TO 2015


WEATHER ITEM   OBSERVED TIME   RECORD YEAR NORMAL DEPARTURE LAST
                VALUE   (LST)  VALUE       VALUE  FROM      YEAR
                                                  NORMAL
..................................................................
TEMPERATURE (F)
 TODAY
  MAXIMUM         22    254 PM  54    2011  33    -11       22
  MINIMUM          2    403 AM -19    1979  17    -15       -8
  AVERAGE         12                        25    -13        7

PRECIPITATION (IN)
  TODAY            0.01          0.75 1938   0.05  -0.04     0.30
  MONTH TO DATE    0.78                      0.84  -0.06     1.09
  SINCE DEC 1      3.72                      4.39  -0.67     5.47
  SINCE JAN 1      2.08                      2.47  -0.39     3.62

SNOWFALL (IN)
  TODAY            0.1           4.5  2014   0.4   -0.3      4.5
  MONTH TO DATE   15.2                       6.8    8.4     19.4
  SINCE DEC 1     28.9                      31.7   -2.8     69.2
  SINCE JUL 1     38.3                      34.6    3.7     70.8
  SNOW DEPTH       9

DEGREE DAYS
 HEATING
  TODAY           53                        40     13       58
  MONTH TO DATE  857                       702    155      891
  SINCE DEC 1   3205                      3185     20     3645
  SINCE JUL 1   4669                      4666      3     5044

 COOLING
  TODAY            0                         0      0        0
  MONTH TO DATE    0                         0      0        0
  SINCE DEC 1      0                         0      0        0
  SINCE JAN 1      0                         0      0        0
..................................................................


WIND (MPH)
  HIGHEST WIND SPEED    18   HIGHEST WIND DIRECTION     W (290)
  HIGHEST GUST SPEED    24   HIGHEST GUST DIRECTION     W (270)
  AVERAGE WIND SPEED     8.8


SKY COVER
  POSSIBLE SUNSHINE  MM
  AVERAGE SKY COVER 1.0


WEATHER CONDITIONS
 THE FOLLOWING WEATHER WAS RECORDED TODAY.
  LIGHT SNOW
  HAZE


RELATIVE HUMIDITY (PERCENT)
 HIGHEST    79           100 AM
 LOWEST     52           300 PM
 AVERAGE    66

..........................................................


THE FLINT MI CLIMATE NORMALS FOR TOMORROW
                         NORMAL    RECORD    YEAR
 MAXIMUM TEMPERATURE (F)   33        56      2011
                                             1994
 MINIMUM TEMPERATURE (F)   17       -11      1936


SUNRISE AND SUNSET
FEBRUARY 17 2015......SUNRISE   730 AM EST   SUNSET   609 PM EST
FEBRUARY 18 2015......SUNRISE   728 AM EST   SUNSET   610 PM EST


-  INDICATES NEGATIVE NUMBERS.
R  INDICATES RECORD WAS SET OR TIED.
MM INDICATES DATA IS MISSING.
T  INDICATES TRACE AMOUNT.




$$
