000
CDUS43 KDTX 150555
CLIFNT


CLIMATE REPORT
NATIONAL WEATHER SERVICE DETROIT/PONTIAC MI
155 AM EDT THU JUN 15 2017


...................................

...THE FLINT MI CLIMATE SUMMARY FOR JUNE 14 2017...

CLIMATE NORMAL PERIOD 1981 TO 2010
CLIMATE RECORD PERIOD 1921 TO 2017


WEATHER ITEM   OBSERVED TIME   RECORD YEAR NORMAL DEPARTURE LAST
                VALUE   (LST)  VALUE       VALUE  FROM      YEAR
                                                  NORMAL
..................................................................
TEMPERATURE (F)
 YESTERDAY
  MAXIMUM         83    530 PM  97    1987  78      5       77
  MINIMUM         66    442 AM  37    1978  55     11       60
  AVERAGE         75                        66      9       69

PRECIPITATION (IN)
  YESTERDAY        0.04          1.23 1981   0.11  -0.07     0.00
                                      1961
  MONTH TO DATE    0.35                      1.45  -1.10     0.52
  SINCE JUN 1      0.35                      1.45  -1.10     0.52
  SINCE JAN 1     16.78                     12.44   4.34    12.75

SNOWFALL (IN)
  YESTERDAY        0.0           0.0    MM   0.0    0.0      0.0
  MONTH TO DATE    0.0                       0.0    0.0      0.0
  SINCE JUN 1      0.0                       0.0    0.0      0.0
  SINCE JUL 1     39.4                      47.4   -8.0     69.0
  SNOW DEPTH       0

DEGREE DAYS
 HEATING
  YESTERDAY        0                         2     -2        0
  MONTH TO DATE   24                        46    -22       22
  SINCE JUN 1     24                        46    -22       22
  SINCE JUL 1   5812                      6933  -1121     5378

 COOLING
  YESTERDAY       10                         3      7        4
  MONTH TO DATE   69                        35     34       62
  SINCE JUN 1     69                        35     34       62
  SINCE JAN 1     94                        67     27      141
..................................................................


WIND (MPH)
  HIGHEST WIND SPEED    16   HIGHEST WIND DIRECTION    SE (140)
  HIGHEST GUST SPEED    24   HIGHEST GUST DIRECTION    SE (120)
  AVERAGE WIND SPEED     8.2


SKY COVER
  POSSIBLE SUNSHINE  MM
  AVERAGE SKY COVER 0.2


WEATHER CONDITIONS
 THE FOLLOWING WEATHER WAS RECORDED YESTERDAY.
  NO SIGNIFICANT WEATHER WAS OBSERVED.


RELATIVE HUMIDITY (PERCENT)
 HIGHEST    81           300 AM
 LOWEST     55           600 PM
 AVERAGE    68

..........................................................


THE FLINT MI CLIMATE NORMALS FOR TODAY
                         NORMAL    RECORD    YEAR
 MAXIMUM TEMPERATURE (F)   78        93      1988
                                             1954
 MINIMUM TEMPERATURE (F)   55        41      1999
                                             1942
                                             1927


SUNRISE AND SUNSET
JUNE 15 2017..........SUNRISE   555 AM EDT   SUNSET   916 PM EDT
JUNE 16 2017..........SUNRISE   555 AM EDT   SUNSET   916 PM EDT


-  INDICATES NEGATIVE NUMBERS.
R  INDICATES RECORD WAS SET OR TIED.
MM INDICATES DATA IS MISSING.
T  INDICATES TRACE AMOUNT.




$$
