000
CDUS43 KDTX 142026
CLIFNT


CLIMATE REPORT
NATIONAL WEATHER SERVICE DETROIT/PONTIAC MI
426 PM EDT FRI APR 14 2017


...................................

...THE FLINT MI CLIMATE SUMMARY FOR APRIL 14 2017...
VALID TODAY AS OF 0400 PM LOCAL TIME.

CLIMATE NORMAL PERIOD 1981 TO 2010
CLIMATE RECORD PERIOD 1921 TO 2017


WEATHER ITEM   OBSERVED TIME   RECORD YEAR NORMAL DEPARTURE LAST
                VALUE   (LST)  VALUE       VALUE  FROM      YEAR
                                                  NORMAL
..................................................................
TEMPERATURE (F)
 TODAY
  MAXIMUM         65    259 PM  81    1941  57      8       60
  MINIMUM         37    635 AM  20    1950  35      2       31
                                      1943
  AVERAGE         51                        46      5       46

PRECIPITATION (IN)
  TODAY            0.00          0.96 1968   0.11  -0.11     0.00
  MONTH TO DATE    2.83                      1.34   1.49     1.41
  SINCE MAR 1      6.04                      3.25   2.79     5.74
  SINCE JAN 1     11.59                      6.36   5.23     9.59

SNOWFALL (IN)
  TODAY            0.0           0.6  2014   0.1   -0.1      0.0
  MONTH TO DATE    1.5                       1.6   -0.1      6.8
  SINCE MAR 1      6.9                       8.1   -1.2     18.4
  SINCE JUL 1     39.4                      46.7   -7.3     69.0
  SNOW DEPTH       0

DEGREE DAYS
 HEATING
  TODAY           14                        19     -5       19
  MONTH TO DATE  238                       304    -66      376
  SINCE MAR 1   1196                      1261    -65     1090
  SINCE JUL 1   5345                      6349  -1004     4960

 COOLING
  TODAY            0                         0      0        0
  MONTH TO DATE    0                         0      0        0
  SINCE MAR 1      0                         0      0        1
  SINCE JAN 1      0                         0      0        1
..................................................................


WIND (MPH)
  HIGHEST WIND SPEED    15   HIGHEST WIND DIRECTION     E (110)
  HIGHEST GUST SPEED    22   HIGHEST GUST DIRECTION     E (100)
  AVERAGE WIND SPEED     8.6


SKY COVER
  POSSIBLE SUNSHINE  MM
  AVERAGE SKY COVER 0.3


WEATHER CONDITIONS
 THE FOLLOWING WEATHER WAS RECORDED TODAY.
  NO SIGNIFICANT WEATHER WAS OBSERVED.


RELATIVE HUMIDITY (PERCENT)
 HIGHEST    85           500 AM
 LOWEST     36           100 PM
 AVERAGE    61

..........................................................


THE FLINT MI CLIMATE NORMALS FOR TOMORROW
                         NORMAL    RECORD    YEAR
 MAXIMUM TEMPERATURE (F)   57        85      2003
 MINIMUM TEMPERATURE (F)   35        20      1926


SUNRISE AND SUNSET
APRIL 14 2017.........SUNRISE   654 AM EDT   SUNSET   817 PM EDT
APRIL 15 2017.........SUNRISE   653 AM EDT   SUNSET   818 PM EDT


-  INDICATES NEGATIVE NUMBERS.
R  INDICATES RECORD WAS SET OR TIED.
MM INDICATES DATA IS MISSING.
T  INDICATES TRACE AMOUNT.




$$
