000
CDUS43 KEAX 010634
CLIMCI

CLIMATE REPORT
NATIONAL WEATHER SERVICE KANSAS CITY/PLEASANT HILL MO
133 AM CDT WED OCT 1 2014


...................................

...THE KANSAS CITY INTERNATIONAL MO CLIMATE SUMMARY FOR SEPTEMBER 30 2014...

CLIMATE NORMAL PERIOD 1981 TO 2010
CLIMATE RECORD PERIOD 1888 TO 2014


WEATHER ITEM   OBSERVED TIME   RECORD YEAR NORMAL DEPARTURE LAST
                VALUE   (LST)  VALUE       VALUE  FROM      YEAR
                                                  NORMAL
..................................................................
TEMPERATURE (F)
 YESTERDAY
  MAXIMUM         84    217 PM  93    1938  73     11       77
  MINIMUM         61    628 AM  33    1984  51     10       47
  AVERAGE         73                        62     11       62

PRECIPITATION (IN)
  YESTERDAY        0.01          2.52 1923   0.13  -0.12     0.00
  MONTH TO DATE    2.20                      4.62  -2.42     4.84
  SINCE SEP 1      2.20                      4.62  -2.42     4.84
  SINCE JAN 1     28.19                     32.02  -3.83    27.51

SNOWFALL (IN)
  YESTERDAY        0.0           0.0    MM   0.0    0.0      0.0
  MONTH TO DATE    0.0                       0.0    0.0      0.0
  SINCE SEP 1      0.0                       0.0    0.0      0.0
  SINCE JUL 1      0.0                       0.0    0.0      0.0
  SNOW DEPTH       0

DEGREE DAYS
 HEATING
  YESTERDAY        0                         5     -5        3
  MONTH TO DATE   65                        64      1       19
  SINCE SEP 1     65                        65      0       19
  SINCE JUL 1     67                        67      0       19

 COOLING
  YESTERDAY        8                         2      6        0
  MONTH TO DATE  130                       159    -29      223
  SINCE SEP 1    130                       159    -29      223
  SINCE JAN 1   1249                      1332    -83     1317
..................................................................


WIND (MPH)
  HIGHEST WIND SPEED    22   HIGHEST WIND DIRECTION     S (180)
  HIGHEST GUST SPEED    25   HIGHEST GUST DIRECTION     S (160)
  AVERAGE WIND SPEED    10.6


SKY COVER
  POSSIBLE SUNSHINE  MM
  AVERAGE SKY COVER 0.5


WEATHER CONDITIONS
 THE FOLLOWING WEATHER WAS RECORDED YESTERDAY.
  THUNDERSTORM
  LIGHT RAIN
  HAZE


RELATIVE HUMIDITY (PERCENT)
 HIGHEST    90           700 AM
 LOWEST     43           200 PM
 AVERAGE    67

..........................................................


THE KANSAS CITY INTERNATIONAL MO CLIMATE NORMALS FOR TODAY
                         NORMAL    RECORD    YEAR
 MAXIMUM TEMPERATURE (F)   73        94      2006
 MINIMUM TEMPERATURE (F)   51        31      1985


SUNRISE AND SUNSET
OCTOBER  1 2014.......SUNRISE   715 AM CDT   SUNSET   701 PM CDT
OCTOBER  2 2014.......SUNRISE   716 AM CDT   SUNSET   700 PM CDT


-  INDICATES NEGATIVE NUMBERS.
R  INDICATES RECORD WAS SET OR TIED.
MM INDICATES DATA IS MISSING.
T  INDICATES TRACE AMOUNT.




&&

...MISCELLANEOUS CLIMATE DATA FROM YESTERDAY...

LOCATION                HIGH    LOW      PRECIP
ST. JOSEPH               87      56       0.00
DOWNTOWN KANSAS CITY     86      63       0.03
OLATHE NEW CENTURY       83      59       T
OLATHE JO CO EXEC        83      60       0.01
LEES SUMMIT              84      63       0.00
KIRKSVILLE               75      55       0.00
CHILLICOTHE              85      56       0.00
SEDALIA                  86      59       0.00
NWS PLEASANT HILL MO     84      59       0.00


THIS PRODUCT...ALONG WITH OTHER WEATHER...HYDROLOGICAL AND CLIMATE
INFORMATION...IS AVAILABLE ON THE WEB AT HTTP://WWW.CRH.NOAA.GOV/EAX
OR AT HTTP://WEATHER.GOV

$$

MJ
