000
CDUS43 KEAX 242130
CLIMCI

CLIMATE REPORT
NATIONAL WEATHER SERVICE KANSAS CITY/PLEASANT HILL MO
427 PM CDT MON JUL 24 2017


...................................

...THE KANSAS CITY INTERNATIONAL MO CLIMATE SUMMARY FOR JULY 24 2017...
VALID AS OF 0400 PM LOCAL TIME.

CLIMATE NORMAL PERIOD 1981 TO 2010
CLIMATE RECORD PERIOD 1888 TO 2017


WEATHER ITEM   OBSERVED TIME   RECORD YEAR NORMAL DEPARTURE LAST
                VALUE   (LST)  VALUE       VALUE  FROM      YEAR
                                                  NORMAL
..................................................................
TEMPERATURE (F)
 TODAY
  MAXIMUM         88    222 PM 110    1934  89     -1       93
  MINIMUM         69    234 AM  57    2004  69      0       76
  AVERAGE         79                        79      0       85

PRECIPITATION (IN)
  TODAY            0.00          2.35 1900   0.13  -0.13      T
  MONTH TO DATE    0.60                      3.60  -3.00     7.74
  SINCE JUN 1      7.03                      8.83  -1.80     8.72
  SINCE JAN 1     23.30                     22.66   0.64    29.25

SNOWFALL (IN)
  TODAY            0.0           0.0    MM   0.0    0.0      0.0
  MONTH TO DATE    0.0                       0.0    0.0      0.0
  SINCE JUN 1      0.0                       0.0    0.0      0.0
  SINCE JUL 1      0.0                       0.0    0.0      0.0
  SNOW DEPTH       0

DEGREE DAYS
 HEATING
  TODAY            0                         0      0        0
  MONTH TO DATE    0                         0      0        0
  SINCE JUN 1      1                         9     -8        0
  SINCE JUL 1      0                         0      0        0

 COOLING
  TODAY           14                        14      0       20
  MONTH TO DATE  364                       321     43      343
  SINCE JUN 1    663                       587     76      760
  SINCE JAN 1    774                       703     71      831
..................................................................


WIND (MPH)
  HIGHEST WIND SPEED    12   HIGHEST WIND DIRECTION    NE (40)
  HIGHEST GUST SPEED    14   HIGHEST GUST DIRECTION     N (20)
  AVERAGE WIND SPEED     6.5


SKY COVER
  POSSIBLE SUNSHINE  MM
  AVERAGE SKY COVER 0.4


WEATHER CONDITIONS
 THE FOLLOWING WEATHER WAS RECORDED TODAY.
  NO SIGNIFICANT WEATHER WAS OBSERVED.


RELATIVE HUMIDITY (PERCENT)
 HIGHEST    84           500 AM
 LOWEST     46           200 PM
 AVERAGE    65

..........................................................


THE KANSAS CITY INTERNATIONAL MO CLIMATE NORMALS FOR TOMORROW
                         NORMAL    RECORD    YEAR
 MAXIMUM TEMPERATURE (F)   89       108      1936
                                             1934
 MINIMUM TEMPERATURE (F)   69        56      1911


SUNRISE AND SUNSET
JULY 24 2017..........SUNRISE   612 AM CDT   SUNSET   838 PM CDT
JULY 25 2017..........SUNRISE   613 AM CDT   SUNSET   837 PM CDT


-  INDICATES NEGATIVE NUMBERS.
R  INDICATES RECORD WAS SET OR TIED.
MM INDICATES DATA IS MISSING.
T  INDICATES TRACE AMOUNT.


&&

...MISCELLANEOUS CLIMATE DATA FROM TODAY...

LOCATION                HIGH    LOW      PRECIP
ST. JOSEPH               88      65       0.00
DOWNTOWN KANSAS CITY     88      72       0.00
OLATHE NEW CENTURY       88      72       0.00
OLATHE JO CO EXEC        86      71       0.00
LEES SUMMIT              86      71       0.00
KIRKSVILLE               85      63       0.00
CHILLICOTHE              85      66       0.00
SEDALIA                  88      71       0.00
NWS PLEASANT HILL MO     87      70       0.00


THIS PRODUCT...ALONG WITH OTHER WEATHER...HYDROLOGICAL AND CLIMATE
INFORMATION...IS AVAILABLE ON THE WEB AT HTTP://WWW.WEATHER.GOV/EAX
OR AT HTTP://WEATHER.GOV

$$

CUTTER
