000
CDUS43 KEAX 180633
CLIMCI

CLIMATE REPORT
NATIONAL WEATHER SERVICE KANSAS CITY/PLEASANT HILL MO
1232 AM CST SAT NOV 18 2017


...................................

...THE KANSAS CITY INTERNATIONAL MO CLIMATE SUMMARY FOR NOVEMBER 17 2017...

CLIMATE NORMAL PERIOD 1981 TO 2010
CLIMATE RECORD PERIOD 1888 TO 2017


WEATHER ITEM   OBSERVED TIME   RECORD YEAR NORMAL DEPARTURE LAST
                VALUE   (LST)  VALUE       VALUE  FROM      YEAR
                                                  NORMAL
..................................................................
TEMPERATURE (F)
 YESTERDAY
  MAXIMUM         69    256 PM  76    2016  52     17       76
  MINIMUM         47   1204 AM   7    1959  33     14       65
  AVERAGE         58                        43     15       71

PRECIPITATION (IN)
  YESTERDAY        T             1.31 2015   0.06  -0.06     0.00
  MONTH TO DATE    0.24                      1.29  -1.05     0.31
  SINCE SEP 1      7.91                      9.07  -1.16     7.83
  SINCE JAN 1     45.80                     36.47   9.33    47.26

SNOWFALL (IN)
  YESTERDAY        0.0           3.0  1892   0.1   -0.1      0.0
  MONTH TO DATE    0.0                       0.4   -0.4      0.0
  SINCE SEP 1      T                         0.6   -0.6      0.0
  SINCE JUL 1      T                         0.6   -0.6      0.0
  SNOW DEPTH       0

DEGREE DAYS
 HEATING
  YESTERDAY        7                        22    -15        0
  MONTH TO DATE  373                       309     64      152
  SINCE SEP 1    650                       667    -17      317
  SINCE JUL 1    654                       669    -15      317

 COOLING
  YESTERDAY        0                         0      0        6
  MONTH TO DATE    0                         0      0       13
  SINCE SEP 1    247                       185     62      288
  SINCE JAN 1   1325                      1358    -33     1585
..................................................................


WIND (MPH)
  HIGHEST WIND SPEED    23   HIGHEST WIND DIRECTION     S (170)
  HIGHEST GUST SPEED    29   HIGHEST GUST DIRECTION     S (170)
  AVERAGE WIND SPEED    12.5


SKY COVER
  POSSIBLE SUNSHINE  MM
  AVERAGE SKY COVER 0.9


WEATHER CONDITIONS
 THE FOLLOWING WEATHER WAS RECORDED YESTERDAY.
  LIGHT RAIN
  FOG
  HAZE


RELATIVE HUMIDITY (PERCENT)
 HIGHEST   100          1100 PM
 LOWEST     54           100 AM
 AVERAGE    77

..........................................................


THE KANSAS CITY INTERNATIONAL MO CLIMATE NORMALS FOR TODAY
                         NORMAL    RECORD    YEAR
 MAXIMUM TEMPERATURE (F)   52        78      1976
 MINIMUM TEMPERATURE (F)   33         6      2014


SUNRISE AND SUNSET
NOVEMBER 18 2017......SUNRISE   706 AM CST   SUNSET   502 PM CST
NOVEMBER 19 2017......SUNRISE   707 AM CST   SUNSET   501 PM CST


-  INDICATES NEGATIVE NUMBERS.
R  INDICATES RECORD WAS SET OR TIED.
MM INDICATES DATA IS MISSING.
T  INDICATES TRACE AMOUNT.


&&

...MISCELLANEOUS CLIMATE DATA FROM YESTERDAY...

LOCATION                HIGH    LOW      PRECIP
ST. JOSEPH               66      47       T
DOWNTOWN KANSAS CITY     72      52       0.00
OLATHE NEW CENTURY       69      52       0.00
OLATHE JO CO EXEC        68      50       0.00
LEES SUMMIT              68      49       0.00
KIRKSVILLE               58      37       0.00
CHILLICOTHE              59      41       0.02
SEDALIA                  66      45       0.00
NWS PLEASANT HILL MO     68      47       T


THIS PRODUCT...ALONG WITH OTHER WEATHER...HYDROLOGICAL AND CLIMATE
INFORMATION...IS AVAILABLE ON THE WEB AT HTTP://WWW.WEATHER.GOV/EAX
OR AT HTTP://WEATHER.GOV

$$

73
