000
CDUS43 KEAX 230035
CLIMCI

CLIMATE REPORT
NATIONAL WEATHER SERVICE KANSAS CITY/PLEASANT HILL MO
734 PM CDT WED JUL 22 2015


...................................

...THE KANSAS CITY INTERNATIONAL MO CLIMATE SUMMARY FOR JULY 22 2015...
VALID TODAY AS OF 0700 PM LOCAL TIME.

CLIMATE NORMAL PERIOD 1981 TO 2010
CLIMATE RECORD PERIOD 1888 TO 2015


WEATHER ITEM   OBSERVED TIME   RECORD YEAR NORMAL DEPARTURE LAST
                VALUE   (LST)  VALUE       VALUE  FROM      YEAR
                                                  NORMAL
..................................................................
TEMPERATURE (F)
 TODAY
  MAXIMUM         83    444 PM 106    1901  89     -6       96
  MINIMUM         65    536 AM  57    1988  69     -4       76
                                      1950
                                      1944
  AVERAGE         74                        79     -5       86

PRECIPITATION (IN)
  TODAY            0.00          1.53 1898   0.13  -0.13     0.00
  MONTH TO DATE    5.18                      3.34   1.84     3.04
  SINCE JUN 1     12.76                      8.57   4.19     9.95
  SINCE JAN 1     29.36                     22.40   6.96    18.57

SNOWFALL (IN)
  TODAY            0.0           0.0    MM   0.0    0.0      0.0
  MONTH TO DATE    0.0                       0.0    0.0      0.0
  SINCE JUN 1      0.0                       0.0    0.0      0.0
  SINCE JUL 1      0.0                       0.0    0.0      0.0
  SNOW DEPTH       0

DEGREE DAYS
 HEATING
  TODAY            0                         0      0        0
  MONTH TO DATE    2                         0      2        2
  SINCE JUN 1      5                         9     -4        3
  SINCE JUL 1      2                         0      2        2

 COOLING
  TODAY            9                        14     -5       21
  MONTH TO DATE  259                       293    -34      194
  SINCE JUN 1    564                       559      5      471
  SINCE JAN 1    632                       675    -43      632
..................................................................


WIND (MPH)
  HIGHEST WIND SPEED    12   HIGHEST WIND DIRECTION    SE (120)
  HIGHEST GUST SPEED    17   HIGHEST GUST DIRECTION    SE (120)
  AVERAGE WIND SPEED     6.2


SKY COVER
  POSSIBLE SUNSHINE  MM
  AVERAGE SKY COVER 0.4


WEATHER CONDITIONS
 THE FOLLOWING WEATHER WAS RECORDED TODAY.
  NO SIGNIFICANT WEATHER WAS OBSERVED.


RELATIVE HUMIDITY (PERCENT)
 HIGHEST    93           500 AM
 LOWEST     55           400 PM
 AVERAGE    74

..........................................................


THE KANSAS CITY INTERNATIONAL MO CLIMATE NORMALS FOR TOMORROW
                         NORMAL    RECORD    YEAR
 MAXIMUM TEMPERATURE (F)   89       106      1934
 MINIMUM TEMPERATURE (F)   69        57      2003
                                             1990


SUNRISE AND SUNSET
JULY 22 2015..........SUNRISE   610 AM CDT   SUNSET   840 PM CDT
JULY 23 2015..........SUNRISE   611 AM CDT   SUNSET   839 PM CDT


-  INDICATES NEGATIVE NUMBERS.
R  INDICATES RECORD WAS SET OR TIED.
MM INDICATES DATA IS MISSING.
T  INDICATES TRACE AMOUNT.


&&

...MISCELLANEOUS CLIMATE DATA FROM TODAY...

LOCATION                HIGH    LOW      PRECIP
ST. JOSEPH               84      61       0.00
DOWNTOWN KANSAS CITY     85      65       0.00
OLATHE NEW CENTURY       83      64       0.00
OLATHE JO CO EXEC        82      63       T
LEES SUMMIT              83      65       0.00
KIRKSVILLE               82      60       0.00
CHILLICOTHE              84      63       0.00
SEDALIA                  84      66       0.00
NWS PLEASANT HILL MO     85      63       T


THIS PRODUCT...ALONG WITH OTHER WEATHER...HYDROLOGICAL AND CLIMATE
INFORMATION...IS AVAILABLE ON THE WEB AT HTTP://WWW.WEATHER.GOV/EAX
OR AT HTTP://WEATHER.GOV

$$
