000
CDUS43 KEAX 150033
CLIMCI

CLIMATE REPORT
NATIONAL WEATHER SERVICE KANSAS CITY/PLEASANT HILL MO
732 PM CDT FRI JUL 14 2017


...................................

...THE KANSAS CITY INTERNATIONAL MO CLIMATE SUMMARY FOR JULY 14 2017...
VALID TODAY AS OF 0700 PM LOCAL TIME.

CLIMATE NORMAL PERIOD 1981 TO 2010
CLIMATE RECORD PERIOD 1888 TO 2017


WEATHER ITEM   OBSERVED TIME   RECORD YEAR NORMAL DEPARTURE LAST
                VALUE   (LST)  VALUE       VALUE  FROM      YEAR
                                                  NORMAL
..................................................................
TEMPERATURE (F)
 TODAY
  MAXIMUM         88    324 PM 111    1954  88      0       84
  MINIMUM         71    518 AM  54    1990  69      2       68
                                      1950
  AVERAGE         80                        78      2       76

PRECIPITATION (IN)
  TODAY            0.00          1.23 1910   0.16  -0.16     0.00
  MONTH TO DATE    0.38                      2.21  -1.83     7.74
  SINCE JUN 1      6.81                      7.44  -0.63     8.72
  SINCE JAN 1     23.08                     21.27   1.81    29.25

SNOWFALL (IN)
  TODAY            0.0           0.0    MM   0.0    0.0      0.0
  MONTH TO DATE    0.0                       0.0    0.0      0.0
  SINCE JUN 1      0.0                       0.0    0.0      0.0
  SINCE JUL 1      0.0                       0.0    0.0      0.0
  SNOW DEPTH       0

DEGREE DAYS
 HEATING
  TODAY            0                         0      0        0
  MONTH TO DATE    0                         0      0        0
  SINCE JUN 1      1                         9     -8        0
  SINCE JUL 1      0                         0      0        0

 COOLING
  TODAY           15                        14      1       11
  MONTH TO DATE  190                       181      9      165
  SINCE JUN 1    489                       447     42      582
  SINCE JAN 1    600                       563     37      653
..................................................................


WIND (MPH)
  HIGHEST WIND SPEED    12   HIGHEST WIND DIRECTION    SE (120)
  HIGHEST GUST SPEED    15   HIGHEST GUST DIRECTION    NE (40)
  AVERAGE WIND SPEED     4.7


SKY COVER
  POSSIBLE SUNSHINE  MM
  AVERAGE SKY COVER 0.8


WEATHER CONDITIONS
 THE FOLLOWING WEATHER WAS RECORDED TODAY.
  FOG


RELATIVE HUMIDITY (PERCENT)
 HIGHEST   100           100 AM
 LOWEST     59           500 PM
 AVERAGE    80

..........................................................


THE KANSAS CITY INTERNATIONAL MO CLIMATE NORMALS FOR TOMORROW
                         NORMAL    RECORD    YEAR
 MAXIMUM TEMPERATURE (F)   89       109      1934
 MINIMUM TEMPERATURE (F)   69        54      2014


SUNRISE AND SUNSET
JULY 14 2017..........SUNRISE   604 AM CDT   SUNSET   845 PM CDT
JULY 15 2017..........SUNRISE   605 AM CDT   SUNSET   844 PM CDT


-  INDICATES NEGATIVE NUMBERS.
R  INDICATES RECORD WAS SET OR TIED.
MM INDICATES DATA IS MISSING.
T  INDICATES TRACE AMOUNT.


&&

...MISCELLANEOUS CLIMATE DATA FROM TODAY...

LOCATION                HIGH    LOW      PRECIP
ST. JOSEPH               90      70       0.00
DOWNTOWN KANSAS CITY     90      74       0.00
OLATHE NEW CENTURY       89      71       0.00
OLATHE JO CO EXEC        87      70       0.00
LEES SUMMIT              87      72       T
KIRKSVILLE               85      67       0.00
CHILLICOTHE              89      72       0.00
SEDALIA                  89      72       0.02
NWS PLEASANT HILL MO     88      71       0.03


THIS PRODUCT...ALONG WITH OTHER WEATHER...HYDROLOGICAL AND CLIMATE
INFORMATION...IS AVAILABLE ON THE WEB AT HTTP://WWW.WEATHER.GOV/EAX
OR AT HTTP://WEATHER.GOV

$$

CDB
