000
CDUS43 KEAX 180634
CLIMCI

CLIMATE REPORT
NATIONAL WEATHER SERVICE KANSAS CITY/PLEASANT HILL MO
132 AM CDT MON SEP 18 2017


...................................

...THE KANSAS CITY INTERNATIONAL MO CLIMATE SUMMARY FOR SEPTEMBER 17 2017...

CLIMATE NORMAL PERIOD 1981 TO 2010
CLIMATE RECORD PERIOD 1888 TO 2017


WEATHER ITEM   OBSERVED TIME   RECORD YEAR NORMAL DEPARTURE LAST
                VALUE   (LST)  VALUE       VALUE  FROM      YEAR
                                                  NORMAL
..................................................................
TEMPERATURE (F)
 YESTERDAY
  MAXIMUM         76    322 PM  98    1953  79     -3       82
  MINIMUM         62   1018 AM  40    1980  57      5       60
  AVERAGE         69                        68      1       71

PRECIPITATION (IN)
  YESTERDAY        0.43          2.95 1978   0.15   0.28     0.00
  MONTH TO DATE    0.78                      2.64  -1.86     4.31
  SINCE SEP 1      0.78                      2.64  -1.86     4.31
  SINCE JAN 1     38.67                     30.04   8.63    43.74

SNOWFALL (IN)
  YESTERDAY        0.0           0.0    MM   0.0    0.0      0.0
  MONTH TO DATE    0.0                       0.0    0.0      0.0
  SINCE SEP 1      0.0                       0.0    0.0      0.0
  SINCE JUL 1      0.0                       0.0    0.0      0.0
  SNOW DEPTH       0

DEGREE DAYS
 HEATING
  YESTERDAY        0                         2     -2        0
  MONTH TO DATE   10                        16     -6        1
  SINCE SEP 1     10                        16     -6        1
  SINCE JUL 1     14                        18     -4        1

 COOLING
  YESTERDAY        4                         5     -1        6
  MONTH TO DATE  101                       117    -16      134
  SINCE SEP 1    101                       117    -16      134
  SINCE JAN 1   1179                      1290   -111     1431
..................................................................


WIND (MPH)
  HIGHEST WIND SPEED    20   HIGHEST WIND DIRECTION    NW (310)
  HIGHEST GUST SPEED    26   HIGHEST GUST DIRECTION    NW (310)
  AVERAGE WIND SPEED     7.0


SKY COVER
  POSSIBLE SUNSHINE  MM
  AVERAGE SKY COVER 1.0


WEATHER CONDITIONS
 THE FOLLOWING WEATHER WAS RECORDED YESTERDAY.
  THUNDERSTORM
  HEAVY RAIN
  RAIN
  LIGHT RAIN
  FOG
  FOG W/VISIBILITY <= 1/4 MILE


RELATIVE HUMIDITY (PERCENT)
 HIGHEST   100           700 AM
 LOWEST     69           300 PM
 AVERAGE    85

..........................................................


THE KANSAS CITY INTERNATIONAL MO CLIMATE NORMALS FOR TODAY
                         NORMAL    RECORD    YEAR
 MAXIMUM TEMPERATURE (F)   78        96      1925
 MINIMUM TEMPERATURE (F)   56        38      1901


SUNRISE AND SUNSET
SEPTEMBER 18 2017.....SUNRISE   703 AM CDT   SUNSET   722 PM CDT
SEPTEMBER 19 2017.....SUNRISE   704 AM CDT   SUNSET   720 PM CDT


-  INDICATES NEGATIVE NUMBERS.
R  INDICATES RECORD WAS SET OR TIED.
MM INDICATES DATA IS MISSING.
T  INDICATES TRACE AMOUNT.


&&

...MISCELLANEOUS CLIMATE DATA FROM YESTERDAY...

LOCATION                HIGH    LOW      PRECIP
ST. JOSEPH               70      60       0.12
DOWNTOWN KANSAS CITY     77      65       0.36
OLATHE NEW CENTURY       75      62       1.54
OLATHE JO CO EXEC        75      63       1.16
LEES SUMMIT              77      65       0.47
KIRKSVILLE               72      60       0.14
CHILLICOTHE              75      65       0.24
SEDALIA                  79      65       0.58
NWS PLEASANT HILL MO     78      64       1.32


THIS PRODUCT...ALONG WITH OTHER WEATHER...HYDROLOGICAL AND CLIMATE
INFORMATION...IS AVAILABLE ON THE WEB AT HTTP://WWW.WEATHER.GOV/EAX
OR AT HTTP://WEATHER.GOV

$$

73
