000
CDUS43 KEAX 152136
CLIMCI

CLIMATE REPORT
NATIONAL WEATHER SERVICE KANSAS CITY/PLEASANT HILL MO
435 PM CDT WED MAR 15 2017


...................................

...THE KANSAS CITY INTERNATIONAL MO CLIMATE SUMMARY FOR MARCH 15 2017...
VALID AS OF 0400 PM LOCAL TIME.

CLIMATE NORMAL PERIOD 1981 TO 2010
CLIMATE RECORD PERIOD 1888 TO 2017


WEATHER ITEM   OBSERVED TIME   RECORD YEAR NORMAL DEPARTURE LAST
                VALUE   (LST)  VALUE       VALUE  FROM      YEAR
                                                  NORMAL
..................................................................
TEMPERATURE (F)
 TODAY
  MAXIMUM         35    255 PM  83    2013  55    -20       63
  MINIMUM         19    548 AM   9    1890  33    -14       45
  AVERAGE         27                        44    -17       54

PRECIPITATION (IN)
  TODAY            0.00          0.86 1944   0.07  -0.07     0.04
  MONTH TO DATE    0.42                      1.01  -0.59     1.14
  SINCE MAR 1      0.42                      1.01  -0.59     1.14
  SINCE JAN 1      1.87                      3.54  -1.67     2.30

SNOWFALL (IN)
  TODAY            0.0           8.0  1960   0.0    0.0      0.0
  MONTH TO DATE    0.4                       1.2   -0.8      0.0
  SINCE MAR 1      0.4                       1.2   -0.8      0.0
  SINCE JUL 1      4.9                      17.4  -12.5      5.3
  SNOW DEPTH       0

DEGREE DAYS
 HEATING
  TODAY           38                        21     17       11
  MONTH TO DATE  346                       356    -10      183
  SINCE MAR 1    346                       356    -10      183
  SINCE JUL 1   3600                      4401   -801     3540

 COOLING
  TODAY            0                         0      0        0
  MONTH TO DATE    0                         0      0        2
  SINCE MAR 1      0                         0      0        2
  SINCE JAN 1      0                         0      0        2
..................................................................


WIND (MPH)
  HIGHEST WIND SPEED    14   HIGHEST WIND DIRECTION    SW (210)
  HIGHEST GUST SPEED    17   HIGHEST GUST DIRECTION     S (190)
  AVERAGE WIND SPEED     8.3


SKY COVER
  POSSIBLE SUNSHINE  MM
  AVERAGE SKY COVER 0.6


WEATHER CONDITIONS
 THE FOLLOWING WEATHER WAS RECORDED TODAY.
  NO SIGNIFICANT WEATHER WAS OBSERVED.


RELATIVE HUMIDITY (PERCENT)
 HIGHEST    68           700 AM
 LOWEST     43           100 PM
 AVERAGE    56

..........................................................


THE KANSAS CITY INTERNATIONAL MO CLIMATE NORMALS FOR TOMORROW
                         NORMAL    RECORD    YEAR
 MAXIMUM TEMPERATURE (F)   55        83      2015
 MINIMUM TEMPERATURE (F)   33         6      1900


SUNRISE AND SUNSET
MARCH 15 2017.........SUNRISE   730 AM CDT   SUNSET   726 PM CDT
MARCH 16 2017.........SUNRISE   728 AM CDT   SUNSET   727 PM CDT


-  INDICATES NEGATIVE NUMBERS.
R  INDICATES RECORD WAS SET OR TIED.
MM INDICATES DATA IS MISSING.
T  INDICATES TRACE AMOUNT.


&&

...MISCELLANEOUS CLIMATE DATA FROM TODAY...

LOCATION                HIGH    LOW      PRECIP
ST. JOSEPH               37      17       0.00
DOWNTOWN KANSAS CITY     36      21       0.00
OLATHE NEW CENTURY       35      20       0.00
OLATHE JO CO EXEC        33      19       0.00
LEES SUMMIT              34      18       0.00
KIRKSVILLE               37       7       0.00
CHILLICOTHE              40      12       0.00
SEDALIA                  41      17       T
NWS PLEASANT HILL MO     35      17       0.00


THIS PRODUCT...ALONG WITH OTHER WEATHER...HYDROLOGICAL AND CLIMATE
INFORMATION...IS AVAILABLE ON THE WEB AT HTTP://WWW.WEATHER.GOV/EAX
OR AT HTTP://WEATHER.GOV

$$
