000
CDUS43 KEAX 190633
CLIMCI

CLIMATE REPORT
NATIONAL WEATHER SERVICE KANSAS CITY/PLEASANT HILL MO
132 AM CDT TUE APR 19 2016


...................................

...THE KANSAS CITY INTERNATIONAL MO CLIMATE SUMMARY FOR APRIL 18 2016...

CLIMATE NORMAL PERIOD 1981 TO 2010
CLIMATE RECORD PERIOD 1888 TO 2016


WEATHER ITEM   OBSERVED TIME   RECORD YEAR NORMAL DEPARTURE LAST
                VALUE   (LST)  VALUE       VALUE  FROM      YEAR
                                                  NORMAL
..................................................................
TEMPERATURE (F)
 YESTERDAY
  MAXIMUM         66    524 PM  91    2006  67     -1       65
  MINIMUM         58   1159 PM  27    1983  45     13       56
  AVERAGE         62                        56      6       61

PRECIPITATION (IN)
  YESTERDAY        0.72          2.35 1927   0.12   0.60     0.76
  MONTH TO DATE    1.08                      1.97  -0.89     2.45
  SINCE MAR 1      3.80                      4.34  -0.54     3.33
  SINCE JAN 1      4.96                      6.87  -1.91     5.51

SNOWFALL (IN)
  YESTERDAY        0.0           0.5  1907   0.0    0.0      0.0
  MONTH TO DATE    0.0                       0.5   -0.5      0.0
  SINCE MAR 1      0.6                       2.5   -1.9       T
  SINCE JUL 1      5.9                      18.7  -12.8     14.2
  SNOW DEPTH       0

DEGREE DAYS
 HEATING
  YESTERDAY        3                        10     -7        4
  MONTH TO DATE  178                       230    -52      122
  SINCE MAR 1    621                       876   -255      684
  SINCE JUL 1   3978                      4921   -943     4898

 COOLING
  YESTERDAY        0                         1     -1        0
  MONTH TO DATE    4                        12     -8        7
  SINCE MAR 1      6                        15     -9        9
  SINCE JAN 1      6                        15     -9        9
..................................................................


WIND (MPH)
  HIGHEST WIND SPEED    18   HIGHEST WIND DIRECTION    SE (150)
  HIGHEST GUST SPEED    23   HIGHEST GUST DIRECTION    SE (150)
  AVERAGE WIND SPEED     9.3


SKY COVER
  POSSIBLE SUNSHINE  MM
  AVERAGE SKY COVER 0.9


WEATHER CONDITIONS
 THE FOLLOWING WEATHER WAS RECORDED YESTERDAY.
  HEAVY RAIN
  RAIN
  LIGHT RAIN
  FOG


RELATIVE HUMIDITY (PERCENT)
 HIGHEST    97           900 PM
 LOWEST     67           400 AM
 AVERAGE    82

..........................................................


THE KANSAS CITY INTERNATIONAL MO CLIMATE NORMALS FOR TODAY
                         NORMAL    RECORD    YEAR
 MAXIMUM TEMPERATURE (F)   67        89      1987
 MINIMUM TEMPERATURE (F)   45        30      1953


SUNRISE AND SUNSET
APRIL 19 2016.........SUNRISE   635 AM CDT   SUNSET   801 PM CDT
APRIL 20 2016.........SUNRISE   634 AM CDT   SUNSET   802 PM CDT


-  INDICATES NEGATIVE NUMBERS.
R  INDICATES RECORD WAS SET OR TIED.
MM INDICATES DATA IS MISSING.
T  INDICATES TRACE AMOUNT.


&&

...MISCELLANEOUS CLIMATE DATA FROM YESTERDAY...

LOCATION                HIGH    LOW      PRECIP
ST. JOSEPH               65      57       0.60
DOWNTOWN KANSAS CITY     68      61       0.17
OLATHE NEW CENTURY       66      58       0.70
OLATHE JO CO EXEC        65      58       0.61
LEES SUMMIT              66      60       0.33
KIRKSVILLE               77      52       0.19
CHILLICOTHE              70      60       0.35
SEDALIA                  72      62       0.78
NWS PLEASANT HILL MO     64      58       0.40


THIS PRODUCT...ALONG WITH OTHER WEATHER...HYDROLOGICAL AND CLIMATE
INFORMATION...IS AVAILABLE ON THE WEB AT HTTP://WWW.WEATHER.GOV/EAX
OR AT HTTP://WEATHER.GOV

$$
