000
CDUS43 KEAX 220647
CLIMCI

CLIMATE REPORT
NATIONAL WEATHER SERVICE KANSAS CITY/PLEASANT HILL MO
1246 AM CST TUE NOV 22 2016


...................................

...THE KANSAS CITY INTERNATIONAL MO CLIMATE SUMMARY FOR NOVEMBER 21 2016...

CLIMATE NORMAL PERIOD 1981 TO 2010
CLIMATE RECORD PERIOD 1888 TO 2016


WEATHER ITEM   OBSERVED TIME   RECORD YEAR NORMAL DEPARTURE LAST
                VALUE   (LST)  VALUE       VALUE  FROM      YEAR
                                                  NORMAL
..................................................................
TEMPERATURE (F)
 YESTERDAY
  MAXIMUM         52    416 PM  78    1966  50      2       38
  MINIMUM         31    650 AM   5    1937  31      0       26
  AVERAGE         42                        41      1       32

PRECIPITATION (IN)
  YESTERDAY        0.00          1.90 1934   0.06  -0.06     0.04
  MONTH TO DATE    0.31                      1.55  -1.24     1.77
  SINCE SEP 1      7.83                      9.33  -1.50     8.78
  SINCE JAN 1     47.26                     36.73  10.53    40.69

SNOWFALL (IN)
  YESTERDAY        0.0           1.8  1906   0.0    0.0      0.0
  MONTH TO DATE    0.0                       0.5   -0.5      0.0
  SINCE SEP 1      0.0                       0.7   -0.7      0.0
  SINCE JUL 1      0.0                       0.7   -0.7      0.0
  SNOW DEPTH       0

DEGREE DAYS
 HEATING
  YESTERDAY       23                        24     -1       33
  MONTH TO DATE  244                       403   -159      283
  SINCE SEP 1    409                       761   -352      529
  SINCE JUL 1    409                       763   -354      532

 COOLING
  YESTERDAY        0                         0      0        0
  MONTH TO DATE   13                         0     13        0
  SINCE SEP 1    288                       185    103      295
  SINCE JAN 1   1585                      1358    227     1370
..................................................................


WIND (MPH)
  HIGHEST WIND SPEED    20   HIGHEST WIND DIRECTION     E (110)
  HIGHEST GUST SPEED    25   HIGHEST GUST DIRECTION    SE (120)
  AVERAGE WIND SPEED    10.2


SKY COVER
  POSSIBLE SUNSHINE  MM
  AVERAGE SKY COVER 0.6


WEATHER CONDITIONS
 THE FOLLOWING WEATHER WAS RECORDED YESTERDAY.
  NO SIGNIFICANT WEATHER WAS OBSERVED.


RELATIVE HUMIDITY (PERCENT)
 HIGHEST    63           400 AM
 LOWEST     42           700 PM
 AVERAGE    53

..........................................................


THE KANSAS CITY INTERNATIONAL MO CLIMATE NORMALS FOR TODAY
                         NORMAL    RECORD    YEAR
 MAXIMUM TEMPERATURE (F)   50        76      1966
 MINIMUM TEMPERATURE (F)   31         7      1898


SUNRISE AND SUNSET
NOVEMBER 22 2016......SUNRISE   711 AM CST   SUNSET   459 PM CST
NOVEMBER 23 2016......SUNRISE   712 AM CST   SUNSET   459 PM CST


-  INDICATES NEGATIVE NUMBERS.
R  INDICATES RECORD WAS SET OR TIED.
MM INDICATES DATA IS MISSING.
T  INDICATES TRACE AMOUNT.


&&

...MISCELLANEOUS CLIMATE DATA FROM YESTERDAY...

LOCATION                HIGH    LOW      PRECIP
ST. JOSEPH               53      25       0.00
DOWNTOWN KANSAS CITY     55      31       0.00
OLATHE NEW CENTURY       53      33       0.00
OLATHE JO CO EXEC        52      33       0.00
LEES SUMMIT              54      30       0.00
KIRKSVILLE               46      26       0.00
CHILLICOTHE              52      25       0.00
SEDALIA                  59      31       0.00
NWS PLEASANT HILL MO     53      32       0.00


THIS PRODUCT...ALONG WITH OTHER WEATHER...HYDROLOGICAL AND CLIMATE
INFORMATION...IS AVAILABLE ON THE WEB AT HTTP://WWW.WEATHER.GOV/EAX
OR AT HTTP://WEATHER.GOV

$$

73
