894
CDUS43 KEAX 200032
CLIMCI

CLIMATE REPORT
NATIONAL WEATHER SERVICE KANSAS CITY/PLEASANT HILL MO
731 PM CDT MON JUN 19 2017


...................................

...THE KANSAS CITY INTERNATIONAL MO CLIMATE SUMMARY FOR JUNE 19 2017...
VALID TODAY AS OF 0700 PM LOCAL TIME.

CLIMATE NORMAL PERIOD 1981 TO 2010
CLIMATE RECORD PERIOD 1888 TO 2017


WEATHER ITEM   OBSERVED TIME   RECORD YEAR NORMAL DEPARTURE LAST
                VALUE   (LST)  VALUE       VALUE  FROM      YEAR
                                                  NORMAL
..................................................................
TEMPERATURE (F)
 TODAY
  MAXIMUM         85    448 PM 107    1936  85      0       91
  MINIMUM         62    325 AM  49    1976  65     -3       66
  AVERAGE         74                        75     -1       79

PRECIPITATION (IN)
  TODAY            0.00          3.97 2001   0.17  -0.17     0.00
  MONTH TO DATE    2.92                      3.36  -0.44     0.29
  SINCE JUN 1      2.92                      3.36  -0.44     0.29
  SINCE JAN 1     19.19                     17.19   2.00    20.82

SNOWFALL (IN)
  TODAY            0.0           0.0    MM   0.0    0.0      0.0
  MONTH TO DATE    0.0                       0.0    0.0      0.0
  SINCE JUN 1      0.0                       0.0    0.0      0.0
  SINCE JUL 1      4.9                      18.8  -13.9      5.9
  SNOW DEPTH       0

DEGREE DAYS
 HEATING
  TODAY            0                         0      0        0
  MONTH TO DATE    0                         7     -7        0
  SINCE JUN 1      0                         7     -7        0
  SINCE JUL 1   4146                      5131   -985     4162

 COOLING
  TODAY            9                        10     -1       14
  MONTH TO DATE  214                       144     70      235
  SINCE JUN 1    214                       144     70      235
  SINCE JAN 1    325                       260     65      306
..................................................................


WIND (MPH)
  HIGHEST WIND SPEED    18   HIGHEST WIND DIRECTION    SW (240)
  HIGHEST GUST SPEED    23   HIGHEST GUST DIRECTION    SW (220)
  AVERAGE WIND SPEED     7.1


SKY COVER
  POSSIBLE SUNSHINE  MM
  AVERAGE SKY COVER 0.5


WEATHER CONDITIONS
 THE FOLLOWING WEATHER WAS RECORDED TODAY.
  NO SIGNIFICANT WEATHER WAS OBSERVED.


RELATIVE HUMIDITY (PERCENT)
 HIGHEST    93           400 AM
 LOWEST     40           300 PM
 AVERAGE    67

..........................................................


THE KANSAS CITY INTERNATIONAL MO CLIMATE NORMALS FOR TOMORROW
                         NORMAL    RECORD    YEAR
 MAXIMUM TEMPERATURE (F)   85       103      1934
                                             1918
 MINIMUM TEMPERATURE (F)   65        53      1976


SUNRISE AND SUNSET
JUNE 19 2017..........SUNRISE   552 AM CDT   SUNSET   849 PM CDT
JUNE 20 2017..........SUNRISE   552 AM CDT   SUNSET   849 PM CDT


-  INDICATES NEGATIVE NUMBERS.
R  INDICATES RECORD WAS SET OR TIED.
MM INDICATES DATA IS MISSING.
T  INDICATES TRACE AMOUNT.


&&

...MISCELLANEOUS CLIMATE DATA FROM TODAY...

LOCATION                HIGH    LOW      PRECIP
ST. JOSEPH               88      62       T
DOWNTOWN KANSAS CITY     87      66       0.00
OLATHE NEW CENTURY       84      60       0.24
OLATHE JO CO EXEC        83      61       0.01
LEES SUMMIT              85      62       0.00
KIRKSVILLE               84      58       0.00
CHILLICOTHE              86      58       0.00
SEDALIA                  85      61       0.00
NWS PLEASANT HILL MO     84      61       0.00


THIS PRODUCT...ALONG WITH OTHER WEATHER...HYDROLOGICAL AND CLIMATE
INFORMATION...IS AVAILABLE ON THE WEB AT HTTP://WWW.WEATHER.GOV/EAX
OR AT HTTP://WEATHER.GOV

$$
