000
CDUS43 KMPX 020801
CLISTC


CLIMATE REPORT
NATIONAL WEATHER SERVICE CHANHASSEN MN
301 AM CDT WED SEP 2 2015


...................................

...THE ST CLOUD MN CLIMATE SUMMARY FOR SEPTEMBER 1 2015...

CLIMATE NORMAL PERIOD 1981 TO 2010
CLIMATE RECORD PERIOD 1893 TO 2015


WEATHER ITEM   OBSERVED TIME   RECORD YEAR NORMAL DEPARTURE LAST
                VALUE   (LST)  VALUE       VALUE  FROM      YEAR
                                                  NORMAL
..................................................................
TEMPERATURE (F)
 YESTERDAY
  MAXIMUM         85    148 PM  92    1937  76      9       78
                                      1921
                                      1913
  MINIMUM         67    549 AM  29    1974  53     14       60
  AVERAGE         76                        64     12       69

PRECIPITATION (IN)
  YESTERDAY        0.02          1.18 1934   0.14  -0.12     0.29
  MONTH TO DATE    0.02                      0.14  -0.12     0.29
  SINCE SEP 1      0.02                      0.14  -0.12     0.29
  SINCE JAN 1     23.63                     19.72   3.91    29.66

SNOWFALL (IN)
  YESTERDAY        0.0           0.0    MM   0.0    0.0      0.0
  MONTH TO DATE    0.0                       0.0    0.0      0.0
  SINCE SEP 1      0.0                       0.0    0.0      0.0
  SINCE JUL 1      0.0                       0.0    0.0      0.0
  SNOW DEPTH       0

DEGREE DAYS
 HEATING
  YESTERDAY        0                         3     -3        0
  MONTH TO DATE    0                         3     -3        0
  SINCE SEP 1      0                         3     -3        0
  SINCE JUL 1     52                        61     -9        9

 COOLING
  YESTERDAY       11                         2      9        4
  MONTH TO DATE   11                         2      9        4
  SINCE SEP 1     11                         2      9        4
  SINCE JAN 1    397                       431    -34      558
..................................................................


WIND (MPH)
  HIGHEST WIND SPEED    13   HIGHEST WIND DIRECTION     W (280)
  HIGHEST GUST SPEED    16   HIGHEST GUST DIRECTION     S (180)
  AVERAGE WIND SPEED     4.2


SKY COVER
  POSSIBLE SUNSHINE  MM
  AVERAGE SKY COVER 0.2


WEATHER CONDITIONS
 THE FOLLOWING WEATHER WAS RECORDED YESTERDAY.
  THUNDERSTORM
  LIGHT RAIN
  FOG


RELATIVE HUMIDITY (PERCENT)
 HIGHEST   100          1000 PM
 LOWEST     65           100 PM
 AVERAGE    83

..........................................................


THE ST CLOUD MN CLIMATE NORMALS FOR TODAY
                         NORMAL    RECORD    YEAR
 MAXIMUM TEMPERATURE (F)   76        94      1961
                                             1953
                                             1898
 MINIMUM TEMPERATURE (F)   52        32      1974


SUNRISE AND SUNSET
SEPTEMBER  2 2015.....SUNRISE   639 AM CDT   SUNSET   753 PM CDT
SEPTEMBER  3 2015.....SUNRISE   640 AM CDT   SUNSET   751 PM CDT


-  INDICATES NEGATIVE NUMBERS.
R  INDICATES RECORD WAS SET OR TIED.
MM INDICATES DATA IS MISSING.
T  INDICATES TRACE AMOUNT.




$$
