000
CDUS43 KMPX 012230
CLISTC


CLIMATE REPORT
NATIONAL WEATHER SERVICE CHANHASSEN MN
424 PM CST SUN FEB 1 2015


...................................

...THE ST CLOUD MN CLIMATE SUMMARY FOR FEBRUARY 1 2015...
VALID AS OF 0400 PM LOCAL TIME.

CLIMATE NORMAL PERIOD 1981 TO 2010
CLIMATE RECORD PERIOD 1893 TO 2015


WEATHER ITEM   OBSERVED TIME   RECORD YEAR NORMAL DEPARTURE LAST
                VALUE   (LST)  VALUE       VALUE  FROM      YEAR
                                                  NORMAL
..................................................................
TEMPERATURE (F)
 TODAY
  MAXIMUM         16   1244 AM  51    1931  23     -7       19
  MINIMUM          5    826 AM -35    1996   3      2       -5
                                      1951
  AVERAGE         11                        13     -2        7

PRECIPITATION (IN)
  TODAY            0.00          0.55 1939   0.02  -0.02      T
                                      1922
  MONTH TO DATE    0.00                      0.02  -0.02      T
  SINCE DEC 1      0.99                      1.49  -0.50     3.11
  SINCE JAN 1      0.24                      0.67  -0.43     1.34

SNOWFALL (IN)
  TODAY            0.0           8.0  1939   0.2   -0.2       T
  MONTH TO DATE    0.0                       0.2   -0.2       T
  SINCE DEC 1      5.0                      18.2  -13.2     37.2
  SINCE JUL 1     22.6                      27.4   -4.8     40.8
  SNOW DEPTH       T

DEGREE DAYS
 HEATING
  TODAY           54                        52      2       58
  MONTH TO DATE   54                        52      2       58
  SINCE DEC 1   2811                      3229   -418     3735
  SINCE JUL 1   4743                      5154   -411     5608

 COOLING
  TODAY            0                         0      0        0
  MONTH TO DATE    0                         0      0        0
  SINCE DEC 1      0                         0      0        0
  SINCE JAN 1      0                         0      0        0
..................................................................


WIND (MPH)
  HIGHEST WIND SPEED    18   HIGHEST WIND DIRECTION     N (20)
  HIGHEST GUST SPEED    25   HIGHEST GUST DIRECTION     N (20)
  AVERAGE WIND SPEED    12.3


SKY COVER
  POSSIBLE SUNSHINE  MM
  AVERAGE SKY COVER 0.4


WEATHER CONDITIONS
 THE FOLLOWING WEATHER WAS RECORDED TODAY.
  NO SIGNIFICANT WEATHER WAS OBSERVED.


RELATIVE HUMIDITY (PERCENT)
 HIGHEST    76           800 AM
 LOWEST     38           400 PM
 AVERAGE    57

..........................................................


THE ST CLOUD MN CLIMATE NORMALS FOR TOMORROW
                         NORMAL    RECORD    YEAR
 MAXIMUM TEMPERATURE (F)   23        48      1991
 MINIMUM TEMPERATURE (F)    3       -40      1996


SUNRISE AND SUNSET
FEBRUARY  1 2015......SUNRISE   738 AM CST   SUNSET   523 PM CST
FEBRUARY  2 2015......SUNRISE   736 AM CST   SUNSET   524 PM CST


-  INDICATES NEGATIVE NUMBERS.
R  INDICATES RECORD WAS SET OR TIED.
MM INDICATES DATA IS MISSING.
T  INDICATES TRACE AMOUNT.




$$
