000
CDUS43 KMPX 050633
CLISTC


CLIMATE REPORT
NATIONAL WEATHER SERVICE CHANHASSEN MN
1233 AM CST THU MAR 5 2015


...................................

...THE ST CLOUD MN CLIMATE SUMMARY FOR MARCH 4 2015...

CLIMATE NORMAL PERIOD 1981 TO 2010
CLIMATE RECORD PERIOD 1893 TO 2015


WEATHER ITEM   OBSERVED TIME   RECORD YEAR NORMAL DEPARTURE LAST
                VALUE   (LST)  VALUE       VALUE  FROM      YEAR
                                                  NORMAL
..................................................................
TEMPERATURE (F)
 YESTERDAY
  MAXIMUM          6    329 PM  59    1905  33    -27       16
  MINIMUM         -8   1159 PM -19    1917  15    -23        7
  AVERAGE         -1                        24    -25       12

PRECIPITATION (IN)
  YESTERDAY        0.00          0.47 1920   0.03  -0.03      T
  MONTH TO DATE    0.14                      0.14   0.00      T
  SINCE MAR 1      0.14                      0.14   0.00      T
  SINCE JAN 1      0.73                      1.38  -0.65     2.51

SNOWFALL (IN)
  YESTERDAY        0.0           9.0  1985   0.4   -0.4      0.1
  MONTH TO DATE    2.3                       1.4    0.9      0.1
  SINCE MAR 1      2.3                       1.4    0.9      0.1
  SINCE JUL 1     29.1                      35.6   -6.5     54.4
  SNOW DEPTH       3

DEGREE DAYS
 HEATING
  YESTERDAY       66                        41     25       53
  MONTH TO DATE  215                       167     48      266
  SINCE MAR 1    215                       167     48      266
  SINCE JUL 1   6473                      6613   -140     7475

 COOLING
  YESTERDAY        0                         0      0        0
  MONTH TO DATE    0                         0      0        0
  SINCE MAR 1      0                         0      0        0
  SINCE JAN 1      0                         0      0        0
..................................................................


WIND (MPH)
  HIGHEST WIND SPEED    24   HIGHEST WIND DIRECTION     W (290)
  HIGHEST GUST SPEED    30   HIGHEST GUST DIRECTION    NW (300)
  AVERAGE WIND SPEED    12.9


SKY COVER
  POSSIBLE SUNSHINE  MM
  AVERAGE SKY COVER 0.1


WEATHER CONDITIONS
 THE FOLLOWING WEATHER WAS RECORDED YESTERDAY.
  NO SIGNIFICANT WEATHER WAS OBSERVED.


RELATIVE HUMIDITY (PERCENT)
 HIGHEST    75          1200 AM
 LOWEST     53           700 PM
 AVERAGE    64

..........................................................


THE ST CLOUD MN CLIMATE NORMALS FOR TODAY
                         NORMAL    RECORD    YEAR
 MAXIMUM TEMPERATURE (F)   34        66      2000
 MINIMUM TEMPERATURE (F)   15       -17      2003


SUNRISE AND SUNSET
MARCH  5 2015.........SUNRISE   648 AM CST   SUNSET   608 PM CST
MARCH  6 2015.........SUNRISE   646 AM CST   SUNSET   610 PM CST


-  INDICATES NEGATIVE NUMBERS.
R  INDICATES RECORD WAS SET OR TIED.
MM INDICATES DATA IS MISSING.
T  INDICATES TRACE AMOUNT.




$$
