000
CDUS43 KMPX 040052
CLISTC


CLIMATE REPORT
NATIONAL WEATHER SERVICE CHANHASSEN MN
751 PM CDT MON AUG 3 2015


...................................

...THE ST CLOUD MN CLIMATE SUMMARY FOR AUGUST 3 2015...
VALID TODAY AS OF 0700 PM LOCAL TIME.

CLIMATE NORMAL PERIOD 1981 TO 2010
CLIMATE RECORD PERIOD 1893 TO 2015


WEATHER ITEM   OBSERVED TIME   RECORD YEAR NORMAL DEPARTURE LAST
                VALUE   (LST)  VALUE       VALUE  FROM      YEAR
                                                  NORMAL
..................................................................
TEMPERATURE (F)
 TODAY
  MAXIMUM         79    421 PM 103    1900  82     -3       87
  MINIMUM         51    239 AM  42    1971  58     -7       57
  AVERAGE         65                        70     -5       72

PRECIPITATION (IN)
  TODAY            0.00          4.57 1956   0.10  -0.10     0.13
  MONTH TO DATE    T                         0.32  -0.32     0.17
  SINCE JUN 1     11.84                      7.80   4.04     7.60
  SINCE JAN 1     20.51                     16.11   4.40    23.95

SNOWFALL (IN)
  TODAY            0.0           0.0    MM   0.0    0.0      0.0
  MONTH TO DATE    0.0                       0.0    0.0      0.0
  SINCE JUN 1      0.0                       0.0    0.0      0.0
  SINCE JUL 1      0.0                       0.0    0.0      0.0
  SNOW DEPTH       0

DEGREE DAYS
 HEATING
  TODAY            0                         1     -1        0
  MONTH TO DATE    0                         3     -3        0
  SINCE JUN 1     40                        98    -58       33
  SINCE JUL 1     12                        20     -8        7

 COOLING
  TODAY            0                         5     -5        7
  MONTH TO DATE   10                        15     -5       23
  SINCE JUN 1    279                       292    -13      331
  SINCE JAN 1    284                       317    -33      375
..................................................................


WIND (MPH)
  HIGHEST WIND SPEED    17   HIGHEST WIND DIRECTION    NW (300)
  HIGHEST GUST SPEED    24   HIGHEST GUST DIRECTION     W (280)
  AVERAGE WIND SPEED     8.1


SKY COVER
  POSSIBLE SUNSHINE  MM
  AVERAGE SKY COVER 0.1


WEATHER CONDITIONS
 THE FOLLOWING WEATHER WAS RECORDED TODAY.
  NO SIGNIFICANT WEATHER WAS OBSERVED.


RELATIVE HUMIDITY (PERCENT)
 HIGHEST    96           200 AM
 LOWEST     35           300 PM
 AVERAGE    66

..........................................................


THE ST CLOUD MN CLIMATE NORMALS FOR TOMORROW
                         NORMAL    RECORD    YEAR
 MAXIMUM TEMPERATURE (F)   82       103      1947
 MINIMUM TEMPERATURE (F)   58        42      1992


SUNRISE AND SUNSET
AUGUST  3 2015........SUNRISE   602 AM CDT   SUNSET   842 PM CDT
AUGUST  4 2015........SUNRISE   603 AM CDT   SUNSET   841 PM CDT


-  INDICATES NEGATIVE NUMBERS.
R  INDICATES RECORD WAS SET OR TIED.
MM INDICATES DATA IS MISSING.
T  INDICATES TRACE AMOUNT.




$$
