000
CDUS41 KOKX 080631
CLINYC


CLIMATE REPORT
NATIONAL WEATHER SERVICE NEW YORK NY
131 AM EST FRI DEC 8 2017


...................................

...THE CENTRAL PARK NY CLIMATE SUMMARY FOR DECEMBER 7 2017...

CLIMATE NORMAL PERIOD 1981 TO 2010
CLIMATE RECORD PERIOD 1869 TO 2017


WEATHER ITEM   OBSERVED TIME   RECORD YEAR NORMAL DEPARTURE LAST
                VALUE   (LST)  VALUE       VALUE  FROM      YEAR
                                                  NORMAL
..................................................................
TEMPERATURE (F)
 YESTERDAY
  MAXIMUM         44    356 PM  75    1998  46     -2       46
  MINIMUM         37    739 AM  10    1926  35      2       40
  AVERAGE         41                        40      1       43

PRECIPITATION (IN)
  YESTERDAY        0.00          1.98 1908   0.14  -0.14     0.09
  MONTH TO DATE    0.75                      0.98  -0.23     0.70
  SINCE DEC 1      0.75                      0.98  -0.23     0.70
  SINCE JAN 1     43.58                     46.92  -3.34    39.98

SNOWFALL (IN)
  YESTERDAY        0.0           2.0  1886   0.1   -0.1      0.0
  MONTH TO DATE    0.0                       0.6   -0.6      0.0
  SINCE OCT 1      T                         0.9   -0.9       T
  SINCE JUL 1      T                         0.9   -0.9       T
  SNOW DEPTH       0

DEGREE DAYS
 HEATING
  YESTERDAY       24                        25     -1       22
  MONTH TO DATE  126                       166    -40      145
  SINCE DEC 1    126                       166    -40      145
  SINCE JUL 1    788                       999   -211      832

 COOLING
  YESTERDAY        0                         0      0        0
  MONTH TO DATE    0                         0      0        0
  SINCE DEC 1      0                         0      0        0
  SINCE JAN 1   1265                      1105    160     1489
..................................................................


WIND (MPH)
  HIGHEST WIND SPEED    17   HIGHEST WIND DIRECTION     W (290)
  HIGHEST GUST SPEED    31   HIGHEST GUST DIRECTION     W (250)
  AVERAGE WIND SPEED     6.6


SKY COVER
  AVERAGE SKY COVER 0.2


WEATHER CONDITIONS
 THE FOLLOWING WEATHER WAS RECORDED YESTERDAY.
  NO SIGNIFICANT WEATHER WAS OBSERVED.


RELATIVE HUMIDITY (PERCENT)
 HIGHEST    54          1100 PM
 LOWEST     31           400 PM
 AVERAGE    43

..........................................................


THE CENTRAL PARK NY CLIMATE NORMALS FOR TODAY
                         NORMAL    RECORD    YEAR
 MAXIMUM TEMPERATURE (F)   45        65      1927
 MINIMUM TEMPERATURE (F)   34        10      1882


SUNRISE AND SUNSET
DECEMBER  8 2017......SUNRISE   708 AM EST   SUNSET   428 PM EST
DECEMBER  9 2017......SUNRISE   708 AM EST   SUNSET   428 PM EST


-  INDICATES NEGATIVE NUMBERS.
R  INDICATES RECORD WAS SET OR TIED.
MM INDICATES DATA IS MISSING.
T  INDICATES TRACE AMOUNT.




$$
