000
CDUS41 KOKX 152039
CLINYC


CLIMATE REPORT
NATIONAL WEATHER SERVICE NEW YORK NY
439 PM EDT FRI AUG 15 2014


...................................

...THE CENTRAL PARK NY CLIMATE SUMMARY FOR AUGUST 15 2014...
VALID TODAY AS OF 0400 PM LOCAL TIME.

CLIMATE NORMAL PERIOD 1981 TO 2010
CLIMATE RECORD PERIOD 1869 TO 2014


WEATHER ITEM   OBSERVED TIME   RECORD YEAR NORMAL DEPARTURE LAST
                VALUE   (LST)  VALUE       VALUE  FROM      YEAR
                                                  NORMAL
..................................................................
TEMPERATURE (F)
 TODAY
  MAXIMUM         73   1259 PM  97    1988  83    -10       78
  MINIMUM         61    600 AM  54    1964  68     -7       59
  AVERAGE         67                        76     -9       69

PRECIPITATION (IN)
  TODAY            0.00          1.52 1911   0.14  -0.14     0.00
  MONTH TO DATE    1.20                      2.27  -1.07     2.12
  SINCE JUN 1     11.05                     11.28  -0.23    15.06
  SINCE JAN 1     35.21                     31.07   4.14    34.28

SNOWFALL (IN)
  TODAY            0.0           0.0  2002   0.0    0.0      0.0
                                      2001
  MONTH TO DATE    0.0                       0.0    0.0      0.0
  SINCE OCT 1     57.4                      25.8   31.6     26.1
  SINCE JUL 1      0.0                       0.0    0.0      0.0
  SNOW DEPTH       0

DEGREE DAYS
 HEATING
  TODAY            0                         0      0        0
  MONTH TO DATE    0                         0      0        0
  SINCE JUN 1      0                        19    -19        9
  SINCE JUL 1      0                         0      0        0

 COOLING
  TODAY            2                        11     -9        4
  MONTH TO DATE  148                       166    -18      127
  SINCE JUN 1    731                       733     -2      836
  SINCE JAN 1    785                       802    -17      915
..................................................................


WIND (MPH)
  HIGHEST WIND SPEED    13   HIGHEST WIND DIRECTION     W (280)
  HIGHEST GUST SPEED    20   HIGHEST GUST DIRECTION     W (260)
  AVERAGE WIND SPEED     5.4


SKY COVER
  AVERAGE SKY COVER 0.2


WEATHER CONDITIONS
 THE FOLLOWING WEATHER WAS RECORDED TODAY.
  NO SIGNIFICANT WEATHER WAS OBSERVED.


RELATIVE HUMIDITY (PERCENT)
 HIGHEST    64           600 AM
 LOWEST     41          1100 AM
 AVERAGE    53

..........................................................


THE CENTRAL PARK NY CLIMATE NORMALS FOR TOMORROW
                         NORMAL    RECORD    YEAR
 MAXIMUM TEMPERATURE (F)   83        96      1944
 MINIMUM TEMPERATURE (F)   68        55      1880


SUNRISE AND SUNSET
AUGUST 15 2014........SUNRISE   606 AM EDT   SUNSET   754 PM EDT
AUGUST 16 2014........SUNRISE   607 AM EDT   SUNSET   753 PM EDT


-  INDICATES NEGATIVE NUMBERS.
R  INDICATES RECORD WAS SET OR TIED.
MM INDICATES DATA IS MISSING.
T  INDICATES TRACE AMOUNT.




$$
