000
CDUS41 KOKX 250624
CLINYC


CLIMATE REPORT
NATIONAL WEATHER SERVICE NEW YORK NY
223 AM EDT TUE AUG 25 2015


...................................

...THE CENTRAL PARK NY CLIMATE SUMMARY FOR AUGUST 24 2015...

CLIMATE NORMAL PERIOD 1981 TO 2010
CLIMATE RECORD PERIOD 1869 TO 2015


WEATHER ITEM   OBSERVED TIME   RECORD YEAR NORMAL DEPARTURE LAST
                VALUE   (LST)  VALUE       VALUE  FROM      YEAR
                                                  NORMAL
..................................................................
TEMPERATURE (F)
 YESTERDAY
  MAXIMUM         87    133 PM  94    1972  82      5       80
  MINIMUM         73    607 AM  52    1890  67      6       64
  AVERAGE         80                        74      6       72

PRECIPITATION (IN)
  YESTERDAY        0.00          3.61 1893   0.14  -0.14     0.00
  MONTH TO DATE    2.22                      3.56  -1.34     1.63
  SINCE JUN 1     10.99                     12.57  -1.58    11.48
  SINCE JAN 1     26.92                     32.36  -5.44    35.64

SNOWFALL (IN)
  YESTERDAY        0.0           0.0  2002   0.0    0.0      0.0
                                      2001
  MONTH TO DATE    0.0                       0.0    0.0      0.0
  SINCE OCT 1     50.3                      25.8   24.5     57.4
  SINCE JUL 1      0.0                       0.0    0.0      0.0
  SNOW DEPTH       0

DEGREE DAYS
 HEATING
  YESTERDAY        0                         0      0        0
  MONTH TO DATE    0                         0      0        0
  SINCE JUN 1     33                        19     14        0
  SINCE JUL 1      0                         0      0        0

 COOLING
  YESTERDAY       15                         9      6        7
  MONTH TO DATE  348                       255     93      220
  SINCE JUN 1   1013                       822    191      803
  SINCE JAN 1   1172                       891    281      857
..................................................................


WIND (MPH)
  HIGHEST WIND SPEED     9   HIGHEST WIND DIRECTION     S (200)
  HIGHEST GUST SPEED    18   HIGHEST GUST DIRECTION     S (200)
  AVERAGE WIND SPEED     2.5


SKY COVER
  AVERAGE SKY COVER 0.3


WEATHER CONDITIONS
 THE FOLLOWING WEATHER WAS RECORDED YESTERDAY.
  NO SIGNIFICANT WEATHER WAS OBSERVED.


RELATIVE HUMIDITY (PERCENT)
 HIGHEST    84           600 AM
 LOWEST     42           100 PM
 AVERAGE    63

..........................................................


THE CENTRAL PARK NY CLIMATE NORMALS FOR TODAY
                         NORMAL    RECORD    YEAR
 MAXIMUM TEMPERATURE (F)   82        95      1948
 MINIMUM TEMPERATURE (F)   67        52      1940


SUNRISE AND SUNSET
AUGUST 25 2015........SUNRISE   616 AM EDT   SUNSET   740 PM EDT
AUGUST 26 2015........SUNRISE   617 AM EDT   SUNSET   738 PM EDT


-  INDICATES NEGATIVE NUMBERS.
R  INDICATES RECORD WAS SET OR TIED.
MM INDICATES DATA IS MISSING.
T  INDICATES TRACE AMOUNT.




$$
