000
CDUS41 KOKX 040617
CLINYC


CLIMATE REPORT
NATIONAL WEATHER SERVICE NEW YORK NY
217 AM EDT TUE APR 4 2017


...................................

...THE CENTRAL PARK NY CLIMATE SUMMARY FOR APRIL 3 2017...

CLIMATE NORMAL PERIOD 1981 TO 2010
CLIMATE RECORD PERIOD 1869 TO 2017


WEATHER ITEM   OBSERVED TIME   RECORD YEAR NORMAL DEPARTURE LAST
                VALUE   (LST)  VALUE       VALUE  FROM      YEAR
                                                  NORMAL
..................................................................
TEMPERATURE (F)
 YESTERDAY
  MAXIMUM         63   1232 PM  81    1981  56      7       50
  MINIMUM         48   1101 PM  24    1954  41      7       34
  AVERAGE         56                        49      7       42

PRECIPITATION (IN)
  YESTERDAY        0.03          1.90 1983   0.16  -0.13     0.09
  MONTH TO DATE    0.03                      0.48  -0.45     0.27
  SINCE MAR 1      5.28                      4.84   0.44     1.44
  SINCE JAN 1     12.59                     11.58   1.01    10.25

SNOWFALL (IN)
  YESTERDAY        0.0          10.0  1915   0.0    0.0       T
  MONTH TO DATE    0.0                       0.1   -0.1       T
  SINCE OCT 1     30.2                      25.3    4.9     32.8
  SINCE JUL 1     30.2                      25.3    4.9     32.8
  SNOW DEPTH       0

DEGREE DAYS
 HEATING
  YESTERDAY        9                        17     -8       23
  MONTH TO DATE   44                        51     -7       33
  SINCE MAR 1    837                       751     86      531
  SINCE JUL 1   3820                      4273   -453     3278

 COOLING
  YESTERDAY        0                         0      0        0
  MONTH TO DATE    0                         0      0        5
  SINCE MAR 1      0                         1     -1       11
  SINCE JAN 1      0                         1     -1       11
..................................................................


WIND (MPH)
  HIGHEST WIND SPEED    18   HIGHEST WIND DIRECTION     S (170)
  HIGHEST GUST SPEED    24   HIGHEST GUST DIRECTION     S (180)
  AVERAGE WIND SPEED     5.0


SKY COVER
  AVERAGE SKY COVER 0.2


WEATHER CONDITIONS
 THE FOLLOWING WEATHER WAS RECORDED YESTERDAY.
  LIGHT RAIN


RELATIVE HUMIDITY (PERCENT)
 HIGHEST    59           700 PM
 LOWEST     30          1200 PM
 AVERAGE    45

..........................................................


THE CENTRAL PARK NY CLIMATE NORMALS FOR TODAY
                         NORMAL    RECORD    YEAR
 MAXIMUM TEMPERATURE (F)   57        80      1892
 MINIMUM TEMPERATURE (F)   41        21      1874


SUNRISE AND SUNSET
APRIL  4 2017.........SUNRISE   634 AM EDT   SUNSET   724 PM EDT
APRIL  5 2017.........SUNRISE   633 AM EDT   SUNSET   725 PM EDT


-  INDICATES NEGATIVE NUMBERS.
R  INDICATES RECORD WAS SET OR TIED.
MM INDICATES DATA IS MISSING.
T  INDICATES TRACE AMOUNT.




$$
