000
CDUS41 KOKX 060635
CLINYC


CLIMATE REPORT
NATIONAL WEATHER SERVICE NEW YORK NY
235 AM EDT SAT SEP 6 2014


...................................

...THE CENTRAL PARK NY CLIMATE SUMMARY FOR SEPTEMBER 5 2014...

CLIMATE NORMAL PERIOD 1981 TO 2010
CLIMATE RECORD PERIOD 1869 TO 2014


WEATHER ITEM   OBSERVED TIME   RECORD YEAR NORMAL DEPARTURE LAST
                VALUE   (LST)  VALUE       VALUE  FROM      YEAR
                                                  NORMAL
..................................................................
TEMPERATURE (F)
 YESTERDAY
  MAXIMUM         87    101 PM  94    1985  79      8       80
  MINIMUM         72    603 AM  51    1963  64      8       64
  AVERAGE         80                        72      8       72

PRECIPITATION (IN)
  YESTERDAY        0.00          2.45 1878   0.13  -0.13     0.00
  MONTH TO DATE    0.00                      0.66  -0.66     0.08
  SINCE SEP 1      0.00                      0.66  -0.66     0.08
  SINCE JAN 1     36.26                     33.90   2.36    35.09

SNOWFALL (IN)
  YESTERDAY        0.0           0.0  2002   0.0    0.0      0.0
                                      2001
  MONTH TO DATE    0.0                       0.0    0.0      0.0
  SINCE OCT 1     57.4                      25.8   31.6     26.1
  SINCE JUL 1      0.0                       0.0    0.0      0.0
  SNOW DEPTH       0

DEGREE DAYS
 HEATING
  YESTERDAY        0                         0      0        0
  MONTH TO DATE    0                         0      0        0
  SINCE SEP 1      0                         0      0        0
  SINCE JUL 1      0                         2     -2        0

 COOLING
  YESTERDAY       15                         7      8        7
  MONTH TO DATE   79                        37     42       54
  SINCE SEP 1     79                        37     42       54
  SINCE JAN 1   1017                       991     26     1147
..................................................................


WIND (MPH)
  HIGHEST WIND SPEED    10   HIGHEST WIND DIRECTION    SW (240)
  HIGHEST GUST SPEED    17   HIGHEST GUST DIRECTION     S (200)
  AVERAGE WIND SPEED     3.0


SKY COVER
  AVERAGE SKY COVER 0.4


WEATHER CONDITIONS
 THE FOLLOWING WEATHER WAS RECORDED YESTERDAY.
  FOG
  HAZE


RELATIVE HUMIDITY (PERCENT)
 HIGHEST    90           600 AM
 LOWEST     61          1200 PM
 AVERAGE    76

..........................................................


THE CENTRAL PARK NY CLIMATE NORMALS FOR TODAY
                         NORMAL    RECORD    YEAR
 MAXIMUM TEMPERATURE (F)   79        97      1881
 MINIMUM TEMPERATURE (F)   64        48      1924


SUNRISE AND SUNSET
SEPTEMBER  6 2014.....SUNRISE   628 AM EDT   SUNSET   720 PM EDT
SEPTEMBER  7 2014.....SUNRISE   629 AM EDT   SUNSET   718 PM EDT


-  INDICATES NEGATIVE NUMBERS.
R  INDICATES RECORD WAS SET OR TIED.
MM INDICATES DATA IS MISSING.
T  INDICATES TRACE AMOUNT.




$$
