000
CDUS41 KOKX 230618
CLINYC


CLIMATE REPORT
NATIONAL WEATHER SERVICE NEW YORK NY
218 AM EDT SUN AUG 23 2015


...................................

...THE CENTRAL PARK NY CLIMATE SUMMARY FOR AUGUST 22 2015...

CLIMATE NORMAL PERIOD 1981 TO 2010
CLIMATE RECORD PERIOD 1869 TO 2015


WEATHER ITEM   OBSERVED TIME   RECORD YEAR NORMAL DEPARTURE LAST
                VALUE   (LST)  VALUE       VALUE  FROM      YEAR
                                                  NORMAL
..................................................................
TEMPERATURE (F)
 YESTERDAY
  MAXIMUM         86    147 PM  95    1916  82      4       79
  MINIMUM         69    633 AM  52    1895  67      2       65
  AVERAGE         78                        75      3       72

PRECIPITATION (IN)
  YESTERDAY        0.00          1.85 1994   0.14  -0.14     0.06
  MONTH TO DATE    2.22                      3.28  -1.06     1.62
  SINCE JUN 1     10.99                     12.29  -1.30    11.47
  SINCE JAN 1     26.92                     32.08  -5.16    35.63

SNOWFALL (IN)
  YESTERDAY        0.0           0.0  2002   0.0    0.0      0.0
                                      2001
  MONTH TO DATE    0.0                       0.0    0.0      0.0
  SINCE OCT 1     50.3                      25.8   24.5     57.4
  SINCE JUL 1      0.0                       0.0    0.0      0.0
  SNOW DEPTH       0

DEGREE DAYS
 HEATING
  YESTERDAY        0                         0      0        0
  MONTH TO DATE    0                         0      0        0
  SINCE JUN 1     33                        19     14        0
  SINCE JUL 1      0                         0      0        0

 COOLING
  YESTERDAY       13                        10      3        7
  MONTH TO DATE  320                       236     84      206
  SINCE JUN 1    985                       803    182      789
  SINCE JAN 1   1144                       872    272      843
..................................................................


WIND (MPH)
  HIGHEST WIND SPEED    10   HIGHEST WIND DIRECTION    NE (60)
  HIGHEST GUST SPEED    16   HIGHEST GUST DIRECTION    NE (50)
  AVERAGE WIND SPEED     4.4


SKY COVER
  AVERAGE SKY COVER 0.0


WEATHER CONDITIONS
 THE FOLLOWING WEATHER WAS RECORDED YESTERDAY.
  HAZE


RELATIVE HUMIDITY (PERCENT)
 HIGHEST    57           100 AM
 LOWEST     32           200 PM
 AVERAGE    45

..........................................................


THE CENTRAL PARK NY CLIMATE NORMALS FOR TODAY
                         NORMAL    RECORD    YEAR
 MAXIMUM TEMPERATURE (F)   82        92      1916
 MINIMUM TEMPERATURE (F)   67        51      1923


SUNRISE AND SUNSET
AUGUST 23 2015........SUNRISE   614 AM EDT   SUNSET   743 PM EDT
AUGUST 24 2015........SUNRISE   615 AM EDT   SUNSET   741 PM EDT


-  INDICATES NEGATIVE NUMBERS.
R  INDICATES RECORD WAS SET OR TIED.
MM INDICATES DATA IS MISSING.
T  INDICATES TRACE AMOUNT.




$$
