000
CDUS41 KOKX 132033
CLINYC


CLIMATE REPORT
NATIONAL WEATHER SERVICE NEW YORK NY
433 PM EDT WED MAY 13 2015


...................................

...THE CENTRAL PARK NY CLIMATE SUMMARY FOR MAY 13 2015...
VALID TODAY AS OF 0400 PM LOCAL TIME.

CLIMATE NORMAL PERIOD 1981 TO 2010
CLIMATE RECORD PERIOD 1869 TO 2015


WEATHER ITEM   OBSERVED TIME   RECORD YEAR NORMAL DEPARTURE LAST
                VALUE   (LST)  VALUE       VALUE  FROM      YEAR
                                                  NORMAL
..................................................................
TEMPERATURE (F)
 TODAY
  MAXIMUM         70    208 PM  89    1956  70      0       73
  MINIMUM         58    623 AM  39    1895  53      5       53
  AVERAGE         64                        62      2       63

PRECIPITATION (IN)
  TODAY            0.00          1.66 1971   0.12  -0.12     0.00
  MONTH TO DATE    T                         1.65  -1.65     1.07
  SINCE MAR 1      6.80                     10.51  -3.71    12.59
  SINCE JAN 1     14.07                     17.25  -3.18    20.86

SNOWFALL (IN)
  TODAY            0.0           0.0  2001   0.0    0.0      0.0
  MONTH TO DATE    0.0                       0.0    0.0      0.0
  SINCE OCT 1     50.3                      25.8   24.5     57.4
  SINCE JUL 1     50.3                      25.8   24.5     57.4
  SNOW DEPTH       0

DEGREE DAYS
 HEATING
  TODAY            1                         5     -4        2
  MONTH TO DATE   15                        80    -65       39
  SINCE MAR 1   1160                      1151      9     1258
  SINCE JUL 1   4919                      4673    246     4928

 COOLING
  TODAY            0                         1     -1        0
  MONTH TO DATE   55                        13     42       21
  SINCE MAR 1     60                        25     35       25
  SINCE JAN 1     60                        25     35       25
..................................................................


WIND (MPH)
  HIGHEST WIND SPEED    15   HIGHEST WIND DIRECTION    NW (310)
  HIGHEST GUST SPEED    26   HIGHEST GUST DIRECTION    NW (300)
  AVERAGE WIND SPEED     8.0


SKY COVER
  AVERAGE SKY COVER 0.4


WEATHER CONDITIONS
 THE FOLLOWING WEATHER WAS RECORDED TODAY.
  NO SIGNIFICANT WEATHER WAS OBSERVED.


RELATIVE HUMIDITY (PERCENT)
 HIGHEST    51           600 AM
 LOWEST     35           100 PM
 AVERAGE    43

..........................................................


THE CENTRAL PARK NY CLIMATE NORMALS FOR TOMORROW
                         NORMAL    RECORD    YEAR
 MAXIMUM TEMPERATURE (F)   70        88      1900
 MINIMUM TEMPERATURE (F)   53        40      1878


SUNRISE AND SUNSET
MAY 13 2015...........SUNRISE   541 AM EDT   SUNSET   804 PM EDT
MAY 14 2015...........SUNRISE   540 AM EDT   SUNSET   805 PM EDT


-  INDICATES NEGATIVE NUMBERS.
R  INDICATES RECORD WAS SET OR TIED.
MM INDICATES DATA IS MISSING.
T  INDICATES TRACE AMOUNT.




$$
