000
CDUS41 KOKX 082036
CLINYC


CLIMATE REPORT
NATIONAL WEATHER SERVICE NEW YORK NY
436 PM EDT MON MAY 8 2017


...................................

...THE CENTRAL PARK NY CLIMATE SUMMARY FOR MAY 8 2017...
VALID TODAY AS OF 0400 PM LOCAL TIME.

CLIMATE NORMAL PERIOD 1981 TO 2010
CLIMATE RECORD PERIOD 1869 TO 2017


WEATHER ITEM   OBSERVED TIME   RECORD YEAR NORMAL DEPARTURE LAST
                VALUE   (LST)  VALUE       VALUE  FROM      YEAR
                                                  NORMAL
..................................................................
TEMPERATURE (F)
 TODAY
  MAXIMUM         57    233 PM  91    2000  69    -12       66
                                      1936
  MINIMUM         44    537 AM  37    1947  52     -8       49
  AVERAGE         51                        60     -9       58

PRECIPITATION (IN)
  TODAY            0.00          3.02 2013   0.12  -0.12     0.16
  MONTH TO DATE    3.21                      1.02   2.19     1.52
  SINCE MAR 1     12.30                      9.88   2.42     4.30
  SINCE JAN 1     19.61                     16.62   2.99    13.11

SNOWFALL (IN)
  TODAY            0.0           0.0  2002   0.0    0.0      0.0
                                      2001
  MONTH TO DATE    0.0                       0.0    0.0      0.0
  SINCE OCT 1     30.2                      25.8    4.4     32.8
  SINCE JUL 1     30.2                      25.8    4.4     32.8
  SNOW DEPTH       0

DEGREE DAYS
 HEATING
  TODAY           14                         6      8        7
  MONTH TO DATE   61                        54      7      100
  SINCE MAR 1   1115                      1125    -10      953
  SINCE JUL 1   4098                      4647   -549     3700

 COOLING
  TODAY            0                         1     -1        0
  MONTH TO DATE    4                         8     -4        0
  SINCE MAR 1     38                        20     18       19
  SINCE JAN 1     38                        20     18       19
..................................................................


WIND (MPH)
  HIGHEST WIND SPEED    15   HIGHEST WIND DIRECTION     W (290)
  HIGHEST GUST SPEED    26   HIGHEST GUST DIRECTION     W (290)
  AVERAGE WIND SPEED     6.5


SKY COVER
  AVERAGE SKY COVER 0.4


WEATHER CONDITIONS
 THE FOLLOWING WEATHER WAS RECORDED TODAY.
  NO SIGNIFICANT WEATHER WAS OBSERVED.


RELATIVE HUMIDITY (PERCENT)
 HIGHEST    76           300 AM
 LOWEST     32           300 PM
 AVERAGE    54

..........................................................


THE CENTRAL PARK NY CLIMATE NORMALS FOR TOMORROW
                         NORMAL    RECORD    YEAR
 MAXIMUM TEMPERATURE (F)   69        94      1979
 MINIMUM TEMPERATURE (F)   52        35      1947


SUNRISE AND SUNSET
MAY  8 2017...........SUNRISE   546 AM EDT   SUNSET   800 PM EDT
MAY  9 2017...........SUNRISE   545 AM EDT   SUNSET   801 PM EDT


-  INDICATES NEGATIVE NUMBERS.
R  INDICATES RECORD WAS SET OR TIED.
MM INDICATES DATA IS MISSING.
T  INDICATES TRACE AMOUNT.




$$
