000
CDUS41 KOKX 080618
CLINYC


CLIMATE REPORT
NATIONAL WEATHER SERVICE NEW YORK NY
117 AM EST SUN JAN 8 2017


...................................

...THE CENTRAL PARK NY CLIMATE SUMMARY FOR JANUARY 7 2017...

CLIMATE NORMAL PERIOD 1981 TO 2010
CLIMATE RECORD PERIOD 1869 TO 2017


WEATHER ITEM   OBSERVED TIME   RECORD YEAR NORMAL DEPARTURE LAST
                VALUE   (LST)  VALUE       VALUE  FROM      YEAR
                                                  NORMAL
..................................................................
TEMPERATURE (F)
 YESTERDAY
  MAXIMUM         26   1218 AM  64    1907  38    -12       46
  MINIMUM         20   1009 PM   4    2014  27     -7       31
  AVERAGE         23                        33    -10       39

PRECIPITATION (IN)
  YESTERDAY        0.32          2.67 1874   0.12   0.20     0.00
  MONTH TO DATE    1.16                      0.85   0.31     0.00
  SINCE DEC 1      4.05                      4.85  -0.80     4.72
  SINCE JAN 1      1.16                      0.85   0.31     0.00

SNOWFALL (IN)
  YESTERDAY        5.1          13.6  1996   0.3    4.8      0.0
  MONTH TO DATE    6.3                       1.5    4.8      0.0
  SINCE OCT 1      9.5                       6.6    2.9       T
  SINCE JUL 1      9.5                       6.6    2.9       T
  SNOW DEPTH       T

DEGREE DAYS
 HEATING
  YESTERDAY       42                        32     10       26
  MONTH TO DATE  205                       224    -19      224
  SINCE DEC 1   1024                      1076    -52      658
  SINCE JUL 1   1711                      1909   -198     1246

 COOLING
  YESTERDAY        0                         0      0        0
  MONTH TO DATE    0                         0      0        0
  SINCE DEC 1      0                         0      0        3
  SINCE JAN 1      0                         0      0        0
..................................................................


WIND (MPH)
  HIGHEST WIND SPEED    17   HIGHEST WIND DIRECTION     N (350)
  HIGHEST GUST SPEED    25   HIGHEST GUST DIRECTION    NW (330)
  AVERAGE WIND SPEED     7.5


SKY COVER
  AVERAGE SKY COVER 0.8


WEATHER CONDITIONS
 THE FOLLOWING WEATHER WAS RECORDED YESTERDAY.
  HEAVY SNOW
  SNOW
  LIGHT SNOW
  FOG
  FOG W/VISIBILITY <= 1/4 MILE
  HAZE


RELATIVE HUMIDITY (PERCENT)
 HIGHEST    91          1100 AM
 LOWEST     42           500 AM
 AVERAGE    67

..........................................................


THE CENTRAL PARK NY CLIMATE NORMALS FOR TODAY
                         NORMAL    RECORD    YEAR
 MAXIMUM TEMPERATURE (F)   38        65      1998
 MINIMUM TEMPERATURE (F)   27         2      1968


SUNRISE AND SUNSET
JANUARY  8 2017.......SUNRISE   720 AM EST   SUNSET   446 PM EST
JANUARY  9 2017.......SUNRISE   720 AM EST   SUNSET   447 PM EST


-  INDICATES NEGATIVE NUMBERS.
R  INDICATES RECORD WAS SET OR TIED.
MM INDICATES DATA IS MISSING.
T  INDICATES TRACE AMOUNT.




$$
