000
CDUS41 KOKX 170616
CLINYC


CLIMATE REPORT
NATIONAL WEATHER SERVICE NEW YORK NY
116 AM EST MON NOV 17 2014


...................................

...THE CENTRAL PARK NY CLIMATE SUMMARY FOR NOVEMBER 16 2014...

CLIMATE NORMAL PERIOD 1981 TO 2010
CLIMATE RECORD PERIOD 1869 TO 2014


WEATHER ITEM   OBSERVED TIME   RECORD YEAR NORMAL DEPARTURE LAST
                VALUE   (LST)  VALUE       VALUE  FROM      YEAR
                                                  NORMAL
..................................................................
TEMPERATURE (F)
 YESTERDAY
  MAXIMUM         45    836 PM  72    1928  54     -9       60
  MINIMUM         35    401 AM  17    1933  42     -7       45
  AVERAGE         40                        48     -8       53

PRECIPITATION (IN)
  YESTERDAY        0.03          2.39 1985   0.13  -0.10     0.05
  MONTH TO DATE    1.01                      2.08  -1.07     0.34
  SINCE SEP 1      7.99                     10.76  -2.77     3.65
  SINCE JAN 1     44.25                     44.00   0.25    38.66

SNOWFALL (IN)
  YESTERDAY        0.0           1.0  1872   0.0    0.0      0.0
  MONTH TO DATE    T                         0.0    0.0       T
  SINCE OCT 1      T                         0.0    0.0       T
  SINCE JUL 1      T                         0.0    0.0       T
  SNOW DEPTH       0

DEGREE DAYS
 HEATING
  YESTERDAY       25                        17      8       12
  MONTH TO DATE  260                       241     19      256
  SINCE SEP 1    461                       552    -91      479
  SINCE JUL 1    461                       554    -93      479

 COOLING
  YESTERDAY        0                         0      0        0
  MONTH TO DATE    0                         0      0        0
  SINCE SEP 1    190                       150     40      178
  SINCE JAN 1   1128                      1104     24     1271
..................................................................


WIND (MPH)
  HIGHEST WIND SPEED    10   HIGHEST WIND DIRECTION     W (260)
  HIGHEST GUST SPEED    18   HIGHEST GUST DIRECTION     W (250)
  AVERAGE WIND SPEED     3.8


SKY COVER
  AVERAGE SKY COVER 0.8


WEATHER CONDITIONS
 THE FOLLOWING WEATHER WAS RECORDED YESTERDAY.
  LIGHT RAIN


RELATIVE HUMIDITY (PERCENT)
 HIGHEST    57          1000 PM
 LOWEST     40           500 AM
 AVERAGE    49

..........................................................


THE CENTRAL PARK NY CLIMATE NORMALS FOR TODAY
                         NORMAL    RECORD    YEAR
 MAXIMUM TEMPERATURE (F)   53        71      1953
 MINIMUM TEMPERATURE (F)   41        19      1933
                                             1924


SUNRISE AND SUNSET
NOVEMBER 17 2014......SUNRISE   645 AM EST   SUNSET   436 PM EST
NOVEMBER 18 2014......SUNRISE   646 AM EST   SUNSET   435 PM EST


-  INDICATES NEGATIVE NUMBERS.
R  INDICATES RECORD WAS SET OR TIED.
MM INDICATES DATA IS MISSING.
T  INDICATES TRACE AMOUNT.




$$
