000
CDUS41 KOKX 202132
CLINYC


CLIMATE REPORT
NATIONAL WEATHER SERVICE NEW YORK NY
432 PM EST FRI FEB 20 2015


...................................

...THE CENTRAL PARK NY CLIMATE SUMMARY FOR FEBRUARY 20 2015...
VALID TODAY AS OF 0400 PM LOCAL TIME.

CLIMATE NORMAL PERIOD 1981 TO 2010
CLIMATE RECORD PERIOD 1869 TO 2015


WEATHER ITEM   OBSERVED TIME   RECORD YEAR NORMAL DEPARTURE LAST
                VALUE   (LST)  VALUE       VALUE  FROM      YEAR
                                                  NORMAL
..................................................................
TEMPERATURE (F)
 TODAY
  MAXIMUM         19    359 PM  69    1939  43    -24       51
                                      1930
  MINIMUM          2R   757 AM   7    1950  30    -28       37
  AVERAGE         11                        36    -25       44

PRECIPITATION (IN)
  TODAY            0.00          3.07 1898   0.11  -0.11     0.03
  MONTH TO DATE    1.33                      2.16  -0.83     5.36
  SINCE DEC 1     12.60                      9.81   2.79    13.00
  SINCE JAN 1      6.56                      5.81   0.75     8.15

SNOWFALL (IN)
  TODAY            0.0          12.5  1921   0.3   -0.3      0.0
  MONTH TO DATE    7.9                       6.7    1.2     28.8
  SINCE OCT 1     24.4                      18.8    5.6     57.1
  SINCE JUL 1     24.4                      18.8    5.6     57.1
  SNOW DEPTH       9

DEGREE DAYS
 HEATING
  TODAY           54                        29     25       21
  MONTH TO DATE  822                       609    213      678
  SINCE DEC 1   2653                      2465    188     2613
  SINCE JUL 1   3438                      3298    140     3421

 COOLING
  TODAY            0                         0      0        0
  MONTH TO DATE    0                         0      0        0
  SINCE DEC 1      0                         0      0        1
  SINCE JAN 1      0                         0      0        0
..................................................................


WIND (MPH)
  HIGHEST WIND SPEED    22   HIGHEST WIND DIRECTION     W (290)
  HIGHEST GUST SPEED    36   HIGHEST GUST DIRECTION     W (290)
  AVERAGE WIND SPEED    11.6


SKY COVER
  AVERAGE SKY COVER 0.0


WEATHER CONDITIONS
 THE FOLLOWING WEATHER WAS RECORDED TODAY.
  NO SIGNIFICANT WEATHER WAS OBSERVED.


RELATIVE HUMIDITY (PERCENT)
 HIGHEST    44           300 AM
 LOWEST     33           200 PM
 AVERAGE    39

..........................................................


THE CENTRAL PARK NY CLIMATE NORMALS FOR TOMORROW
                         NORMAL    RECORD    YEAR
 MAXIMUM TEMPERATURE (F)   43        68      1930
 MINIMUM TEMPERATURE (F)   30         4      1896


SUNRISE AND SUNSET
FEBRUARY 20 2015......SUNRISE   643 AM EST   SUNSET   536 PM EST
FEBRUARY 21 2015......SUNRISE   642 AM EST   SUNSET   537 PM EST


-  INDICATES NEGATIVE NUMBERS.
R  INDICATES RECORD WAS SET OR TIED.
MM INDICATES DATA IS MISSING.
T  INDICATES TRACE AMOUNT.




$$
