000
CDUS41 KOKX 052032
CLINYC


CLIMATE REPORT
NATIONAL WEATHER SERVICE NEW YORK NY
432 PM EDT SAT APR 5 2014


...................................

...THE CENTRAL PARK NY CLIMATE SUMMARY FOR APRIL 5 2014...
VALID TODAY AS OF 0400 PM LOCAL TIME.

CLIMATE NORMAL PERIOD 1981 TO 2010
CLIMATE RECORD PERIOD 1869 TO 2014


WEATHER ITEM   OBSERVED TIME   RECORD YEAR NORMAL DEPARTURE LAST
                VALUE   (LST)  VALUE       VALUE  FROM      YEAR
                                                  NORMAL
..................................................................
TEMPERATURE (F)
 TODAY
  MAXIMUM         54    256 PM  80    1928  57     -3       64
  MINIMUM         40    407 AM  20    1874  41     -1       41
  AVERAGE         47                        49     -2       53

PRECIPITATION (IN)
  TODAY            0.00          2.76 1984   0.16  -0.16     0.00
  MONTH TO DATE    0.28                      0.80  -0.52      T
  SINCE MAR 1      3.95                      5.16  -1.21     2.90
  SINCE JAN 1     12.22                     11.90   0.32     9.91

SNOWFALL (IN)
  TODAY            0.0           6.5  1944   0.0    0.0      0.0
  MONTH TO DATE    0.0                       0.2   -0.2      0.0
  SINCE OCT 1     57.4                      25.4   32.0     26.1
  SINCE JUL 1     57.4                      25.4   32.0     26.1
  SNOW DEPTH       0

DEGREE DAYS
 HEATING
  TODAY           18                        16      2       12
  MONTH TO DATE   79                        83     -4      101
  SINCE MAR 1    921                       783    138      864
  SINCE JUL 1   4591                      4305    286     4237

 COOLING
  TODAY            0                         0      0        0
  MONTH TO DATE    0                         0      0        0
  SINCE MAR 1      0                         1     -1        0
  SINCE JAN 1      0                         1     -1        0
..................................................................


WIND (MPH)
  HIGHEST WIND SPEED    20   HIGHEST WIND DIRECTION     W (280)
  HIGHEST GUST SPEED    36   HIGHEST GUST DIRECTION     W (290)
  AVERAGE WIND SPEED     8.5


SKY COVER
  AVERAGE SKY COVER 0.7


WEATHER CONDITIONS
 THE FOLLOWING WEATHER WAS RECORDED TODAY.
  FOG


RELATIVE HUMIDITY (PERCENT)
 HIGHEST    89           700 AM
 LOWEST     35           300 PM
 AVERAGE    62

..........................................................


THE CENTRAL PARK NY CLIMATE NORMALS FOR TOMORROW
                         NORMAL    RECORD    YEAR
 MAXIMUM TEMPERATURE (F)   58        79      1947
                                             1921
                                             1912
 MINIMUM TEMPERATURE (F)   42        21      1982


SUNRISE AND SUNSET
APRIL  5 2014.........SUNRISE   633 AM EDT   SUNSET   725 PM EDT
APRIL  6 2014.........SUNRISE   631 AM EDT   SUNSET   726 PM EDT


-  INDICATES NEGATIVE NUMBERS.
R  INDICATES RECORD WAS SET OR TIED.
MM INDICATES DATA IS MISSING.
T  INDICATES TRACE AMOUNT.




$$
