000
CDUS41 KOKX 100618
CLINYC


CLIMATE REPORT
NATIONAL WEATHER SERVICE NEW YORK NY
217 AM EDT WED AUG 10 2016


...................................

...THE CENTRAL PARK NY CLIMATE SUMMARY FOR AUGUST 9 2016...

CLIMATE NORMAL PERIOD 1981 TO 2010
CLIMATE RECORD PERIOD 1869 TO 2016


WEATHER ITEM   OBSERVED TIME   RECORD YEAR NORMAL DEPARTURE LAST
                VALUE   (LST)  VALUE       VALUE  FROM      YEAR
                                                  NORMAL
..................................................................
TEMPERATURE (F)
 YESTERDAY
  MAXIMUM         87    102 PM 103    2001  84      3       85
  MINIMUM         71    543 AM  57    1989  69      2       68
                                      1919
  AVERAGE         79                        76      3       77

PRECIPITATION (IN)
  YESTERDAY        0.00          4.10 1942   0.15  -0.15     0.00
  MONTH TO DATE    0.05                      1.42  -1.37     0.43
  SINCE JUN 1      9.67                     10.43  -0.76     9.20
  SINCE JAN 1     25.01                     30.22  -5.21    25.13

SNOWFALL (IN)
  YESTERDAY        0.0           0.0  2002   0.0    0.0      0.0
                                      2001
  MONTH TO DATE    0.0                       0.0    0.0      0.0
  SINCE OCT 1     32.8                      25.8    7.0     50.3
  SINCE JUL 1      0.0                       0.0    0.0      0.0
  SNOW DEPTH       0

DEGREE DAYS
 HEATING
  YESTERDAY        0                         0      0        0
  MONTH TO DATE    0                         0      0        0
  SINCE JUN 1      7                        19    -12       33
  SINCE JUL 1      0                         0      0        0

 COOLING
  YESTERDAY       14                        11      3       12
  MONTH TO DATE  103                       100      3      123
  SINCE JUN 1    767                       667    100      788
  SINCE JAN 1    886                       736    150      947
..................................................................


WIND (MPH)
  HIGHEST WIND SPEED    10   HIGHEST WIND DIRECTION    SW (220)
  HIGHEST GUST SPEED    18   HIGHEST GUST DIRECTION     S (200)
  AVERAGE WIND SPEED     2.7


SKY COVER
  AVERAGE SKY COVER 0.0


WEATHER CONDITIONS
 THE FOLLOWING WEATHER WAS RECORDED YESTERDAY.
  NO SIGNIFICANT WEATHER WAS OBSERVED.


RELATIVE HUMIDITY (PERCENT)
 HIGHEST    74          1000 PM
 LOWEST     35           100 PM
 AVERAGE    55

..........................................................


THE CENTRAL PARK NY CLIMATE NORMALS FOR TODAY
                         NORMAL    RECORD    YEAR
 MAXIMUM TEMPERATURE (F)   83        98      1949
                                             1891
 MINIMUM TEMPERATURE (F)   69        55      1879


SUNRISE AND SUNSET
AUGUST 10 2016........SUNRISE   602 AM EDT   SUNSET   800 PM EDT
AUGUST 11 2016........SUNRISE   603 AM EDT   SUNSET   759 PM EDT


-  INDICATES NEGATIVE NUMBERS.
R  INDICATES RECORD WAS SET OR TIED.
MM INDICATES DATA IS MISSING.
T  INDICATES TRACE AMOUNT.




$$
