000
CDUS41 KOKX 090642
CLINYC


CLIMATE REPORT
NATIONAL WEATHER SERVICE NEW YORK NY
241 AM EDT SUN JUL 9 2017


...................................

...THE CENTRAL PARK NY CLIMATE SUMMARY FOR JULY 8 2017...

CLIMATE NORMAL PERIOD 1981 TO 2010
CLIMATE RECORD PERIOD 1869 TO 2017


WEATHER ITEM   OBSERVED TIME   RECORD YEAR NORMAL DEPARTURE LAST
                VALUE   (LST)  VALUE       VALUE  FROM      YEAR
                                                  NORMAL
..................................................................
TEMPERATURE (F)
 YESTERDAY
  MAXIMUM         84   1240 PM 100    1993  84      0       86
  MINIMUM         69    522 AM  56    1894  69      0       67
  AVERAGE         77                        76      1       77

PRECIPITATION (IN)
  YESTERDAY        0.00          1.80 1899   0.14  -0.14     0.08
  MONTH TO DATE    2.46                      1.02   1.44     2.10
  SINCE JUN 1      7.22                      5.43   1.79     4.70
  SINCE JAN 1     30.00                     25.22   4.78    20.04

SNOWFALL (IN)
  YESTERDAY        0.0           0.0  2002   0.0    0.0      0.0
                                      2001
  MONTH TO DATE    0.0                       0.0    0.0      0.0
  SINCE OCT 1     30.2                      25.8    4.4     32.8
  SINCE JUL 1      0.0                       0.0    0.0      0.0
  SNOW DEPTH       0

DEGREE DAYS
 HEATING
  YESTERDAY        0                         0      0        0
  MONTH TO DATE    0                         0      0        0
  SINCE JUN 1     24                        19      5        7
  SINCE JUL 1      0                         0      0        0

 COOLING
  YESTERDAY       12                        11      1       12
  MONTH TO DATE   99                        87     12       90
  SINCE JUN 1    341                       299     42      322
  SINCE JAN 1    430                       368     62      441
..................................................................


WIND (MPH)
  HIGHEST WIND SPEED    16   HIGHEST WIND DIRECTION     W (280)
  HIGHEST GUST SPEED    23   HIGHEST GUST DIRECTION     W (260)
  AVERAGE WIND SPEED     3.4


SKY COVER
  AVERAGE SKY COVER 0.2


WEATHER CONDITIONS
 THE FOLLOWING WEATHER WAS RECORDED YESTERDAY.
  FOG


RELATIVE HUMIDITY (PERCENT)
 HIGHEST    97          1200 AM
 LOWEST     54           700 PM
 AVERAGE    76

..........................................................


THE CENTRAL PARK NY CLIMATE NORMALS FOR TODAY
                         NORMAL    RECORD    YEAR
 MAXIMUM TEMPERATURE (F)   84       106      1936
 MINIMUM TEMPERATURE (F)   69        54      1963


SUNRISE AND SUNSET
JULY  9 2017..........SUNRISE   533 AM EDT   SUNSET   829 PM EDT
JULY 10 2017..........SUNRISE   534 AM EDT   SUNSET   828 PM EDT


-  INDICATES NEGATIVE NUMBERS.
R  INDICATES RECORD WAS SET OR TIED.
MM INDICATES DATA IS MISSING.
T  INDICATES TRACE AMOUNT.




$$
