000
CDUS41 KOKX 110636
CLINYC


CLIMATE REPORT
NATIONAL WEATHER SERVICE NEW YORK NY
233 AM EDT MON APR 11 2016


...................................

...THE CENTRAL PARK NY CLIMATE SUMMARY FOR APRIL 10 2016...

CLIMATE NORMAL PERIOD 1981 TO 2010
CLIMATE RECORD PERIOD 1869 TO 2016


WEATHER ITEM   OBSERVED TIME   RECORD YEAR NORMAL DEPARTURE LAST
                VALUE   (LST)  VALUE       VALUE  FROM      YEAR
                                                  NORMAL
..................................................................
TEMPERATURE (F)
 YESTERDAY
  MAXIMUM         50    344 PM  86    1922  59     -9       56
  MINIMUM         31    622 AM  28    1997  43    -12       39
                                      1985
                                      1974
  AVERAGE         41                        51    -10       48

PRECIPITATION (IN)
  YESTERDAY        0.00          4.31 1983   0.17  -0.17     0.17
  MONTH TO DATE    0.95                      1.59  -0.64     0.37
  SINCE MAR 1      2.12                      5.95  -3.83     5.09
  SINCE JAN 1     10.93                     12.69  -1.76    12.36

SNOWFALL (IN)
  YESTERDAY        0.0           0.5  1882   0.1   -0.1      0.0
  MONTH TO DATE    T                         0.4   -0.4      0.0
  SINCE OCT 1     32.1                      25.6    6.5     50.3
  SINCE JUL 1     32.1                      25.6    6.5     50.3
  SNOW DEPTH       0

DEGREE DAYS
 HEATING
  YESTERDAY       24                        14     10       17
  MONTH TO DATE  198                       157     41      155
  SINCE MAR 1    696                       857   -161      981
  SINCE JUL 1   3443                      4379   -936     4740

 COOLING
  YESTERDAY        0                         0      0        0
  MONTH TO DATE    5                         0      5        0
  SINCE MAR 1     11                         1     10        0
  SINCE JAN 1     11                         1     10        0
..................................................................


WIND (MPH)
  HIGHEST WIND SPEED    13   HIGHEST WIND DIRECTION     W (260)
  HIGHEST GUST SPEED    24   HIGHEST GUST DIRECTION    NW (320)
  AVERAGE WIND SPEED    MM


SKY COVER
  AVERAGE SKY COVER 0.2


WEATHER CONDITIONS
 THE FOLLOWING WEATHER WAS RECORDED YESTERDAY.
  NO SIGNIFICANT WEATHER WAS OBSERVED.


RELATIVE HUMIDITY (PERCENT)
 HIGHEST    49           700 AM
 LOWEST     23           400 PM
 AVERAGE    36

..........................................................


THE CENTRAL PARK NY CLIMATE NORMALS FOR TODAY
                         NORMAL    RECORD    YEAR
 MAXIMUM TEMPERATURE (F)   60        84      1955
 MINIMUM TEMPERATURE (F)   43        24      1909


SUNRISE AND SUNSET
APRIL 11 2016.........SUNRISE   623 AM EDT   SUNSET   732 PM EDT
APRIL 12 2016.........SUNRISE   621 AM EDT   SUNSET   733 PM EDT


-  INDICATES NEGATIVE NUMBERS.
R  INDICATES RECORD WAS SET OR TIED.
MM INDICATES DATA IS MISSING.
T  INDICATES TRACE AMOUNT.




$$
