000
CDUS41 KOKX 112049
CLINYC


CLIMATE REPORT
NATIONAL WEATHER SERVICE NEW YORK NY
449 PM EDT MON APR 11 2016


...................................

...THE CENTRAL PARK NY CLIMATE SUMMARY FOR APRIL 11 2016...
VALID TODAY AS OF 0400 PM LOCAL TIME.

CLIMATE NORMAL PERIOD 1981 TO 2010
CLIMATE RECORD PERIOD 1869 TO 2016


WEATHER ITEM   OBSERVED TIME   RECORD YEAR NORMAL DEPARTURE LAST
                VALUE   (LST)  VALUE       VALUE  FROM      YEAR
                                                  NORMAL
..................................................................
TEMPERATURE (F)
 TODAY
  MAXIMUM         65    111 PM  84    1955  60      5       57
  MINIMUM         43   1238 AM  24    1909  43      0       44
  AVERAGE         54                        52      2       51

PRECIPITATION (IN)
  TODAY            T             1.10 1913   0.16  -0.16     0.00
  MONTH TO DATE    0.95                      1.75  -0.80     0.37
  SINCE MAR 1      2.12                      6.11  -3.99     5.09
  SINCE JAN 1     10.93                     12.85  -1.92    12.36

SNOWFALL (IN)
  TODAY            0.0           0.4  1918   0.0    0.0      0.0
  MONTH TO DATE    T                         0.4   -0.4      0.0
  SINCE OCT 1     32.1                      25.6    6.5     50.3
  SINCE JUL 1     32.1                      25.6    6.5     50.3
  SNOW DEPTH       0

DEGREE DAYS
 HEATING
  TODAY           11                        14     -3       14
  MONTH TO DATE  209                       171     38      169
  SINCE MAR 1    707                       871   -164      995
  SINCE JUL 1   3454                      4393   -939     4754

 COOLING
  TODAY            0                         0      0        0
  MONTH TO DATE    5                         0      5        0
  SINCE MAR 1     11                         1     10        0
  SINCE JAN 1     11                         1     10        0
..................................................................


WIND (MPH)
  HIGHEST WIND SPEED    13   HIGHEST WIND DIRECTION     W (260)
  HIGHEST GUST SPEED    22   HIGHEST GUST DIRECTION    SW (240)
  AVERAGE WIND SPEED    MM


SKY COVER
  AVERAGE SKY COVER 0.8


WEATHER CONDITIONS
 THE FOLLOWING WEATHER WAS RECORDED TODAY.
  NO SIGNIFICANT WEATHER WAS OBSERVED.


RELATIVE HUMIDITY (PERCENT)
 HIGHEST    65           700 AM
 LOWEST     35           100 PM
 AVERAGE    50

..........................................................


THE CENTRAL PARK NY CLIMATE NORMALS FOR TOMORROW
                         NORMAL    RECORD    YEAR
 MAXIMUM TEMPERATURE (F)   60        90      1977
 MINIMUM TEMPERATURE (F)   44        22      1874


SUNRISE AND SUNSET
APRIL 11 2016.........SUNRISE   623 AM EDT   SUNSET   732 PM EDT
APRIL 12 2016.........SUNRISE   621 AM EDT   SUNSET   733 PM EDT


-  INDICATES NEGATIVE NUMBERS.
R  INDICATES RECORD WAS SET OR TIED.
MM INDICATES DATA IS MISSING.
T  INDICATES TRACE AMOUNT.




$$
