000
CDUS41 KOKX 222032
CLINYC


CLIMATE REPORT
NATIONAL WEATHER SERVICE NEW YORK NY
432 PM EDT WED JUL 22 2015


...................................

...THE CENTRAL PARK NY CLIMATE SUMMARY FOR JULY 22 2015...
VALID TODAY AS OF 0400 PM LOCAL TIME.

CLIMATE NORMAL PERIOD 1981 TO 2010
CLIMATE RECORD PERIOD 1869 TO 2015


WEATHER ITEM   OBSERVED TIME   RECORD YEAR NORMAL DEPARTURE LAST
                VALUE   (LST)  VALUE       VALUE  FROM      YEAR
                                                  NORMAL
..................................................................
TEMPERATURE (F)
 TODAY
  MAXIMUM         85    219 PM 104    2011  84      1       86
  MINIMUM         69    511 AM  55    1873  69      0       71
  AVERAGE         77                        77      0       79

PRECIPITATION (IN)
  TODAY            0.00          1.86 1880   0.14  -0.14     0.00
  MONTH TO DATE    1.67                      3.15  -1.48     5.19
  SINCE JUN 1      6.46                      7.56  -1.10     9.45
  SINCE JAN 1     22.39                     27.35  -4.96    33.61

SNOWFALL (IN)
  TODAY            0.0           0.0  2002   0.0    0.0      0.0
                                      2001
  MONTH TO DATE    0.0                       0.0    0.0      0.0
  SINCE OCT 1     50.3                      25.8   24.5     57.4
  SINCE JUL 1      0.0                       0.0    0.0      0.0
  SNOW DEPTH       0

DEGREE DAYS
 HEATING
  TODAY            0                         0      0        0
  MONTH TO DATE    0                         0      0        0
  SINCE JUN 1     33                        19     14        0
  SINCE JUL 1      0                         0      0        0

 COOLING
  TODAY           12                        12      0       14
  MONTH TO DATE  291                       252     39      262
  SINCE JUN 1    519                       464     55      494
  SINCE JAN 1    678                       533    145      548
..................................................................


WIND (MPH)
  HIGHEST WIND SPEED    14   HIGHEST WIND DIRECTION     W (290)
  HIGHEST GUST SPEED    23   HIGHEST GUST DIRECTION     W (290)
  AVERAGE WIND SPEED     5.5


SKY COVER
  AVERAGE SKY COVER 0.0


WEATHER CONDITIONS
 THE FOLLOWING WEATHER WAS RECORDED TODAY.
  NO SIGNIFICANT WEATHER WAS OBSERVED.


RELATIVE HUMIDITY (PERCENT)
 HIGHEST    58          1200 AM
 LOWEST     29          1200 PM
 AVERAGE    44

..........................................................


THE CENTRAL PARK NY CLIMATE NORMALS FOR TOMORROW
                         NORMAL    RECORD    YEAR
 MAXIMUM TEMPERATURE (F)   84       100      2011
 MINIMUM TEMPERATURE (F)   69        58      1890
                                             1871


SUNRISE AND SUNSET
JULY 22 2015..........SUNRISE   543 AM EDT   SUNSET   821 PM EDT
JULY 23 2015..........SUNRISE   544 AM EDT   SUNSET   820 PM EDT


-  INDICATES NEGATIVE NUMBERS.
R  INDICATES RECORD WAS SET OR TIED.
MM INDICATES DATA IS MISSING.
T  INDICATES TRACE AMOUNT.




$$
