000
CDUS41 KOKX 072037
CLINYC


CLIMATE REPORT
NATIONAL WEATHER SERVICE NEW YORK NY
436 PM EDT FRI APR 7 2017


...................................

...THE CENTRAL PARK NY CLIMATE SUMMARY FOR APRIL 7 2017...
VALID TODAY AS OF 0400 PM LOCAL TIME.

CLIMATE NORMAL PERIOD 1981 TO 2010
CLIMATE RECORD PERIOD 1869 TO 2017


WEATHER ITEM   OBSERVED TIME   RECORD YEAR NORMAL DEPARTURE LAST
                VALUE   (LST)  VALUE       VALUE  FROM      YEAR
                                                  NORMAL
..................................................................
TEMPERATURE (F)
 TODAY
  MAXIMUM         51   1253 AM  92    2010  58     -7       58
  MINIMUM         44   1140 AM  21    1982  42      2       48
  AVERAGE         48                        50     -2       53

PRECIPITATION (IN)
  TODAY            T             1.35 1899   0.16  -0.16     0.09
  MONTH TO DATE    1.94                      1.11   0.83     0.83
  SINCE MAR 1      7.19                      5.47   1.72     2.00
  SINCE JAN 1     14.50                     12.21   2.29    10.81

SNOWFALL (IN)
  TODAY            0.0           4.0  2003   0.1   -0.1      0.0
  MONTH TO DATE    0.0                       0.3   -0.3       T
  SINCE OCT 1     30.2                      25.5    4.7     32.8
  SINCE JUL 1     30.2                      25.5    4.7     32.8
  SNOW DEPTH       0

DEGREE DAYS
 HEATING
  TODAY           17                        15      2       12
  MONTH TO DATE  106                       114     -8      129
  SINCE MAR 1    899                       814     85      627
  SINCE JUL 1   3882                      4336   -454     3374

 COOLING
  TODAY            0                         0      0        0
  MONTH TO DATE    0                         0      0        5
  SINCE MAR 1      0                         1     -1       11
  SINCE JAN 1      0                         1     -1       11
..................................................................


WIND (MPH)
  HIGHEST WIND SPEED    17   HIGHEST WIND DIRECTION     W (250)
  HIGHEST GUST SPEED    26   HIGHEST GUST DIRECTION     W (250)
  AVERAGE WIND SPEED     9.6


SKY COVER
  AVERAGE SKY COVER 0.8


WEATHER CONDITIONS
 THE FOLLOWING WEATHER WAS RECORDED TODAY.
  NO SIGNIFICANT WEATHER WAS OBSERVED.


RELATIVE HUMIDITY (PERCENT)
 HIGHEST    80          1200 AM
 LOWEST     56           300 PM
 AVERAGE    68

..........................................................


THE CENTRAL PARK NY CLIMATE NORMALS FOR TOMORROW
                         NORMAL    RECORD    YEAR
 MAXIMUM TEMPERATURE (F)   58        90      1991
 MINIMUM TEMPERATURE (F)   42        25      1982


SUNRISE AND SUNSET
APRIL  7 2017.........SUNRISE   629 AM EDT   SUNSET   727 PM EDT
APRIL  8 2017.........SUNRISE   628 AM EDT   SUNSET   728 PM EDT


-  INDICATES NEGATIVE NUMBERS.
R  INDICATES RECORD WAS SET OR TIED.
MM INDICATES DATA IS MISSING.
T  INDICATES TRACE AMOUNT.




$$
