000
CDUS41 KOKX 300616
CLINYC


CLIMATE REPORT
NATIONAL WEATHER SERVICE NEW YORK NY
115 AM EST THU NOV 30 2017


...................................

...THE CENTRAL PARK NY CLIMATE SUMMARY FOR NOVEMBER 29 2017...

CLIMATE NORMAL PERIOD 1981 TO 2010
CLIMATE RECORD PERIOD 1869 TO 2017


WEATHER ITEM   OBSERVED TIME   RECORD YEAR NORMAL DEPARTURE LAST
                VALUE   (LST)  VALUE       VALUE  FROM      YEAR
                                                  NORMAL
..................................................................
TEMPERATURE (F)
 YESTERDAY
  MAXIMUM         63    223 PM  69    1990  49     14       60
  MINIMUM         42   1158 PM  15    1872  38      4       51
  AVERAGE         53                        43     10       56

PRECIPITATION (IN)
  YESTERDAY        0.00          2.20 2016   0.14  -0.14     2.20
  MONTH TO DATE    1.55                      3.87  -2.32     4.68
  SINCE SEP 1      7.73                     12.55  -4.82    11.62
  SINCE JAN 1     42.80                     45.79  -2.99    38.55

SNOWFALL (IN)
  YESTERDAY        0.0           9.0  1882   0.1   -0.1      0.0
  MONTH TO DATE    T                         0.3   -0.3       T
  SINCE OCT 1      T                         0.3   -0.3       T
  SINCE JUL 1      T                         0.3   -0.3       T
  SNOW DEPTH       0

DEGREE DAYS
 HEATING
  YESTERDAY       12                        22    -10        9
  MONTH TO DATE  527                       497     30      442
  SINCE SEP 1    643                       808   -165      676
  SINCE JUL 1    643                       810   -167      676

 COOLING
  YESTERDAY        0                         0      0        0
  MONTH TO DATE    0                         0      0        0
  SINCE SEP 1    271                       150    121      257
  SINCE JAN 1   1265                      1104    161     1489
..................................................................


WIND (MPH)
  HIGHEST WIND SPEED    15   HIGHEST WIND DIRECTION    NW (310)
  HIGHEST GUST SPEED    30   HIGHEST GUST DIRECTION    NW (320)
  AVERAGE WIND SPEED     5.4


SKY COVER
  AVERAGE SKY COVER 0.1


WEATHER CONDITIONS
 THE FOLLOWING WEATHER WAS RECORDED YESTERDAY.
  HAZE


RELATIVE HUMIDITY (PERCENT)
 HIGHEST    80           400 AM
 LOWEST     20           300 PM
 AVERAGE    50

..........................................................


THE CENTRAL PARK NY CLIMATE NORMALS FOR TODAY
                         NORMAL    RECORD    YEAR
 MAXIMUM TEMPERATURE (F)   49        70      1991
 MINIMUM TEMPERATURE (F)   37         7      1875


SUNRISE AND SUNSET
NOVEMBER 30 2017......SUNRISE   700 AM EST   SUNSET   429 PM EST
DECEMBER  1 2017......SUNRISE   701 AM EST   SUNSET   429 PM EST


-  INDICATES NEGATIVE NUMBERS.
R  INDICATES RECORD WAS SET OR TIED.
MM INDICATES DATA IS MISSING.
T  INDICATES TRACE AMOUNT.




$$
