000
CDUS41 KOKX 130616
CLINYC


CLIMATE REPORT
NATIONAL WEATHER SERVICE NEW YORK NY
215 AM EDT WED AUG 13 2014


...................................

...THE CENTRAL PARK NY CLIMATE SUMMARY FOR AUGUST 12 2014...

CLIMATE NORMAL PERIOD 1981 TO 2010
CLIMATE RECORD PERIOD 1869 TO 2014


WEATHER ITEM   OBSERVED TIME   RECORD YEAR NORMAL DEPARTURE LAST
                VALUE   (LST)  VALUE       VALUE  FROM      YEAR
                                                  NORMAL
..................................................................
TEMPERATURE (F)
 YESTERDAY
  MAXIMUM         79   1246 PM  97    1944  83     -4       82
  MINIMUM         70   1056 PM  55    1889  68      2       70
  AVERAGE         75                        76     -1       76

PRECIPITATION (IN)
  YESTERDAY        0.19          3.62 1955   0.14   0.05     0.05
  MONTH TO DATE    0.67                      1.84  -1.17     1.27
  SINCE JUN 1     10.52                     10.85  -0.33    14.21
  SINCE JAN 1     34.68                     30.64   4.04    33.43

SNOWFALL (IN)
  YESTERDAY        0.0           0.0  2002   0.0    0.0      0.0
                                      2001
  MONTH TO DATE    0.0                       0.0    0.0      0.0
  SINCE OCT 1     57.4                      25.8   31.6     26.1
  SINCE JUL 1      0.0                       0.0    0.0      0.0
  SNOW DEPTH       0

DEGREE DAYS
 HEATING
  YESTERDAY        0                         0      0        0
  MONTH TO DATE    0                         0      0        0
  SINCE JUN 1      0                        19    -19        9
  SINCE JUL 1      0                         0      0        0

 COOLING
  YESTERDAY       10                        11     -1       11
  MONTH TO DATE  131                       133     -2      112
  SINCE JUN 1    714                       700     14      821
  SINCE JAN 1    768                       769     -1      900
..................................................................


WIND (MPH)
  HIGHEST WIND SPEED    15   HIGHEST WIND DIRECTION    SE (140)
  HIGHEST GUST SPEED    26   HIGHEST GUST DIRECTION     S (170)
  AVERAGE WIND SPEED     5.8


SKY COVER
  AVERAGE SKY COVER 0.6


WEATHER CONDITIONS
 THE FOLLOWING WEATHER WAS RECORDED YESTERDAY.
  RAIN
  LIGHT RAIN
  FOG
  HAZE


RELATIVE HUMIDITY (PERCENT)
 HIGHEST    90          1100 PM
 LOWEST     64          1000 AM
 AVERAGE    77

..........................................................


THE CENTRAL PARK NY CLIMATE NORMALS FOR TODAY
                         NORMAL    RECORD    YEAR
 MAXIMUM TEMPERATURE (F)   83        99      2005
 MINIMUM TEMPERATURE (F)   68        55      1930


SUNRISE AND SUNSET
AUGUST 13 2014........SUNRISE   604 AM EDT   SUNSET   757 PM EDT
AUGUST 14 2014........SUNRISE   605 AM EDT   SUNSET   755 PM EDT


-  INDICATES NEGATIVE NUMBERS.
R  INDICATES RECORD WAS SET OR TIED.
MM INDICATES DATA IS MISSING.
T  INDICATES TRACE AMOUNT.




$$
