000
CDUS41 KOKX 110617
CLINYC


CLIMATE REPORT
NATIONAL WEATHER SERVICE NEW YORK NY
216 AM EDT SUN JUN 11 2017


...................................

...THE CENTRAL PARK NY CLIMATE SUMMARY FOR JUNE 10 2017...

CLIMATE NORMAL PERIOD 1981 TO 2010
CLIMATE RECORD PERIOD 1869 TO 2017


WEATHER ITEM   OBSERVED TIME   RECORD YEAR NORMAL DEPARTURE LAST
                VALUE   (LST)  VALUE       VALUE  FROM      YEAR
                                                  NORMAL
..................................................................
TEMPERATURE (F)
 YESTERDAY
  MAXIMUM         85    140 PM  96    2008  78      7       77
  MINIMUM         66    421 AM  49    1972  62      4       57
                                      1881
  AVERAGE         76                        70      6       67

PRECIPITATION (IN)
  YESTERDAY        0.00          2.07 1881   0.16  -0.16     0.00
  MONTH TO DATE    0.19                      1.60  -1.41     1.80
  SINCE JUN 1      0.19                      1.60  -1.41     1.80
  SINCE JAN 1     22.97                     21.39   1.58    17.14

SNOWFALL (IN)
  YESTERDAY        0.0           0.0  2002   0.0    0.0      0.0
                                      2001
  MONTH TO DATE    0.0                       0.0    0.0      0.0
  SINCE OCT 1     30.2                      25.8    4.4     32.8
  SINCE JUL 1     30.2                      25.8    4.4     32.8
  SNOW DEPTH       0

DEGREE DAYS
 HEATING
  YESTERDAY        0                         1     -1        0
  MONTH TO DATE   24                        13     11        7
  SINCE JUN 1     24                        13     11        7
  SINCE JUL 1   4226                      4744   -518     3768

 COOLING
  YESTERDAY       11                         6      5        2
  MONTH TO DATE   19                        49    -30       51
  SINCE JUN 1     19                        49    -30       51
  SINCE JAN 1    108                       118    -10      170
..................................................................


WIND (MPH)
  HIGHEST WIND SPEED    14   HIGHEST WIND DIRECTION     W (250)
  HIGHEST GUST SPEED    23   HIGHEST GUST DIRECTION     W (260)
  AVERAGE WIND SPEED     3.6


SKY COVER
  AVERAGE SKY COVER 0.2


WEATHER CONDITIONS
 THE FOLLOWING WEATHER WAS RECORDED YESTERDAY.
  NO SIGNIFICANT WEATHER WAS OBSERVED.


RELATIVE HUMIDITY (PERCENT)
 HIGHEST    58           400 AM
 LOWEST     37           400 PM
 AVERAGE    48

..........................................................


THE CENTRAL PARK NY CLIMATE NORMALS FOR TODAY
                         NORMAL    RECORD    YEAR
 MAXIMUM TEMPERATURE (F)   78        95      1973
 MINIMUM TEMPERATURE (F)   62        46      1972


SUNRISE AND SUNSET
JUNE 11 2017..........SUNRISE   524 AM EDT   SUNSET   827 PM EDT
JUNE 12 2017..........SUNRISE   524 AM EDT   SUNSET   828 PM EDT


-  INDICATES NEGATIVE NUMBERS.
R  INDICATES RECORD WAS SET OR TIED.
MM INDICATES DATA IS MISSING.
T  INDICATES TRACE AMOUNT.




$$
