000
CDUS41 KOKX 122033
CLINYC


CLIMATE REPORT
NATIONAL WEATHER SERVICE NEW YORK NY
433 PM EDT SUN OCT 12 2014


...................................

...THE CENTRAL PARK NY CLIMATE SUMMARY FOR OCTOBER 12 2014...
VALID TODAY AS OF 0400 PM LOCAL TIME.

CLIMATE NORMAL PERIOD 1981 TO 2010
CLIMATE RECORD PERIOD 1869 TO 2014


WEATHER ITEM   OBSERVED TIME   RECORD YEAR NORMAL DEPARTURE LAST
                VALUE   (LST)  VALUE       VALUE  FROM      YEAR
                                                  NORMAL
..................................................................
TEMPERATURE (F)
 TODAY
  MAXIMUM         63    132 PM  86    1954  65     -2       72
                                      1928
  MINIMUM         48    614 AM  35    1876  51     -3       60
  AVERAGE         56                        58     -2       66

PRECIPITATION (IN)
  TODAY            0.00          4.26 2005   0.14  -0.14     0.00
  MONTH TO DATE    1.63                      1.74  -0.11     0.27
  SINCE SEP 1      2.84                      6.02  -3.18     3.22
  SINCE JAN 1     39.10                     39.26  -0.16    38.23

SNOWFALL (IN)
  TODAY            0.0           0.0  2002   0.0    0.0      0.0
                                      2001
  MONTH TO DATE    0.0                       0.0    0.0      0.0
  SINCE OCT 1      0.0                       0.0    0.0      0.0
  SINCE JUL 1      0.0                       0.0    0.0      0.0
  SNOW DEPTH       0

DEGREE DAYS
 HEATING
  TODAY            9                         8      1        0
  MONTH TO DATE   52                        73    -21       17
  SINCE SEP 1     74                       116    -42       53
  SINCE JUL 1     74                       118    -44       53

 COOLING
  TODAY            0                         1     -1        1
  MONTH TO DATE    6                        12     -6       44
  SINCE SEP 1    176                       145     31      176
  SINCE JAN 1   1114                      1099     15     1269
..................................................................


WIND (MPH)
  HIGHEST WIND SPEED    13   HIGHEST WIND DIRECTION    NE (30)
  HIGHEST GUST SPEED    19   HIGHEST GUST DIRECTION    NE (30)
  AVERAGE WIND SPEED     2.9


SKY COVER
  AVERAGE SKY COVER 0.1


WEATHER CONDITIONS
 THE FOLLOWING WEATHER WAS RECORDED TODAY.
  NO SIGNIFICANT WEATHER WAS OBSERVED.


RELATIVE HUMIDITY (PERCENT)
 HIGHEST    86           400 AM
 LOWEST     34           300 PM
 AVERAGE    60

..........................................................


THE CENTRAL PARK NY CLIMATE NORMALS FOR TOMORROW
                         NORMAL    RECORD    YEAR
 MAXIMUM TEMPERATURE (F)   65        87      1954
 MINIMUM TEMPERATURE (F)   51        33      1875


SUNRISE AND SUNSET
OCTOBER 12 2014.......SUNRISE   704 AM EDT   SUNSET   620 PM EDT
OCTOBER 13 2014.......SUNRISE   705 AM EDT   SUNSET   619 PM EDT


-  INDICATES NEGATIVE NUMBERS.
R  INDICATES RECORD WAS SET OR TIED.
MM INDICATES DATA IS MISSING.
T  INDICATES TRACE AMOUNT.




$$
