000
CDUS41 KOKX 190917
CLINYC


CLIMATE REPORT
NATIONAL WEATHER SERVICE NEW YORK NY
407 AM EST MON JAN 19 2015


...................................

...THE CENTRAL PARK NY CLIMATE SUMMARY FOR JANUARY 18 2015...

CLIMATE NORMAL PERIOD 1981 TO 2010
CLIMATE RECORD PERIOD 1869 TO 2015


WEATHER ITEM   OBSERVED TIME   RECORD YEAR NORMAL DEPARTURE LAST
                VALUE   (LST)  VALUE       VALUE  FROM      YEAR
                                                  NORMAL
..................................................................
TEMPERATURE (F)
 YESTERDAY
  MAXIMUM         42    709 PM  66    1990  38      4       41
                                      1973
  MINIMUM         31   1209 AM   0    1982  27      4       29
  AVERAGE         37                        32      5       35

PRECIPITATION (IN)
  YESTERDAY        2.10R         2.10 2015   0.11   1.99     0.07
  MONTH TO DATE    3.59                      2.18   1.41     2.23
  SINCE DEC 1      9.63                      6.18   3.45     7.08
  SINCE JAN 1      3.59                      2.18   1.41     2.23

SNOWFALL (IN)
  YESTERDAY        0.0           5.0  1875   0.2   -0.2       T
  MONTH TO DATE    2.0                       3.9   -1.9      6.4
  SINCE OCT 1      3.2                       9.0   -5.8     15.0
  SINCE JUL 1      3.2                       9.0   -5.8     15.0
  SNOW DEPTH       0

DEGREE DAYS
 HEATING
  YESTERDAY       28                        33     -5       30
  MONTH TO DATE  638                       585     53      580
  SINCE DEC 1   1389                      1437    -48     1395
  SINCE JUL 1   2174                      2270    -96     2203

 COOLING
  YESTERDAY        0                         0      0        0
  MONTH TO DATE    0                         0      0        0
  SINCE DEC 1      0                         0      0        1
  SINCE JAN 1      0                         0      0        0
..................................................................


WIND (MPH)
  HIGHEST WIND SPEED    10   HIGHEST WIND DIRECTION     W (270)
  HIGHEST GUST SPEED    20   HIGHEST GUST DIRECTION    SW (210)
  AVERAGE WIND SPEED     3.9


SKY COVER
  AVERAGE SKY COVER 0.8


WEATHER CONDITIONS
 THE FOLLOWING WEATHER WAS RECORDED YESTERDAY.
  HEAVY RAIN
  RAIN
  LIGHT RAIN
  FOG
  FOG W/VISIBILITY <= 1/4 MILE


RELATIVE HUMIDITY (PERCENT)
 HIGHEST    92          1100 AM
 LOWEST     61           100 AM
 AVERAGE    77

..........................................................


THE CENTRAL PARK NY CLIMATE NORMALS FOR TODAY
                         NORMAL    RECORD    YEAR
 MAXIMUM TEMPERATURE (F)   38        64      1951
 MINIMUM TEMPERATURE (F)   27        -3      1875


SUNRISE AND SUNSET
JANUARY 19 2015.......SUNRISE   716 AM EST   SUNSET   457 PM EST
JANUARY 20 2015.......SUNRISE   716 AM EST   SUNSET   458 PM EST


-  INDICATES NEGATIVE NUMBERS.
R  INDICATES RECORD WAS SET OR TIED.
MM INDICATES DATA IS MISSING.
T  INDICATES TRACE AMOUNT.




$$
