924
CDUS41 KOKX 100618
CLINYC


CLIMATE REPORT
NATIONAL WEATHER SERVICE NEW YORK NY
218 AM EDT TUE OCT 10 2017


...................................

...THE CENTRAL PARK NY CLIMATE SUMMARY FOR OCTOBER 9 2017...

CLIMATE NORMAL PERIOD 1981 TO 2010
CLIMATE RECORD PERIOD 1869 TO 2017


WEATHER ITEM   OBSERVED TIME   RECORD YEAR NORMAL DEPARTURE LAST
                VALUE   (LST)  VALUE       VALUE  FROM      YEAR
                                                  NORMAL
..................................................................
TEMPERATURE (F)
 YESTERDAY
  MAXIMUM         77   1113 PM  86    1916  66     11       65
  MINIMUM         71    617 AM  37    1988  52     19       51
                                      1888
  AVERAGE         74                        59     15       58

PRECIPITATION (IN)
  YESTERDAY        0.26          7.33 1903   0.15   0.11     0.55
  MONTH TO DATE    0.48                      1.29  -0.81     0.78
  SINCE SEP 1      2.48                      5.57  -3.09     3.57
  SINCE JAN 1     37.55                     38.81  -1.26    30.50

SNOWFALL (IN)
  YESTERDAY        0.0           0.0  2002   0.0    0.0      0.0
                                      2001
  MONTH TO DATE    0.0                       0.0    0.0      0.0
  SINCE OCT 1      0.0                       0.0    0.0      0.0
  SINCE JUL 1      0.0                       0.0    0.0      0.0
  SNOW DEPTH       0

DEGREE DAYS
 HEATING
  YESTERDAY        0                         7     -7        7
  MONTH TO DATE    9                        51    -42       26
  SINCE SEP 1     26                        94    -68       43
  SINCE JUL 1     26                        96    -70       43

 COOLING
  YESTERDAY        9                         1      8        0
  MONTH TO DATE   48                         9     39        2
  SINCE SEP 1    238                       142     96      230
  SINCE JAN 1   1232                      1096    136     1462
..................................................................


WIND (MPH)
  HIGHEST WIND SPEED    12   HIGHEST WIND DIRECTION     S (170)
  HIGHEST GUST SPEED    25   HIGHEST GUST DIRECTION    SE (150)
  AVERAGE WIND SPEED     4.8


SKY COVER
  AVERAGE SKY COVER 0.9


WEATHER CONDITIONS
 THE FOLLOWING WEATHER WAS RECORDED YESTERDAY.
  LIGHT RAIN
  FOG


RELATIVE HUMIDITY (PERCENT)
 HIGHEST   100           600 AM
 LOWEST     87          1200 AM
 AVERAGE    94

..........................................................


THE CENTRAL PARK NY CLIMATE NORMALS FOR TODAY
                         NORMAL    RECORD    YEAR
 MAXIMUM TEMPERATURE (F)   66        91      1939
 MINIMUM TEMPERATURE (F)   52        35      1888


SUNRISE AND SUNSET
OCTOBER 10 2017.......SUNRISE   702 AM EDT   SUNSET   623 PM EDT
OCTOBER 11 2017.......SUNRISE   703 AM EDT   SUNSET   621 PM EDT


-  INDICATES NEGATIVE NUMBERS.
R  INDICATES RECORD WAS SET OR TIED.
MM INDICATES DATA IS MISSING.
T  INDICATES TRACE AMOUNT.




$$
