764
CDUS41 KALY 190623
CLIPSF


CLIMATE REPORT
NATIONAL WEATHER SERVICE ALBANY NY
223 AM EDT SUN MAR 19 2017


...................................

...THE PITTSFIELD MA CLIMATE SUMMARY FOR MARCH 18 2017...

CLIMATE NORMAL PERIOD 1981 TO 2010
CLIMATE RECORD PERIOD 9999 TO 9999


WEATHER ITEM   OBSERVED TIME   NORMAL DEPARTURE LAST
                VALUE   (LST)  VALUE  FROM      YEAR
                                      NORMAL
......................................................
TEMPERATURE (F)
 YESTERDAY
  MAXIMUM         38    233 PM  43     -5       45
  MINIMUM          9    554 AM  22    -13       29
  AVERAGE         24            32     -8       37

PRECIPITATION (IN)
  YESTERDAY        T             0.13  -0.13     0.05
  MONTH TO DATE    1.05          1.63  -0.58     1.58
  SINCE MAR 1      1.05          1.63  -0.58     1.58
  SINCE JAN 1      6.63          7.23  -0.60     6.95

DEGREE DAYS
 HEATING
  YESTERDAY       41            33      8       28
  MONTH TO DATE  717           637     80      468
  SINCE MAR 1    717           637     80      468
  SINCE JUL 1   5419          6017   -598     4835

 COOLING
  YESTERDAY        0             0      0        0
  MONTH TO DATE    0             0      0        0
  SINCE MAR 1      0             0      0        0
  SINCE JAN 1      0             0      0        0
......................................................


WIND (MPH)
  HIGHEST WIND SPEED    16   HIGHEST WIND DIRECTION    SE (140)
  HIGHEST GUST SPEED    19   HIGHEST GUST DIRECTION    SE (130)
  AVERAGE WIND SPEED     5.9


SKY COVER
  AVERAGE SKY COVER 0.4



RELATIVE HUMIDITY (PERCENT)
 HIGHEST    80
 LOWEST     29
 AVERAGE    55

..........................................................


THE PITTSFIELD MA CLIMATE NORMALS FOR TODAY
                         NORMAL
 MAXIMUM TEMPERATURE (F)   43
 MINIMUM TEMPERATURE (F)   22


SUNRISE AND SUNSET
MARCH 19 2017.........SUNRISE   658 AM EDT   SUNSET   705 PM EDT
MARCH 20 2017.........SUNRISE   656 AM EDT   SUNSET   706 PM EDT


-  INDICATES NEGATIVE NUMBERS.
R  INDICATES RECORD WAS SET OR TIED.
MM INDICATES DATA IS MISSING.
T  INDICATES TRACE AMOUNT.




$$
