000
CDUS41 KALY 100623
CLIPSF


CLIMATE REPORT
NATIONAL WEATHER SERVICE ALBANY NY
221 AM EDT TUE OCT 10 2017


...................................

...THE PITTSFIELD MA CLIMATE SUMMARY FOR OCTOBER 9 2017...

CLIMATE NORMAL PERIOD 1981 TO 2010
CLIMATE RECORD PERIOD 9999 TO 9999


WEATHER ITEM   OBSERVED TIME   NORMAL DEPARTURE LAST
                VALUE   (LST)  VALUE  FROM      YEAR
                                      NORMAL
......................................................
TEMPERATURE (F)
 YESTERDAY
  MAXIMUM         72    834 PM  60     12       55
  MINIMUM         62    538 AM  39     23       43
  AVERAGE         67            50     17       49

PRECIPITATION (IN)
  YESTERDAY        0.82          0.17   0.65     0.02
  MONTH TO DATE    1.05          1.54  -0.49     0.05
  SINCE SEP 1      3.83          5.50  -1.67     1.92
  SINCE JAN 1     34.62         35.28  -0.66    25.29

DEGREE DAYS
 HEATING
  YESTERDAY        0            15    -15       16
  MONTH TO DATE   67           126    -59       93
  SINCE SEP 1    203           340   -137      221
  SINCE JUL 1    289           418   -129      245

 COOLING
  YESTERDAY        2             0      2        0
  MONTH TO DATE    6             0      6        0
  SINCE SEP 1     79            19     60       50
  SINCE JAN 1    349           289     60      431
......................................................


WIND (MPH)
  HIGHEST WIND SPEED    23   HIGHEST WIND DIRECTION     S (180)
  HIGHEST GUST SPEED    36   HIGHEST GUST DIRECTION     S (190)
  AVERAGE WIND SPEED     8.4


SKY COVER
  AVERAGE SKY COVER 1.0



RELATIVE HUMIDITY (PERCENT)
 HIGHEST   100
 LOWEST     84
 AVERAGE    92

..........................................................


THE PITTSFIELD MA CLIMATE NORMALS FOR TODAY
                         NORMAL
 MAXIMUM TEMPERATURE (F)   60
 MINIMUM TEMPERATURE (F)   39


SUNRISE AND SUNSET
OCTOBER 10 2017.......SUNRISE   701 AM EDT   SUNSET   619 PM EDT
OCTOBER 11 2017.......SUNRISE   702 AM EDT   SUNSET   617 PM EDT


-  INDICATES NEGATIVE NUMBERS.
R  INDICATES RECORD WAS SET OR TIED.
MM INDICATES DATA IS MISSING.
T  INDICATES TRACE AMOUNT.




$$
