000
CDUS41 KALY 290622
CLIPSF


CLIMATE REPORT
NATIONAL WEATHER SERVICE ALBANY NY
221 AM EDT FRI APR 29 2016


...................................

...THE PITTSFIELD MA CLIMATE SUMMARY FOR APRIL 28 2016...

CLIMATE NORMAL PERIOD 1981 TO 2010
CLIMATE RECORD PERIOD 9999 TO 9999


WEATHER ITEM   OBSERVED TIME   NORMAL DEPARTURE LAST
                VALUE   (LST)  VALUE  FROM      YEAR
                                      NORMAL
......................................................
TEMPERATURE (F)
 YESTERDAY
  MAXIMUM         56    353 PM  60     -4       59
  MINIMUM         29    404 AM  38     -9       41
  AVERAGE         43            49     -6       50

PRECIPITATION (IN)
  YESTERDAY        0.00          0.09  -0.09     0.00
  MONTH TO DATE    2.49          3.65  -1.16     2.90
  SINCE MAR 1      4.75          7.02  -2.27     4.47
  SINCE JAN 1     10.12         12.62  -2.50     9.56

DEGREE DAYS
 HEATING
  YESTERDAY       22            16      6       15
  MONTH TO DATE  622           597     25      604
  SINCE MAR 1   1419          1624   -205     1805
  SINCE JUL 1   5786          7004  -1218     7468

 COOLING
  YESTERDAY        0             0      0        0
  MONTH TO DATE    0             0      0        0
  SINCE MAR 1      0             0      0        0
  SINCE JAN 1      0             0      0        0
......................................................


WIND (MPH)
  HIGHEST WIND SPEED    15   HIGHEST WIND DIRECTION    NW (300)
  HIGHEST GUST SPEED    20   HIGHEST GUST DIRECTION    NW (310)
  AVERAGE WIND SPEED     5.2


SKY COVER
  AVERAGE SKY COVER 0.0



RELATIVE HUMIDITY (PERCENT)
 HIGHEST    69
 LOWEST     22
 AVERAGE    46

..........................................................


THE PITTSFIELD MA CLIMATE NORMALS FOR TODAY
                         NORMAL
 MAXIMUM TEMPERATURE (F)   61
 MINIMUM TEMPERATURE (F)   39


SUNRISE AND SUNSET
APRIL 29 2016.........SUNRISE   550 AM EDT   SUNSET   751 PM EDT
APRIL 30 2016.........SUNRISE   549 AM EDT   SUNSET   752 PM EDT


-  INDICATES NEGATIVE NUMBERS.
R  INDICATES RECORD WAS SET OR TIED.
MM INDICATES DATA IS MISSING.
T  INDICATES TRACE AMOUNT.




$$
