000
CDUS41 KALY 160625
CLIPSF


CLIMATE REPORT
NATIONAL WEATHER SERVICE ALBANY NY
223 AM EDT SAT AUG 16 2014


...................................

...THE PITTSFIELD MA CLIMATE SUMMARY FOR AUGUST 15 2014...

CLIMATE NORMAL PERIOD 1981 TO 2010
CLIMATE RECORD PERIOD 9999 TO 9999


WEATHER ITEM   OBSERVED TIME   NORMAL DEPARTURE LAST
                VALUE   (LST)  VALUE  FROM      YEAR
                                      NORMAL
......................................................
TEMPERATURE (F)
 YESTERDAY
  MAXIMUM         62    249 PM  78    -16       71
  MINIMUM         47    509 AM  56     -9       47
  AVERAGE         55            67    -12       59

PRECIPITATION (IN)
  YESTERDAY        T             0.13  -0.13     0.00
  MONTH TO DATE    1.27          2.05  -0.78     3.03
  SINCE JUN 1     15.85         10.70   5.15    11.71
  SINCE JAN 1     29.85         27.74   2.11    26.30

DEGREE DAYS
 HEATING
  YESTERDAY       10             1      9        6
  MONTH TO DATE   20            15      5       28
  SINCE JUN 1     96           147    -51      144
  SINCE JUL 1     38            46     -8       36

 COOLING
  YESTERDAY        0             3     -3        0
  MONTH TO DATE   18            57    -39       20
  SINCE JUN 1    175           221    -46      331
  SINCE JAN 1    181           234    -53      356
......................................................


WIND (MPH)
  HIGHEST WIND SPEED    16   HIGHEST WIND DIRECTION     W (270)
  HIGHEST GUST SPEED    23   HIGHEST GUST DIRECTION     W (280)
  AVERAGE WIND SPEED     5.4


SKY COVER
  AVERAGE SKY COVER 0.8



RELATIVE HUMIDITY (PERCENT)
 HIGHEST   100
 LOWEST     64
 AVERAGE    82

..........................................................


THE PITTSFIELD MA CLIMATE NORMALS FOR TODAY
                         NORMAL
 MAXIMUM TEMPERATURE (F)   78
 MINIMUM TEMPERATURE (F)   56


SUNRISE AND SUNSET
AUGUST 16 2014........SUNRISE   601 AM EDT   SUNSET   753 PM EDT
AUGUST 17 2014........SUNRISE   602 AM EDT   SUNSET   751 PM EDT


-  INDICATES NEGATIVE NUMBERS.
R  INDICATES RECORD WAS SET OR TIED.
MM INDICATES DATA IS MISSING.
T  INDICATES TRACE AMOUNT.




$$
