000
CDUS41 KALY 230624
CLIPSF


CLIMATE REPORT
NATIONAL WEATHER SERVICE ALBANY NY
222 AM EDT SUN APR 23 2017


...................................

...THE PITTSFIELD MA CLIMATE SUMMARY FOR APRIL 22 2017...

CLIMATE NORMAL PERIOD 1981 TO 2010
CLIMATE RECORD PERIOD 9999 TO 9999


WEATHER ITEM   OBSERVED TIME   NORMAL DEPARTURE LAST
                VALUE   (LST)  VALUE  FROM      YEAR
                                      NORMAL
......................................................
TEMPERATURE (F)
 YESTERDAY
  MAXIMUM         53    132 PM  58     -5       74
  MINIMUM         41   1159 PM  36      5       53
  AVERAGE         47            47      0       64

PRECIPITATION (IN)
  YESTERDAY        T             0.11  -0.11      T
  MONTH TO DATE    2.90          3.06  -0.16     2.14
  SINCE MAR 1      6.01          6.43  -0.42     4.40
  SINCE JAN 1     11.59         12.03  -0.44     9.77

DEGREE DAYS
 HEATING
  YESTERDAY       18            18      0        1
  MONTH TO DATE  399           496    -97      504
  SINCE MAR 1   1530          1523      7     1301
  SINCE JUL 1   6232          6903   -671     5668

 COOLING
  YESTERDAY        0             0      0        0
  MONTH TO DATE    1             0      1        0
  SINCE MAR 1      1             0      1        0
  SINCE JAN 1      1             0      1        0
......................................................


WIND (MPH)
  HIGHEST WIND SPEED    17   HIGHEST WIND DIRECTION    NW (320)
  HIGHEST GUST SPEED    22   HIGHEST GUST DIRECTION    NW (300)
  AVERAGE WIND SPEED     6.6


SKY COVER
  AVERAGE SKY COVER 1.0



RELATIVE HUMIDITY (PERCENT)
 HIGHEST   100
 LOWEST     56
 AVERAGE    78

..........................................................


THE PITTSFIELD MA CLIMATE NORMALS FOR TODAY
                         NORMAL
 MAXIMUM TEMPERATURE (F)   58
 MINIMUM TEMPERATURE (F)   37


SUNRISE AND SUNSET
APRIL 23 2017.........SUNRISE   559 AM EDT   SUNSET   744 PM EDT
APRIL 24 2017.........SUNRISE   558 AM EDT   SUNSET   745 PM EDT


-  INDICATES NEGATIVE NUMBERS.
R  INDICATES RECORD WAS SET OR TIED.
MM INDICATES DATA IS MISSING.
T  INDICATES TRACE AMOUNT.




$$
