000
CDUS41 KALY 200622
CLIPSF


CLIMATE REPORT
NATIONAL WEATHER SERVICE ALBANY NY
222 AM EDT SUN JUL 20 2014


...................................

...THE PITTSFIELD MA CLIMATE SUMMARY FOR JULY 19 2014...

CLIMATE NORMAL PERIOD 1981 TO 2010
CLIMATE RECORD PERIOD 9999 TO 9999


WEATHER ITEM   OBSERVED TIME   NORMAL DEPARTURE LAST
                VALUE   (LST)  VALUE  FROM      YEAR
                                      NORMAL
......................................................
TEMPERATURE (F)
 YESTERDAY
  MAXIMUM         73    333 PM  79     -6       91
  MINIMUM         53    500 AM  57     -4       66
  AVERAGE         63            68     -5       79

PRECIPITATION (IN)
  YESTERDAY        0.00          0.14  -0.14     0.00
  MONTH TO DATE    5.04          2.37   2.67     0.50
  SINCE JUN 1     10.39          6.77   3.62     7.87
  SINCE JAN 1     24.39         23.81   0.58    22.46

DEGREE DAYS
 HEATING
  YESTERDAY        2             1      1        0
  MONTH TO DATE    9            19    -10        0
  SINCE JUN 1     67           120    -53      108
  SINCE JUL 1      9            19    -10        0

 COOLING
  YESTERDAY        0             3     -3       14
  MONTH TO DATE   84            65     19      191
  SINCE JUN 1    127           121      6      277
  SINCE JAN 1    133           134     -1      302
......................................................


WIND (MPH)
  HIGHEST WIND SPEED    10   HIGHEST WIND DIRECTION    SE (150)
  HIGHEST GUST SPEED    14   HIGHEST GUST DIRECTION     S (190)
  AVERAGE WIND SPEED     2.5


SKY COVER
  AVERAGE SKY COVER 0.1



RELATIVE HUMIDITY (PERCENT)
 HIGHEST   100
 LOWEST     53
 AVERAGE    77

..........................................................


THE PITTSFIELD MA CLIMATE NORMALS FOR TODAY
                         NORMAL
 MAXIMUM TEMPERATURE (F)   79
 MINIMUM TEMPERATURE (F)   57


SUNRISE AND SUNSET
JULY 20 2014..........SUNRISE   534 AM EDT   SUNSET   825 PM EDT
JULY 21 2014..........SUNRISE   535 AM EDT   SUNSET   824 PM EDT


-  INDICATES NEGATIVE NUMBERS.
R  INDICATES RECORD WAS SET OR TIED.
MM INDICATES DATA IS MISSING.
T  INDICATES TRACE AMOUNT.




$$
