000
CDUS41 KALY 050624
CLIPSF


CLIMATE REPORT
NATIONAL WEATHER SERVICE ALBANY NY
224 AM EDT SAT AUG 5 2017


...................................

...THE PITTSFIELD MA CLIMATE SUMMARY FOR AUGUST 4 2017...

CLIMATE NORMAL PERIOD 1981 TO 2010
CLIMATE RECORD PERIOD 9999 TO 9999


WEATHER ITEM   OBSERVED TIME   NORMAL DEPARTURE LAST
                VALUE   (LST)  VALUE  FROM      YEAR
                                      NORMAL
......................................................
TEMPERATURE (F)
 YESTERDAY
  MAXIMUM         79   1112 AM  79      0       81
  MINIMUM         63    301 AM  57      6       52
  AVERAGE         71            68      3       67

PRECIPITATION (IN)
  YESTERDAY        0.04          0.15  -0.11     0.00
  MONTH TO DATE    0.82          0.60   0.22     0.67
  SINCE JUN 1      8.24          9.25  -1.01     7.32
  SINCE JAN 1     27.02         26.29   0.73    21.42

DEGREE DAYS
 HEATING
  YESTERDAY        0             1     -1        0
  MONTH TO DATE    0             4     -4        0
  SINCE JUN 1    129           136     -7       87
  SINCE JUL 1     23            35    -12       11

 COOLING
  YESTERDAY        6             4      2        2
  MONTH TO DATE   22            16      6        5
  SINCE JUN 1    210           180     30      199
  SINCE JAN 1    224           193     31      240
......................................................


WIND (MPH)
  HIGHEST WIND SPEED    20   HIGHEST WIND DIRECTION     S (170)
  HIGHEST GUST SPEED    28   HIGHEST GUST DIRECTION    SE (140)
  AVERAGE WIND SPEED     8.4


SKY COVER
  AVERAGE SKY COVER 0.4



RELATIVE HUMIDITY (PERCENT)
 HIGHEST    93
 LOWEST     62
 AVERAGE    78

..........................................................


THE PITTSFIELD MA CLIMATE NORMALS FOR TODAY
                         NORMAL
 MAXIMUM TEMPERATURE (F)   79
 MINIMUM TEMPERATURE (F)   57


SUNRISE AND SUNSET
AUGUST  5 2017........SUNRISE   550 AM EDT   SUNSET   808 PM EDT
AUGUST  6 2017........SUNRISE   551 AM EDT   SUNSET   806 PM EDT


-  INDICATES NEGATIVE NUMBERS.
R  INDICATES RECORD WAS SET OR TIED.
MM INDICATES DATA IS MISSING.
T  INDICATES TRACE AMOUNT.




$$
