000
CDUS41 KALY 130622
CLIPSF


CLIMATE REPORT
NATIONAL WEATHER SERVICE ALBANY NY
221 AM EDT MON MAR 13 2017


...................................

...THE PITTSFIELD MA CLIMATE SUMMARY FOR MARCH 12 2017...

CLIMATE NORMAL PERIOD 1981 TO 2010
CLIMATE RECORD PERIOD 9999 TO 9999


WEATHER ITEM   OBSERVED TIME   NORMAL DEPARTURE LAST
                VALUE   (LST)  VALUE  FROM      YEAR
                                      NORMAL
......................................................
TEMPERATURE (F)
 YESTERDAY
  MAXIMUM         19    355 PM  40    -21       57
  MINIMUM          2    654 AM  20    -18       25
  AVERAGE         11            30    -19       41

PRECIPITATION (IN)
  YESTERDAY        0.00          0.08  -0.08     0.00
  MONTH TO DATE    0.27          1.00  -0.73     0.93
  SINCE MAR 1      0.27          1.00  -0.73     0.93
  SINCE JAN 1      5.85          6.60  -0.75     6.30

DEGREE DAYS
 HEATING
  YESTERDAY       54            35     19       24
  MONTH TO DATE  449           436     13      343
  SINCE MAR 1    449           436     13      343
  SINCE JUL 1   5151          5816   -665     4710

 COOLING
  YESTERDAY        0             0      0        0
  MONTH TO DATE    0             0      0        0
  SINCE MAR 1      0             0      0        0
  SINCE JAN 1      0             0      0        0
......................................................


WIND (MPH)
  HIGHEST WIND SPEED    31   HIGHEST WIND DIRECTION     W (280)
  HIGHEST GUST SPEED    42   HIGHEST GUST DIRECTION     W (280)
  AVERAGE WIND SPEED    12.3


SKY COVER
  AVERAGE SKY COVER 0.4



RELATIVE HUMIDITY (PERCENT)
 HIGHEST    62
 LOWEST     36
 AVERAGE    49

..........................................................


THE PITTSFIELD MA CLIMATE NORMALS FOR TODAY
                         NORMAL
 MAXIMUM TEMPERATURE (F)   41
 MINIMUM TEMPERATURE (F)   21


SUNRISE AND SUNSET
MARCH 13 2017.........SUNRISE   708 AM EDT   SUNSET   658 PM EDT
MARCH 14 2017.........SUNRISE   706 AM EDT   SUNSET   659 PM EDT


-  INDICATES NEGATIVE NUMBERS.
R  INDICATES RECORD WAS SET OR TIED.
MM INDICATES DATA IS MISSING.
T  INDICATES TRACE AMOUNT.




$$
