000
CDUS41 KALY 160621
CLIPSF


CLIMATE REPORT
NATIONAL WEATHER SERVICE ALBANY NY
221 AM EDT WED JUL 16 2014


...................................

...THE PITTSFIELD MA CLIMATE SUMMARY FOR JULY 15 2014...

CLIMATE NORMAL PERIOD 1981 TO 2010
CLIMATE RECORD PERIOD 9999 TO 9999


WEATHER ITEM   OBSERVED TIME   NORMAL DEPARTURE LAST
                VALUE   (LST)  VALUE  FROM      YEAR
                                      NORMAL
......................................................
TEMPERATURE (F)
 YESTERDAY
  MAXIMUM         78    454 PM  79     -1       87
  MINIMUM         67   1159 PM  56     11       66
  AVERAGE         73            68      5       77

PRECIPITATION (IN)
  YESTERDAY        0.68          0.13   0.55     0.00
  MONTH TO DATE    3.59          1.83   1.76     0.50
  SINCE JUN 1      8.94          6.23   2.71     7.87
  SINCE JAN 1     22.94         23.27  -0.33    22.46

DEGREE DAYS
 HEATING
  YESTERDAY        0             1     -1        0
  MONTH TO DATE    3            15    -12        0
  SINCE JUN 1     61           116    -55      108
  SINCE JUL 1      3            15    -12        0

 COOLING
  YESTERDAY        8             4      4       12
  MONTH TO DATE   81            53     28      141
  SINCE JUN 1    124           109     15      227
  SINCE JAN 1    130           122      8      252
......................................................


WIND (MPH)
  HIGHEST WIND SPEED    16   HIGHEST WIND DIRECTION     W (250)
  HIGHEST GUST SPEED    22   HIGHEST GUST DIRECTION    SW (240)
  AVERAGE WIND SPEED     4.3


SKY COVER
  AVERAGE SKY COVER 0.8



RELATIVE HUMIDITY (PERCENT)
 HIGHEST    93
 LOWEST     71
 AVERAGE    82

..........................................................


THE PITTSFIELD MA CLIMATE NORMALS FOR TODAY
                         NORMAL
 MAXIMUM TEMPERATURE (F)   79
 MINIMUM TEMPERATURE (F)   56


SUNRISE AND SUNSET
JULY 16 2014..........SUNRISE   530 AM EDT   SUNSET   828 PM EDT
JULY 17 2014..........SUNRISE   531 AM EDT   SUNSET   827 PM EDT


-  INDICATES NEGATIVE NUMBERS.
R  INDICATES RECORD WAS SET OR TIED.
MM INDICATES DATA IS MISSING.
T  INDICATES TRACE AMOUNT.




$$
