000
CDUS41 KALY 252148
CLIPSF


CLIMATE REPORT
NATIONAL WEATHER SERVICE ALBANY NY
448 PM EST WED FEB 25 2015


...................................

...THE PITTSFIELD MA CLIMATE SUMMARY FOR FEBRUARY 25 2015...
VALID TODAY AS OF 0400 PM LOCAL TIME.

CLIMATE NORMAL PERIOD 1981 TO 2010
CLIMATE RECORD PERIOD 9999 TO 9999


WEATHER ITEM   OBSERVED TIME   NORMAL DEPARTURE LAST
                VALUE   (LST)  VALUE  FROM      YEAR
                                      NORMAL
......................................................
TEMPERATURE (F)
 TODAY
  MAXIMUM         28    229 PM  35     -7       21
  MINIMUM          3    707 AM  17    -14       11
  AVERAGE         16            26    -10       16

PRECIPITATION (IN)
  TODAY            0.00          0.09  -0.09      T
  MONTH TO DATE    1.73          2.39  -0.66     2.97
  SINCE DEC 1      8.84          8.31   0.53     9.11
  SINCE JAN 1      5.09          5.31  -0.22     6.32

DEGREE DAYS
 HEATING
  TODAY           49            39     10       49
  MONTH TO DATE 1341          1041    300     1104
  SINCE DEC 1   3883          3615    268     3703
  SINCE JUL 1   5505          5266    239     5383

 COOLING
  TODAY            0             0      0        0
  MONTH TO DATE    0             0      0        0
  SINCE DEC 1      0             0      0        0
  SINCE JAN 1      0             0      0        0
......................................................


WIND (MPH)
  HIGHEST WIND SPEED    24   HIGHEST WIND DIRECTION     W (260)
  HIGHEST GUST SPEED    31   HIGHEST GUST DIRECTION     W (260)
  AVERAGE WIND SPEED     8.7


SKY COVER
  AVERAGE SKY COVER 0.5



RELATIVE HUMIDITY (PERCENT)
 HIGHEST    86
 LOWEST     42
 AVERAGE    64

..........................................................


THE PITTSFIELD MA CLIMATE NORMALS FOR TOMORROW
                         NORMAL
 MAXIMUM TEMPERATURE (F)   36
 MINIMUM TEMPERATURE (F)   17


SUNRISE AND SUNSET
FEBRUARY 25 2015......SUNRISE   635 AM EST   SUNSET   538 PM EST
FEBRUARY 26 2015......SUNRISE   634 AM EST   SUNSET   539 PM EST


-  INDICATES NEGATIVE NUMBERS.
R  INDICATES RECORD WAS SET OR TIED.
MM INDICATES DATA IS MISSING.
T  INDICATES TRACE AMOUNT.




$$
