000
CDUS41 KALY 270624
CLIPSF


CLIMATE REPORT
NATIONAL WEATHER SERVICE ALBANY NY
223 AM EDT MON JUL 27 2015


...................................

...THE PITTSFIELD MA CLIMATE SUMMARY FOR JULY 26 2015...

CLIMATE NORMAL PERIOD 1981 TO 2010
CLIMATE RECORD PERIOD 9999 TO 9999


WEATHER ITEM   OBSERVED TIME   NORMAL DEPARTURE LAST
                VALUE   (LST)  VALUE  FROM      YEAR
                                      NORMAL
......................................................
TEMPERATURE (F)
 YESTERDAY
  MAXIMUM         79    348 PM  79      0       77
  MINIMUM         61   1046 PM  57      4       56
  AVERAGE         70            68      2       67

PRECIPITATION (IN)
  YESTERDAY        0.13          0.14  -0.01     0.00
  MONTH TO DATE    4.99          3.40   1.59     6.10
  SINCE JUN 1     13.12          7.80   5.32    11.45
  SINCE JAN 1     24.26         24.84  -0.58    25.45

DEGREE DAYS
 HEATING
  YESTERDAY        0             1     -1        0
  MONTH TO DATE   19            26     -7       11
  SINCE JUN 1    130           127      3       69
  SINCE JUL 1     19            26     -7       11

 COOLING
  YESTERDAY        5             4      1        2
  MONTH TO DATE   84            93     -9      107
  SINCE JUN 1    117           149    -32      150
  SINCE JAN 1    161           162     -1      156
......................................................


WIND (MPH)
  HIGHEST WIND SPEED    20   HIGHEST WIND DIRECTION     S (190)
  HIGHEST GUST SPEED    27   HIGHEST GUST DIRECTION     S (200)
  AVERAGE WIND SPEED     3.8


SKY COVER
  AVERAGE SKY COVER 0.7



RELATIVE HUMIDITY (PERCENT)
 HIGHEST   100
 LOWEST     64
 AVERAGE    82

..........................................................


THE PITTSFIELD MA CLIMATE NORMALS FOR TODAY
                         NORMAL
 MAXIMUM TEMPERATURE (F)   79
 MINIMUM TEMPERATURE (F)   57


SUNRISE AND SUNSET
JULY 27 2015..........SUNRISE   540 AM EDT   SUNSET   819 PM EDT
JULY 28 2015..........SUNRISE   541 AM EDT   SUNSET   818 PM EDT


-  INDICATES NEGATIVE NUMBERS.
R  INDICATES RECORD WAS SET OR TIED.
MM INDICATES DATA IS MISSING.
T  INDICATES TRACE AMOUNT.




$$
