000
CDUS41 KALY 140622
CLIPSF


CLIMATE REPORT
NATIONAL WEATHER SERVICE ALBANY NY
221 AM EDT SAT OCT 14 2017


...................................

...THE PITTSFIELD MA CLIMATE SUMMARY FOR OCTOBER 13 2017...

CLIMATE NORMAL PERIOD 1981 TO 2010
CLIMATE RECORD PERIOD 9999 TO 9999


WEATHER ITEM   OBSERVED TIME   NORMAL DEPARTURE LAST
                VALUE   (LST)  VALUE  FROM      YEAR
                                      NORMAL
......................................................
TEMPERATURE (F)
 YESTERDAY
  MAXIMUM         62    328 PM  59      3       65
  MINIMUM         34    446 AM  38     -4       43
  AVERAGE         48            48      0       54

PRECIPITATION (IN)
  YESTERDAY        0.00          0.16  -0.16     0.15
  MONTH TO DATE    1.14          2.22  -1.08     0.20
  SINCE SEP 1      3.92          6.18  -2.26     2.07
  SINCE JAN 1     34.71         35.96  -1.25    25.44

DEGREE DAYS
 HEATING
  YESTERDAY       17            17      0       11
  MONTH TO DATE  109           191    -82      157
  SINCE SEP 1    245           405   -160      285
  SINCE JUL 1    331           483   -152      309

 COOLING
  YESTERDAY        0             0      0        0
  MONTH TO DATE    6             0      6        0
  SINCE SEP 1     79            19     60       50
  SINCE JAN 1    349           289     60      431
......................................................


WIND (MPH)
  HIGHEST WIND SPEED    17   HIGHEST WIND DIRECTION     E (110)
  HIGHEST GUST SPEED    21   HIGHEST GUST DIRECTION    SE (130)
  AVERAGE WIND SPEED     4.9


SKY COVER
  AVERAGE SKY COVER 0.4



RELATIVE HUMIDITY (PERCENT)
 HIGHEST    92
 LOWEST     46
 AVERAGE    69

..........................................................


THE PITTSFIELD MA CLIMATE NORMALS FOR TODAY
                         NORMAL
 MAXIMUM TEMPERATURE (F)   58
 MINIMUM TEMPERATURE (F)   38


SUNRISE AND SUNSET
OCTOBER 14 2017.......SUNRISE   705 AM EDT   SUNSET   612 PM EDT
OCTOBER 15 2017.......SUNRISE   706 AM EDT   SUNSET   611 PM EDT


-  INDICATES NEGATIVE NUMBERS.
R  INDICATES RECORD WAS SET OR TIED.
MM INDICATES DATA IS MISSING.
T  INDICATES TRACE AMOUNT.




$$
