616
CDUS41 KALY 090626
CLIPSF


CLIMATE REPORT
NATIONAL WEATHER SERVICE ALBANY NY
124 AM EST TUE FEB 9 2016


...................................

...THE PITTSFIELD MA CLIMATE SUMMARY FOR FEBRUARY 8 2016...

CLIMATE NORMAL PERIOD 1981 TO 2010
CLIMATE RECORD PERIOD 9999 TO 9999


WEATHER ITEM   OBSERVED TIME   NORMAL DEPARTURE LAST
                VALUE   (LST)  VALUE  FROM      YEAR
                                      NORMAL
......................................................
TEMPERATURE (F)
 YESTERDAY
  MAXIMUM         31    357 AM  31      0       26
  MINIMUM         20   1159 PM  14      6       15
  AVERAGE         26            22      4       21

PRECIPITATION (IN)
  YESTERDAY        0.22          0.09   0.13     0.23
  MONTH TO DATE    0.88          0.67   0.21     0.83
  SINCE DEC 1      5.65          6.59  -0.94     7.94
  SINCE JAN 1      1.97          3.59  -1.62     4.19

DEGREE DAYS
 HEATING
  YESTERDAY       39            43     -4       44
  MONTH TO DATE  247           348   -101      414
  SINCE DEC 1   2221          2922   -701     2956
  SINCE JUL 1   3594          4573   -979     4578

 COOLING
  YESTERDAY        0             0      0        0
  MONTH TO DATE    0             0      0        0
  SINCE DEC 1      0             0      0        0
  SINCE JAN 1      0             0      0        0
......................................................


WIND (MPH)
  HIGHEST WIND SPEED    21   HIGHEST WIND DIRECTION    NE (60)
  HIGHEST GUST SPEED    31   HIGHEST GUST DIRECTION    NE (50)
  AVERAGE WIND SPEED     7.5


SKY COVER
  AVERAGE SKY COVER 0.8



RELATIVE HUMIDITY (PERCENT)
 HIGHEST    92
 LOWEST     22
 AVERAGE    57

..........................................................


THE PITTSFIELD MA CLIMATE NORMALS FOR TODAY
                         NORMAL
 MAXIMUM TEMPERATURE (F)   31
 MINIMUM TEMPERATURE (F)   14


SUNRISE AND SUNSET
FEBRUARY  9 2016......SUNRISE   658 AM EST   SUNSET   517 PM EST
FEBRUARY 10 2016......SUNRISE   657 AM EST   SUNSET   518 PM EST


-  INDICATES NEGATIVE NUMBERS.
R  INDICATES RECORD WAS SET OR TIED.
MM INDICATES DATA IS MISSING.
T  INDICATES TRACE AMOUNT.




$$
