000
CDUS41 KALY 040622
CLIPSF


CLIMATE REPORT
NATIONAL WEATHER SERVICE ALBANY NY
222 AM EDT SAT JUL 4 2015


...................................

...THE PITTSFIELD MA CLIMATE SUMMARY FOR JULY 3 2015...

CLIMATE NORMAL PERIOD 1981 TO 2010
CLIMATE RECORD PERIOD 9999 TO 9999


WEATHER ITEM   OBSERVED TIME   NORMAL DEPARTURE LAST
                VALUE   (LST)  VALUE  FROM      YEAR
                                      NORMAL
......................................................
TEMPERATURE (F)
 YESTERDAY
  MAXIMUM         73    454 PM  78     -5       85
  MINIMUM         47    401 AM  56     -9       65
  AVERAGE         60            67     -7       75

PRECIPITATION (IN)
  YESTERDAY        0.00          0.11  -0.11     0.35
  MONTH TO DATE    2.03          0.33   1.70     0.98
  SINCE JUN 1     10.16          4.73   5.43     6.33
  SINCE JAN 1     21.30         21.77  -0.47    20.33

DEGREE DAYS
 HEATING
  YESTERDAY        5             1      4        0
  MONTH TO DATE    5             3      2        0
  SINCE JUN 1    116           104     12       58
  SINCE JUL 1      5             3      2        0

 COOLING
  YESTERDAY        0             3     -3       10
  MONTH TO DATE    2             9     -7       31
  SINCE JUN 1     35            65    -30       74
  SINCE JAN 1     79            78      1       80
......................................................


WIND (MPH)
  HIGHEST WIND SPEED    10   HIGHEST WIND DIRECTION     W (260)
  HIGHEST GUST SPEED    14   HIGHEST GUST DIRECTION     W (260)
  AVERAGE WIND SPEED     2.9


SKY COVER
  AVERAGE SKY COVER 0.0



RELATIVE HUMIDITY (PERCENT)
 HIGHEST    96
 LOWEST     27
 AVERAGE    62

..........................................................


THE PITTSFIELD MA CLIMATE NORMALS FOR TODAY
                         NORMAL
 MAXIMUM TEMPERATURE (F)   78
 MINIMUM TEMPERATURE (F)   56


SUNRISE AND SUNSET
JULY  4 2015..........SUNRISE   521 AM EDT   SUNSET   833 PM EDT
JULY  5 2015..........SUNRISE   522 AM EDT   SUNSET   833 PM EDT


-  INDICATES NEGATIVE NUMBERS.
R  INDICATES RECORD WAS SET OR TIED.
MM INDICATES DATA IS MISSING.
T  INDICATES TRACE AMOUNT.




$$
