000
CDUS41 KALY 172155
CLIPSF


CLIMATE REPORT
NATIONAL WEATHER SERVICE ALBANY NY
454 PM EST TUE JAN 17 2017


...................................

...THE PITTSFIELD MA CLIMATE SUMMARY FOR JANUARY 17 2017...
VALID TODAY AS OF 0400 PM LOCAL TIME.

CLIMATE NORMAL PERIOD 1981 TO 2010
CLIMATE RECORD PERIOD 9999 TO 9999


WEATHER ITEM   OBSERVED TIME   NORMAL DEPARTURE LAST
                VALUE   (LST)  VALUE  FROM      YEAR
                                      NORMAL
......................................................
TEMPERATURE (F)
 TODAY
  MAXIMUM         37    227 PM  29      8       30
  MINIMUM         21    523 AM  11     10       23
  AVERAGE         29            20      9       27

PRECIPITATION (IN)
  TODAY            0.08          0.09  -0.01      T
  MONTH TO DATE    1.53          1.77  -0.24     1.07
  SINCE DEC 1      4.55          4.77  -0.22     4.75
  SINCE JAN 1      1.53          1.77  -0.24     1.07

DEGREE DAYS
 HEATING
  TODAY           36            45     -9       38
  MONTH TO DATE  681           758    -77      620
  SINCE DEC 1   1859          1945    -86     1397
  SINCE JUL 1   3266          3596   -330     2770

 COOLING
  TODAY            0             0      0        0
  MONTH TO DATE    0             0      0        0
  SINCE DEC 1      0             0      0        0
  SINCE JAN 1      0             0      0        0
......................................................


WIND (MPH)
  HIGHEST WIND SPEED     6   HIGHEST WIND DIRECTION     E (90)
  HIGHEST GUST SPEED     8   HIGHEST GUST DIRECTION     E (80)
  AVERAGE WIND SPEED     1.2


SKY COVER
  AVERAGE SKY COVER 0.7



RELATIVE HUMIDITY (PERCENT)
 HIGHEST    92
 LOWEST     40
 AVERAGE    66

..........................................................


THE PITTSFIELD MA CLIMATE NORMALS FOR TOMORROW
                         NORMAL
 MAXIMUM TEMPERATURE (F)   29
 MINIMUM TEMPERATURE (F)   11


SUNRISE AND SUNSET
JANUARY 17 2017.......SUNRISE   719 AM EST   SUNSET   448 PM EST
JANUARY 18 2017.......SUNRISE   718 AM EST   SUNSET   450 PM EST


-  INDICATES NEGATIVE NUMBERS.
R  INDICATES RECORD WAS SET OR TIED.
MM INDICATES DATA IS MISSING.
T  INDICATES TRACE AMOUNT.




$$
