000
CDUS43 KSGF 270645
CLIVIH


CLIMATE REPORT
NATIONAL WEATHER SERVICE SPRINGFIELD MO
145 AM CDT SAT MAY 27 2017


...................................

...THE VICHY-ROLLA MO CLIMATE SUMMARY FOR MAY 26 2017...

CLIMATE NORMAL PERIOD 1981 TO 2010
CLIMATE RECORD PERIOD 1888 TO 2017


WEATHER ITEM   OBSERVED TIME   RECORD YEAR NORMAL DEPARTURE LAST
                VALUE   (LST)  VALUE       VALUE  FROM      YEAR
                                                  NORMAL
..................................................................
TEMPERATURE (F)
 YESTERDAY
  MAXIMUM         79   1239 PM  98    2012  77      2       83
  MINIMUM         59    203 AM  37    1901  56      3       63
  AVERAGE         69                        66      3       73

PRECIPITATION (IN)
  YESTERDAY        0.07          2.23 1950   0.16  -0.09     1.06
  MONTH TO DATE    5.02                      4.21   0.81     4.04
  SINCE MAR 1     19.25                     11.88   7.37    10.98
  SINCE JAN 1     21.31                     15.98   5.33    13.10

DEGREE DAYS
 HEATING
  YESTERDAY        0                         2     -2        0
  MONTH TO DATE  114                       107      7      161
  SINCE MAR 1    817                      1035   -218      849
  SINCE JUL 1   3803                      4825  -1022     4052

 COOLING
  YESTERDAY        4                         4      0        8
  MONTH TO DATE   57                        59     -2       28
  SINCE MAR 1     92                        85      7       42
  SINCE JAN 1     93                        85      8       42
..................................................................


WIND (MPH)
  HIGHEST WIND SPEED    29   HIGHEST WIND DIRECTION    SE (120)
  HIGHEST GUST SPEED    37   HIGHEST GUST DIRECTION    SE (120)
  AVERAGE WIND SPEED     7.8


SKY COVER
  AVERAGE SKY COVER 0.5


WEATHER CONDITIONS
 THE FOLLOWING WEATHER WAS RECORDED YESTERDAY.
  THUNDERSTORM
  HEAVY RAIN
  RAIN
  LIGHT RAIN
  FOG


RELATIVE HUMIDITY (PERCENT)
 HIGHEST   100           800 PM
 LOWEST     74          1100 AM
 AVERAGE    87

..........................................................


THE VICHY-ROLLA MO CLIMATE NORMALS FOR TODAY
                         NORMAL    RECORD    YEAR
 MAXIMUM TEMPERATURE (F)   77        95      2012
 MINIMUM TEMPERATURE (F)   56        40      1961


SUNRISE AND SUNSET
MAY 27 2017...........SUNRISE   548 AM CDT   SUNSET   821 PM CDT
MAY 28 2017...........SUNRISE   547 AM CDT   SUNSET   822 PM CDT


-  INDICATES NEGATIVE NUMBERS.
R  INDICATES RECORD WAS SET OR TIED.
MM INDICATES DATA IS MISSING.
T  INDICATES TRACE AMOUNT.




$$
