000
CDUS43 KSGF 090645
CLIVIH


CLIMATE REPORT
NATIONAL WEATHER SERVICE SPRINGFIELD MO
144 AM CDT WED JUL 9 2014


...................................

...THE VICHY-ROLLA MO CLIMATE SUMMARY FOR JULY 8 2014...

CLIMATE NORMAL PERIOD 1981 TO 2010
CLIMATE RECORD PERIOD 1888 TO 2014


WEATHER ITEM   OBSERVED TIME   RECORD YEAR NORMAL DEPARTURE LAST
                VALUE   (LST)  VALUE       VALUE  FROM      YEAR
                                                  NORMAL
..................................................................
TEMPERATURE (F)
 YESTERDAY
  MAXIMUM         82    151 PM 102    1980  88     -6       90
  MINIMUM         62   1159 PM  53    1898  66     -4       72
  AVERAGE         72                        77     -5       81

PRECIPITATION (IN)
  YESTERDAY        0.06          1.24 1996   0.15  -0.09     0.00
  MONTH TO DATE    0.11                      1.14  -1.03     0.98
  SINCE JUN 1      3.42                      5.77  -2.35     4.77
  SINCE JAN 1     13.04                     22.58  -9.54    26.07

DEGREE DAYS
 HEATING
  YESTERDAY        0                         0      0        0
  MONTH TO DATE    0                         0      0        0
  SINCE JUN 1      1                        14    -13       17
  SINCE JUL 1      0                         0      0        0

 COOLING
  YESTERDAY        7                        12     -5       16
  MONTH TO DATE   53                        92    -39       59
  SINCE JUN 1    311                       327    -16      276
  SINCE JAN 1    458                       434     24      383
..................................................................


WIND (MPH)
  HIGHEST WIND SPEED    21   HIGHEST WIND DIRECTION     N (340)
  HIGHEST GUST SPEED    28   HIGHEST GUST DIRECTION     N (340)
  AVERAGE WIND SPEED    10.1


SKY COVER
  AVERAGE SKY COVER 0.3


WEATHER CONDITIONS
 THE FOLLOWING WEATHER WAS RECORDED YESTERDAY.
  THUNDERSTORM
  HEAVY RAIN
  RAIN
  LIGHT RAIN
  FOG


RELATIVE HUMIDITY (PERCENT)
 HIGHEST   100           200 AM
 LOWEST     60           700 PM
 AVERAGE    80

..........................................................


THE VICHY-ROLLA MO CLIMATE NORMALS FOR TODAY
                         NORMAL    RECORD    YEAR
 MAXIMUM TEMPERATURE (F)   88       102      1901
 MINIMUM TEMPERATURE (F)   67        54      1898


SUNRISE AND SUNSET
JULY  9 2014..........SUNRISE   552 AM CDT   SUNSET   832 PM CDT
JULY 10 2014..........SUNRISE   553 AM CDT   SUNSET   832 PM CDT


-  INDICATES NEGATIVE NUMBERS.
R  INDICATES RECORD WAS SET OR TIED.
MM INDICATES DATA IS MISSING.
T  INDICATES TRACE AMOUNT.




$$
