480
CDUS43 KSGF 222229
CLIVIH


CLIMATE REPORT
NATIONAL WEATHER SERVICE SPRINGFIELD MO
529 PM CDT SAT JUL 22 2017


...................................

...THE VICHY-ROLLA MO CLIMATE SUMMARY FOR JULY 22 2017...
VALID TODAY AS OF 0500 PM LOCAL TIME.

CLIMATE NORMAL PERIOD 1981 TO 2010
CLIMATE RECORD PERIOD 1888 TO 2017


WEATHER ITEM   OBSERVED TIME   RECORD YEAR NORMAL DEPARTURE LAST
                VALUE   (LST)  VALUE       VALUE  FROM      YEAR
                                                  NORMAL
..................................................................
TEMPERATURE (F)
 TODAY
  MAXIMUM         98    255 PM 108    1901  89      9       89
  MINIMUM         74    413 AM  55    1902  67      7       75
  AVERAGE         86                        78      8       82

PRECIPITATION (IN)
  TODAY            0.00          1.16 1961   0.14  -0.14     0.00
  MONTH TO DATE    6.97                      3.18   3.79     5.24
  SINCE JUN 1      9.90                      7.81   2.09     7.18
  SINCE JAN 1     32.34                     24.62   7.72    21.42

DEGREE DAYS
 HEATING
  TODAY            0                         0      0        0
  MONTH TO DATE    0                         0      0        0
  SINCE JUN 1      1                        14    -13        0
  SINCE JUL 1      0                         0      0        0

 COOLING
  TODAY           21                        13      8       17
  MONTH TO DATE  306                       267     39      282
  SINCE JUN 1    537                       502     35      629
  SINCE JAN 1    641                       609     32      707
..................................................................


WIND (MPH)
  HIGHEST WIND SPEED    16   HIGHEST WIND DIRECTION    SW (210)
  HIGHEST GUST SPEED    21   HIGHEST GUST DIRECTION    SW (210)


SKY COVER
  AVERAGE SKY COVER 0.0


WEATHER CONDITIONS
 THE FOLLOWING WEATHER WAS RECORDED TODAY.
  NO SIGNIFICANT WEATHER WAS OBSERVED.


RELATIVE HUMIDITY (PERCENT)
 HIGHEST    88           200 AM
 LOWEST     48           300 PM
 AVERAGE    68

..........................................................


THE VICHY-ROLLA MO CLIMATE NORMALS FOR TOMORROW
                         NORMAL    RECORD    YEAR
 MAXIMUM TEMPERATURE (F)   89       112      1901
 MINIMUM TEMPERATURE (F)   67        54      2000


SUNRISE AND SUNSET
JULY 22 2017..........SUNRISE   602 AM CDT   SUNSET   825 PM CDT
JULY 23 2017..........SUNRISE   603 AM CDT   SUNSET   824 PM CDT


-  INDICATES NEGATIVE NUMBERS.
R  INDICATES RECORD WAS SET OR TIED.
MM INDICATES DATA IS MISSING.
T  INDICATES TRACE AMOUNT.




$$
