000
CDUS43 KSGF 112127
CLIVIH


CLIMATE REPORT
NATIONAL WEATHER SERVICE SPRINGFIELD MO
427 PM CDT FRI APR 11 2014


...................................

...THE VICHY-ROLLA MO CLIMATE SUMMARY FOR APRIL 11 2014...
VALID AS OF 0400 PM LOCAL TIME.

CLIMATE NORMAL PERIOD 1981 TO 2010
CLIMATE RECORD PERIOD 1888 TO 2014


WEATHER ITEM   OBSERVED TIME   RECORD YEAR NORMAL DEPARTURE LAST
                VALUE   (LST)  VALUE       VALUE  FROM      YEAR
                                                  NORMAL
..................................................................
TEMPERATURE (F)
 TODAY
  MAXIMUM         72    255 PM  84    1903  66      6       44
  MINIMUM         49    331 AM  28    1900  42      7       33
  AVERAGE         61                        54      7       39

PRECIPITATION (IN)
  TODAY            0.00          4.07 1994   0.14  -0.14      T
  MONTH TO DATE    1.75                      1.44   0.31     1.49
  SINCE MAR 1      2.46                      4.89  -2.43     4.75
  SINCE JAN 1      3.92                      8.99  -5.07     9.46

DEGREE DAYS
 HEATING
  TODAY            4                        12     -8       26
  MONTH TO DATE  141                       145     -4      148
  SINCE MAR 1    892                       759    133      967
  SINCE JUL 1   5198                      4549    649     4553

 COOLING
  TODAY            0                         1     -1        0
  MONTH TO DATE    2                         5     -3        6
  SINCE MAR 1      2                         9     -7        6
  SINCE JAN 1      2                         9     -7        6
..................................................................


WIND (MPH)
  HIGHEST WIND SPEED    16   HIGHEST WIND DIRECTION    SE (120)
  HIGHEST GUST SPEED    20   HIGHEST GUST DIRECTION    SE (120)


SKY COVER
  AVERAGE SKY COVER 0.3


WEATHER CONDITIONS
 THE FOLLOWING WEATHER WAS RECORDED TODAY.
  NO SIGNIFICANT WEATHER WAS OBSERVED.


RELATIVE HUMIDITY (PERCENT)
 HIGHEST    63          1200 AM
 LOWEST     30          1000 AM
 AVERAGE    47

..........................................................


THE VICHY-ROLLA MO CLIMATE NORMALS FOR TOMORROW
                         NORMAL    RECORD    YEAR
 MAXIMUM TEMPERATURE (F)   66        92      1972
 MINIMUM TEMPERATURE (F)   43        24      1957


SUNRISE AND SUNSET
APRIL 11 2014.........SUNRISE   637 AM CDT   SUNSET   740 PM CDT
APRIL 12 2014.........SUNRISE   636 AM CDT   SUNSET   740 PM CDT


-  INDICATES NEGATIVE NUMBERS.
R  INDICATES RECORD WAS SET OR TIED.
MM INDICATES DATA IS MISSING.
T  INDICATES TRACE AMOUNT.




$$
