000
CDUS43 KSGF 200626
CLIVIH


CLIMATE REPORT
NATIONAL WEATHER SERVICE SPRINGFIELD MO
126 AM CDT THU APR 20 2017


...................................

...THE VICHY-ROLLA MO CLIMATE SUMMARY FOR APRIL 19 2017...

CLIMATE NORMAL PERIOD 1981 TO 2010
CLIMATE RECORD PERIOD 1888 TO 2017


WEATHER ITEM   OBSERVED TIME   RECORD YEAR NORMAL DEPARTURE LAST
                VALUE   (LST)  VALUE       VALUE  FROM      YEAR
                                                  NORMAL
..................................................................
TEMPERATURE (F)
 YESTERDAY
  MAXIMUM         83    323 PM  86    2011  68     15       72
                                      1966
  MINIMUM         61    459 AM  27    1953  45     16       57
  AVERAGE         72                        56     16       65

PRECIPITATION (IN)
  YESTERDAY        0.00          1.18 1972   0.14  -0.14     0.01
  MONTH TO DATE    1.61                      2.56  -0.95     2.00
  SINCE MAR 1      4.75                      6.01  -1.26     4.86
  SINCE JAN 1      6.81                     10.11  -3.30     6.98

DEGREE DAYS
 HEATING
  YESTERDAY        0                         9     -9        0
  MONTH TO DATE  109                       228   -119      206
  SINCE MAR 1    612                       842   -230      652
  SINCE JUL 1   3598                      4632  -1034     3855

 COOLING
  YESTERDAY        7                         1      6        0
  MONTH TO DATE   30                        13     17        2
  SINCE MAR 1     33                        17     16        2
  SINCE JAN 1     34                        17     17        2
..................................................................


WIND (MPH)
  HIGHEST WIND SPEED    23   HIGHEST WIND DIRECTION     S (180)
  HIGHEST GUST SPEED    30   HIGHEST GUST DIRECTION     S (190)
  AVERAGE WIND SPEED    12.2


SKY COVER
  AVERAGE SKY COVER 0.1


WEATHER CONDITIONS
 THE FOLLOWING WEATHER WAS RECORDED YESTERDAY.
  NO SIGNIFICANT WEATHER WAS OBSERVED.


RELATIVE HUMIDITY (PERCENT)
 HIGHEST    97           400 AM
 LOWEST     40           300 PM
 AVERAGE    69

..........................................................


THE VICHY-ROLLA MO CLIMATE NORMALS FOR TODAY
                         NORMAL    RECORD    YEAR
 MAXIMUM TEMPERATURE (F)   68        86      1902
 MINIMUM TEMPERATURE (F)   45        27      1953


SUNRISE AND SUNSET
APRIL 20 2017.........SUNRISE   624 AM CDT   SUNSET   748 PM CDT
APRIL 21 2017.........SUNRISE   623 AM CDT   SUNSET   749 PM CDT


-  INDICATES NEGATIVE NUMBERS.
R  INDICATES RECORD WAS SET OR TIED.
MM INDICATES DATA IS MISSING.
T  INDICATES TRACE AMOUNT.




$$
