000
CDUS43 KSGF 220639
CLIVIH


CLIMATE REPORT
NATIONAL WEATHER SERVICE SPRINGFIELD MO
138 AM CDT THU SEP 22 2016


...................................

...THE VICHY-ROLLA MO CLIMATE SUMMARY FOR SEPTEMBER 21 2016...

CLIMATE NORMAL PERIOD 1981 TO 2010
CLIMATE RECORD PERIOD 1888 TO 2016


WEATHER ITEM   OBSERVED TIME   RECORD YEAR NORMAL DEPARTURE LAST
                VALUE   (LST)  VALUE       VALUE  FROM      YEAR
                                                  NORMAL
..................................................................
TEMPERATURE (F)
 YESTERDAY
  MAXIMUM         86    300 PM  94    1955  76     10       79
  MINIMUM         68    640 AM  36    1897  55     13       46
  AVERAGE         77                        65     12       63

PRECIPITATION (IN)
  YESTERDAY        0.00          1.70 1957   0.13  -0.13     0.00
  MONTH TO DATE    4.08                      2.95   1.13     0.75
  SINCE SEP 1      4.08                      2.95   1.13     0.75
  SINCE JAN 1     36.42                     32.50   3.92    30.01

DEGREE DAYS
 HEATING
  YESTERDAY        0                         3     -3        2
  MONTH TO DATE    3                        24    -21       24
  SINCE SEP 1      3                        24    -21       24
  SINCE JUL 1      3                        27    -24       26

 COOLING
  YESTERDAY       12                         3      9        0
  MONTH TO DATE  171                       119     52      195
  SINCE SEP 1    171                       119     52      195
  SINCE JAN 1   1360                      1196    164     1210
..................................................................


WIND (MPH)
  HIGHEST WIND SPEED    10   HIGHEST WIND DIRECTION    SE (130)
  HIGHEST GUST SPEED    27   HIGHEST GUST DIRECTION     S (200)
  AVERAGE WIND SPEED     7.0


SKY COVER
  AVERAGE SKY COVER 0.0


WEATHER CONDITIONS
 THE FOLLOWING WEATHER WAS RECORDED YESTERDAY.
  HAZE


RELATIVE HUMIDITY (PERCENT)
 HIGHEST    97           200 AM
 LOWEST     51           100 PM
 AVERAGE    74

..........................................................


THE VICHY-ROLLA MO CLIMATE NORMALS FOR TODAY
                         NORMAL    RECORD    YEAR
 MAXIMUM TEMPERATURE (F)   76        95      1956
 MINIMUM TEMPERATURE (F)   54        34      1995


SUNRISE AND SUNSET
SEPTEMBER 22 2016.....SUNRISE   655 AM CDT   SUNSET   703 PM CDT
SEPTEMBER 23 2016.....SUNRISE   656 AM CDT   SUNSET   702 PM CDT


-  INDICATES NEGATIVE NUMBERS.
R  INDICATES RECORD WAS SET OR TIED.
MM INDICATES DATA IS MISSING.
T  INDICATES TRACE AMOUNT.




$$
