000
CDUS43 KSGF 140630
CLIVIH


CLIMATE REPORT
NATIONAL WEATHER SERVICE SPRINGFIELD MO
129 AM CDT SUN SEP 14 2014


...................................

...THE VICHY-ROLLA MO CLIMATE SUMMARY FOR SEPTEMBER 13 2014...

CLIMATE NORMAL PERIOD 1981 TO 2010
CLIMATE RECORD PERIOD 1888 TO 2014


WEATHER ITEM   OBSERVED TIME   RECORD YEAR NORMAL DEPARTURE LAST
                VALUE   (LST)  VALUE       VALUE  FROM      YEAR
                                                  NORMAL
..................................................................
TEMPERATURE (F)
 YESTERDAY
  MAXIMUM         63    405 PM  96    1956  80    -17       80
  MINIMUM         42    651 AM  34    1902  58    -16       50
  AVERAGE         53                        69    -16       65

PRECIPITATION (IN)
  YESTERDAY        0.00          2.20 1945   0.15  -0.15     0.00
  MONTH TO DATE    1.61                      1.89  -0.28     0.18
  SINCE SEP 1      1.61                      1.89  -0.28     0.18
  SINCE JAN 1     18.91                     31.44 -12.53    33.16

DEGREE DAYS
 HEATING
  YESTERDAY       12                         1     11        0
  MONTH TO DATE   35                         7     28        0
  SINCE SEP 1     35                         7     28        0
  SINCE JUL 1     38                        10     28        4

 COOLING
  YESTERDAY        0                         5     -5        0
  MONTH TO DATE   76                        87    -11      134
  SINCE SEP 1     76                        87    -11      134
  SINCE JAN 1   1115                      1164    -49     1033
..................................................................


WIND (MPH)
  HIGHEST WIND SPEED    15   HIGHEST WIND DIRECTION    NE (50)
  HIGHEST GUST SPEED    20   HIGHEST GUST DIRECTION    NE (30)
  AVERAGE WIND SPEED     7.2


SKY COVER
  AVERAGE SKY COVER 0.3


WEATHER CONDITIONS
 THE FOLLOWING WEATHER WAS RECORDED YESTERDAY.
  NO SIGNIFICANT WEATHER WAS OBSERVED.


RELATIVE HUMIDITY (PERCENT)
 HIGHEST    96           400 AM
 LOWEST     39           300 PM
 AVERAGE    68

..........................................................


THE VICHY-ROLLA MO CLIMATE NORMALS FOR TODAY
                         NORMAL    RECORD    YEAR
 MAXIMUM TEMPERATURE (F)   79        99      1971
 MINIMUM TEMPERATURE (F)   57        36      1902


SUNRISE AND SUNSET
SEPTEMBER 14 2014.....SUNRISE   648 AM CDT   SUNSET   717 PM CDT
SEPTEMBER 15 2014.....SUNRISE   649 AM CDT   SUNSET   715 PM CDT


-  INDICATES NEGATIVE NUMBERS.
R  INDICATES RECORD WAS SET OR TIED.
MM INDICATES DATA IS MISSING.
T  INDICATES TRACE AMOUNT.




$$
