000
CDUS43 KSGF 280627
CLIVIH


CLIMATE REPORT
NATIONAL WEATHER SERVICE SPRINGFIELD MO
126 AM CDT MON JUL 28 2014


...................................

...THE VICHY-ROLLA MO CLIMATE SUMMARY FOR JULY 27 2014...

CLIMATE NORMAL PERIOD 1981 TO 2010
CLIMATE RECORD PERIOD 1888 TO 2014


WEATHER ITEM   OBSERVED TIME   RECORD YEAR NORMAL DEPARTURE LAST
                VALUE   (LST)  VALUE       VALUE  FROM      YEAR
                                                  NORMAL
..................................................................
TEMPERATURE (F)
 YESTERDAY
  MAXIMUM         92    223 PM 102    1899  89      3       76
  MINIMUM         68   1159 PM  48    2004  67      1       51
  AVERAGE         80                        78      2       64

PRECIPITATION (IN)
  YESTERDAY        0.00          1.58 1905   0.13  -0.13     0.00
  MONTH TO DATE    0.11                      3.89  -3.78     3.04
  SINCE JUN 1      3.42                      8.52  -5.10     6.83
  SINCE JAN 1     13.04                     25.33 -12.29    28.13

DEGREE DAYS
 HEATING
  YESTERDAY        0                         0      0        1
  MONTH TO DATE    3                         0      3        1
  SINCE JUN 1      4                        14    -10       18
  SINCE JUL 1      3                         0      3        1

 COOLING
  YESTERDAY       15                        13      2        0
  MONTH TO DATE  224                       332   -108      263
  SINCE JUN 1    482                       567    -85      480
  SINCE JAN 1    629                       674    -45      587
..................................................................


WIND (MPH)
  HIGHEST WIND SPEED    23   HIGHEST WIND DIRECTION     W (290)
  HIGHEST GUST SPEED    30   HIGHEST GUST DIRECTION    NW (310)
  AVERAGE WIND SPEED    12.7


SKY COVER
  AVERAGE SKY COVER 0.2


WEATHER CONDITIONS
 THE FOLLOWING WEATHER WAS RECORDED YESTERDAY.
  NO SIGNIFICANT WEATHER WAS OBSERVED.


RELATIVE HUMIDITY (PERCENT)
 HIGHEST    87           500 AM
 LOWEST     27           400 PM
 AVERAGE    57

..........................................................


THE VICHY-ROLLA MO CLIMATE NORMALS FOR TODAY
                         NORMAL    RECORD    YEAR
 MAXIMUM TEMPERATURE (F)   89       100      1952
 MINIMUM TEMPERATURE (F)   67        50      2013


SUNRISE AND SUNSET
JULY 28 2014..........SUNRISE   606 AM CDT   SUNSET   820 PM CDT
JULY 29 2014..........SUNRISE   607 AM CDT   SUNSET   819 PM CDT


-  INDICATES NEGATIVE NUMBERS.
R  INDICATES RECORD WAS SET OR TIED.
MM INDICATES DATA IS MISSING.
T  INDICATES TRACE AMOUNT.




$$
