919
CDUS43 KSGF 212230
CLIVIH


CLIMATE REPORT
NATIONAL WEATHER SERVICE SPRINGFIELD MO
530 PM CDT THU SEP 21 2017


...................................

...THE VICHY-ROLLA MO CLIMATE SUMMARY FOR SEPTEMBER 21 2017...
VALID TODAY AS OF 0500 PM LOCAL TIME.

CLIMATE NORMAL PERIOD 1981 TO 2010
CLIMATE RECORD PERIOD 1888 TO 2017


WEATHER ITEM   OBSERVED TIME   RECORD YEAR NORMAL DEPARTURE LAST
                VALUE   (LST)  VALUE       VALUE  FROM      YEAR
                                                  NORMAL
..................................................................
TEMPERATURE (F)
 TODAY
  MAXIMUM         94R   210 PM  94    1955  76     18       86
  MINIMUM         71    602 AM  36    1897  55     16       68
  AVERAGE         83                        65     18       77

PRECIPITATION (IN)
  TODAY            0.00          1.70 1957   0.13  -0.13     0.00
  MONTH TO DATE    0.16                      2.95  -2.79     4.08
  SINCE SEP 1      0.16                      2.95  -2.79     4.08
  SINCE JAN 1     38.76                     32.50   6.26    36.42

DEGREE DAYS
 HEATING
  TODAY            0                         3     -3        0
  MONTH TO DATE   13                        24    -11        3
  SINCE SEP 1     13                        24    -11        3
  SINCE JUL 1     14                        27    -13        3

 COOLING
  TODAY           18                         3     15       12
  MONTH TO DATE  131                       119     12      171
  SINCE SEP 1    131                       119     12      171
  SINCE JAN 1   1101                      1196    -95     1360
..................................................................


WIND (MPH)
  HIGHEST WIND SPEED    16   HIGHEST WIND DIRECTION     S (180)
  HIGHEST GUST SPEED    21   HIGHEST GUST DIRECTION     S (180)


SKY COVER
  AVERAGE SKY COVER 0.1


WEATHER CONDITIONS
 THE FOLLOWING WEATHER WAS RECORDED TODAY.
  NO SIGNIFICANT WEATHER WAS OBSERVED.


RELATIVE HUMIDITY (PERCENT)
 HIGHEST    93           300 AM
 LOWEST     44           200 PM
 AVERAGE    69

..........................................................


THE VICHY-ROLLA MO CLIMATE NORMALS FOR TOMORROW
                         NORMAL    RECORD    YEAR
 MAXIMUM TEMPERATURE (F)   76        95      1956
 MINIMUM TEMPERATURE (F)   54        34      1995


SUNRISE AND SUNSET
SEPTEMBER 21 2017.....SUNRISE   654 AM CDT   SUNSET   705 PM CDT
SEPTEMBER 22 2017.....SUNRISE   655 AM CDT   SUNSET   704 PM CDT


-  INDICATES NEGATIVE NUMBERS.
R  INDICATES RECORD WAS SET OR TIED.
MM INDICATES DATA IS MISSING.
T  INDICATES TRACE AMOUNT.




$$
