000
CDUS43 KSGF 080626
CLIVIH


CLIMATE REPORT
NATIONAL WEATHER SERVICE SPRINGFIELD MO
1226 AM CST WED NOV 8 2017


...................................

...THE VICHY-ROLLA MO CLIMATE SUMMARY FOR NOVEMBER 7 2017...

CLIMATE NORMAL PERIOD 1981 TO 2010
CLIMATE RECORD PERIOD 1888 TO 2017


WEATHER ITEM   OBSERVED TIME   RECORD YEAR NORMAL DEPARTURE LAST
                VALUE   (LST)  VALUE       VALUE  FROM      YEAR
                                                  NORMAL
..................................................................
TEMPERATURE (F)
 YESTERDAY
  MAXIMUM         47    331 PM  79    1999  60    -13       66
  MINIMUM         39   1159 PM   9    1991  39      0       47
  AVERAGE         43                        49     -6       57

PRECIPITATION (IN)
  YESTERDAY        T             2.07 1996   0.13  -0.13     0.01
  MONTH TO DATE    0.01                      0.87  -0.86     0.15
  SINCE SEP 1      3.09                      8.42  -5.33     7.35
  SINCE JAN 1     41.69                     37.97   3.72    39.69

DEGREE DAYS
 HEATING
  YESTERDAY       22                        16      6        8
  MONTH TO DATE   75                       105    -30       50
  SINCE SEP 1    326                       452   -126      203
  SINCE JUL 1    327                       455   -128      203

 COOLING
  YESTERDAY        0                         0      0        0
  MONTH TO DATE    0                         0      0       15
  SINCE SEP 1    277                       166    111      288
  SINCE JAN 1   1247                      1243      4     1477
..................................................................


WIND (MPH)
  HIGHEST WIND SPEED    16   HIGHEST WIND DIRECTION     N (10)
  HIGHEST GUST SPEED    22   HIGHEST GUST DIRECTION     N (350)
  AVERAGE WIND SPEED     9.4


SKY COVER
  AVERAGE SKY COVER 1.0


WEATHER CONDITIONS
 THE FOLLOWING WEATHER WAS RECORDED YESTERDAY.
  LIGHT RAIN
  FOG


RELATIVE HUMIDITY (PERCENT)
 HIGHEST   100          1200 AM
 LOWEST     65           600 PM
 AVERAGE    83

..........................................................


THE VICHY-ROLLA MO CLIMATE NORMALS FOR TODAY
                         NORMAL    RECORD    YEAR
 MAXIMUM TEMPERATURE (F)   59        79      2005
 MINIMUM TEMPERATURE (F)   38         6      1991


SUNRISE AND SUNSET
NOVEMBER  8 2017......SUNRISE   641 AM CST   SUNSET   500 PM CST
NOVEMBER  9 2017......SUNRISE   642 AM CST   SUNSET   500 PM CST


-  INDICATES NEGATIVE NUMBERS.
R  INDICATES RECORD WAS SET OR TIED.
MM INDICATES DATA IS MISSING.
T  INDICATES TRACE AMOUNT.




$$
