000
CDUS43 KSGF 072239
CLIVIH


CLIMATE REPORT
NATIONAL WEATHER SERVICE SPRINGFIELD MO
538 PM CDT FRI APR 7 2017


...................................

...THE VICHY-ROLLA MO CLIMATE SUMMARY FOR APRIL 7 2017...
VALID TODAY AS OF 0500 PM LOCAL TIME.

CLIMATE NORMAL PERIOD 1981 TO 2010
CLIMATE RECORD PERIOD 1888 TO 2017


WEATHER ITEM   OBSERVED TIME   RECORD YEAR NORMAL DEPARTURE LAST
                VALUE   (LST)  VALUE       VALUE  FROM      YEAR
                                                  NORMAL
..................................................................
TEMPERATURE (F)
 TODAY
  MAXIMUM         63    358 PM  82    1954  64     -1       60
  MINIMUM         35    616 AM  20    2007  41     -6       41
  AVERAGE         49                        53     -4       51

PRECIPITATION (IN)
  TODAY            0.00          0.95 1980   0.14  -0.14     0.03
  MONTH TO DATE    1.41                      0.90   0.51     0.32
  SINCE MAR 1      4.55                      4.35   0.20     3.18
  SINCE JAN 1      6.61                      8.45  -1.84     5.30

DEGREE DAYS
 COOLING
  TODAY            0                         1     -1        0
  MONTH TO DATE    0                         1     -1        0
  SINCE MAR 1      3                         5     -2        0
  SINCE JAN 1      4                         5     -1        0
..................................................................


WIND (MPH)
  HIGHEST WIND SPEED    12   HIGHEST WIND DIRECTION     W (260)
  HIGHEST GUST SPEED    17   HIGHEST GUST DIRECTION     W (290)


SKY COVER
  AVERAGE SKY COVER 0.0


WEATHER CONDITIONS
 THE FOLLOWING WEATHER WAS RECORDED TODAY.
  NO SIGNIFICANT WEATHER WAS OBSERVED.


RELATIVE HUMIDITY (PERCENT)
 HIGHEST    82           500 AM
 LOWEST     20           300 PM
 AVERAGE    51

..........................................................


THE VICHY-ROLLA MO CLIMATE NORMALS FOR TOMORROW
                         NORMAL    RECORD    YEAR
 MAXIMUM TEMPERATURE (F)   65        84      1965
 MINIMUM TEMPERATURE (F)   41        18      2007


SUNRISE AND SUNSET
APRIL  7 2017.........SUNRISE   643 AM CDT   SUNSET   736 PM CDT
APRIL  8 2017.........SUNRISE   641 AM CDT   SUNSET   737 PM CDT


-  INDICATES NEGATIVE NUMBERS.
R  INDICATES RECORD WAS SET OR TIED.
MM INDICATES DATA IS MISSING.
T  INDICATES TRACE AMOUNT.




$$
