000
CDUS43 KSGF 100629
CLIVIH


CLIMATE REPORT
NATIONAL WEATHER SERVICE SPRINGFIELD MO
128 AM CDT WED MAY 10 2017


...................................

...THE VICHY-ROLLA MO CLIMATE SUMMARY FOR MAY 9 2017...

CLIMATE NORMAL PERIOD 1981 TO 2010
CLIMATE RECORD PERIOD 1888 TO 2017


WEATHER ITEM   OBSERVED TIME   RECORD YEAR NORMAL DEPARTURE LAST
                VALUE   (LST)  VALUE       VALUE  FROM      YEAR
                                                  NORMAL
..................................................................
TEMPERATURE (F)
 YESTERDAY
  MAXIMUM         81    306 PM  91    1899  73      8       69
  MINIMUM         56    522 AM  36    1966  51      5       59
  AVERAGE         69                        62      7       64

PRECIPITATION (IN)
  YESTERDAY        0.00          1.29 1950   0.16  -0.16     0.17
  MONTH TO DATE    3.15                      1.47   1.68     0.17
  SINCE MAR 1     17.38                      9.14   8.24     7.11
  SINCE JAN 1     19.44                     13.24   6.20     9.23

DEGREE DAYS
 HEATING
  YESTERDAY        0                         5     -5        1
  MONTH TO DATE   74                        49     25       58
  SINCE MAR 1    777                       977   -200      746
  SINCE JUL 1   3763                      4767  -1004     3949

 COOLING
  YESTERDAY        4                         2      2        0
  MONTH TO DATE    8                        12     -4        3
  SINCE MAR 1     43                        38      5       17
  SINCE JAN 1     44                        38      6       17
..................................................................


WIND (MPH)
  HIGHEST WIND SPEED    20   HIGHEST WIND DIRECTION     W (250)
  HIGHEST GUST SPEED    26   HIGHEST GUST DIRECTION     W (250)
  AVERAGE WIND SPEED     9.1


SKY COVER
  AVERAGE SKY COVER 0.0


WEATHER CONDITIONS
 THE FOLLOWING WEATHER WAS RECORDED YESTERDAY.
  NO SIGNIFICANT WEATHER WAS OBSERVED.


RELATIVE HUMIDITY (PERCENT)
 HIGHEST    93           500 AM
 LOWEST     51           200 PM
 AVERAGE    72

..........................................................


THE VICHY-ROLLA MO CLIMATE NORMALS FOR TODAY
                         NORMAL    RECORD    YEAR
 MAXIMUM TEMPERATURE (F)   73        89      1962
 MINIMUM TEMPERATURE (F)   52        31      1966


SUNRISE AND SUNSET
MAY 10 2017...........SUNRISE   601 AM CDT   SUNSET   807 PM CDT
MAY 11 2017...........SUNRISE   600 AM CDT   SUNSET   808 PM CDT


-  INDICATES NEGATIVE NUMBERS.
R  INDICATES RECORD WAS SET OR TIED.
MM INDICATES DATA IS MISSING.
T  INDICATES TRACE AMOUNT.




$$
