000
CDUS43 KSGF 190633
CLIVIH


CLIMATE REPORT
NATIONAL WEATHER SERVICE SPRINGFIELD MO
132 AM CDT TUE JUL 19 2016


...................................

...THE VICHY-ROLLA MO CLIMATE SUMMARY FOR JULY 18 2016...

CLIMATE NORMAL PERIOD 1981 TO 2010
CLIMATE RECORD PERIOD 1888 TO 2016


WEATHER ITEM   OBSERVED TIME   RECORD YEAR NORMAL DEPARTURE LAST
                VALUE   (LST)  VALUE       VALUE  FROM      YEAR
                                                  NORMAL
..................................................................
TEMPERATURE (F)
 YESTERDAY
  MAXIMUM         91    424 PM 113    1954  89      2       90
  MINIMUM         73    457 AM  58    2014  67      6       74
                                      2009
                                      1979
  AVERAGE         82                        78      4       82

PRECIPITATION (IN)
  YESTERDAY        0.00          1.96 1981   0.14  -0.14     0.00
  MONTH TO DATE    5.24                      2.60   2.64     4.49
  SINCE JUN 1      7.18                      7.23  -0.05    11.94
  SINCE JAN 1     21.42                     24.04  -2.62    25.96

DEGREE DAYS
 HEATING
  YESTERDAY        0                         0      0        0
  MONTH TO DATE    0                         0      0        0
  SINCE JUN 1      0                        14    -14       15
  SINCE JUL 1      0                         0      0        0

 COOLING
  YESTERDAY       17                        13      4       17
  MONTH TO DATE  210                       215     -5      209
  SINCE JUN 1    557                       450    107      481
  SINCE JAN 1    635                       557     78      588
..................................................................


WIND (MPH)
  HIGHEST WIND SPEED    14   HIGHEST WIND DIRECTION    SW (220)
  HIGHEST GUST SPEED    17   HIGHEST GUST DIRECTION     W (270)
  AVERAGE WIND SPEED     5.6


SKY COVER
  AVERAGE SKY COVER 0.0


WEATHER CONDITIONS
 THE FOLLOWING WEATHER WAS RECORDED YESTERDAY.
  NO SIGNIFICANT WEATHER WAS OBSERVED.


RELATIVE HUMIDITY (PERCENT)
 HIGHEST    93           300 AM
 LOWEST     52           300 PM
 AVERAGE    73

..........................................................


THE VICHY-ROLLA MO CLIMATE NORMALS FOR TODAY
                         NORMAL    RECORD    YEAR
 MAXIMUM TEMPERATURE (F)   89       106      1954
 MINIMUM TEMPERATURE (F)   67        54      2014


SUNRISE AND SUNSET
JULY 19 2016..........SUNRISE   600 AM CDT   SUNSET   827 PM CDT
JULY 20 2016..........SUNRISE   600 AM CDT   SUNSET   826 PM CDT


-  INDICATES NEGATIVE NUMBERS.
R  INDICATES RECORD WAS SET OR TIED.
MM INDICATES DATA IS MISSING.
T  INDICATES TRACE AMOUNT.




$$
