000
CDUS43 KSGF 062225
CLIVIH


CLIMATE REPORT
NATIONAL WEATHER SERVICE SPRINGFIELD MO
525 PM CDT SUN JUL 6 2014


...................................

...THE VICHY-ROLLA MO CLIMATE SUMMARY FOR JULY 6 2014...
VALID TODAY AS OF 0500 PM LOCAL TIME.

CLIMATE NORMAL PERIOD 1981 TO 2010
CLIMATE RECORD PERIOD 1888 TO 2014


WEATHER ITEM   OBSERVED TIME   RECORD YEAR NORMAL DEPARTURE LAST
                VALUE   (LST)  VALUE       VALUE  FROM      YEAR
                                                  NORMAL
..................................................................
TEMPERATURE (F)
 TODAY
  MAXIMUM         88    118 PM 102    2012  87      1       85
  MINIMUM         67    510 AM  51    1972  66      1       63
  AVERAGE         78                        77      1       74

PRECIPITATION (IN)
  TODAY            0.00          1.72 1993   0.15  -0.15      T
  MONTH TO DATE    0.03                      0.85  -0.82     0.98
  SINCE JUN 1      3.34                      5.48  -2.14     4.77
  SINCE JAN 1     12.96                     22.29  -9.33    26.07

DEGREE DAYS
 HEATING
  TODAY            0                         0      0        0
  MONTH TO DATE    0                         0      0        0
  SINCE JUN 1      1                        14    -13       17
  SINCE JUL 1      0                         0      0        0

 COOLING
  TODAY           13                        12      1        9
  MONTH TO DATE   31                        68    -37       30
  SINCE JUN 1    289                       303    -14      247
  SINCE JAN 1    436                       410     26      354
..................................................................


WIND (MPH)
  HIGHEST WIND SPEED    21   HIGHEST WIND DIRECTION     W (250)
  HIGHEST GUST SPEED    28   HIGHEST GUST DIRECTION     W (250)


SKY COVER
  AVERAGE SKY COVER 0.1


WEATHER CONDITIONS
 THE FOLLOWING WEATHER WAS RECORDED TODAY.
  NO SIGNIFICANT WEATHER WAS OBSERVED.


RELATIVE HUMIDITY (PERCENT)
 HIGHEST    87           500 AM
 LOWEST     45           100 PM
 AVERAGE    66

..........................................................


THE VICHY-ROLLA MO CLIMATE NORMALS FOR TOMORROW
                         NORMAL    RECORD    YEAR
 MAXIMUM TEMPERATURE (F)   87       102      2012
 MINIMUM TEMPERATURE (F)   66        53      2006


SUNRISE AND SUNSET
JULY  6 2014..........SUNRISE   550 AM CDT   SUNSET   833 PM CDT
JULY  7 2014..........SUNRISE   551 AM CDT   SUNSET   833 PM CDT


-  INDICATES NEGATIVE NUMBERS.
R  INDICATES RECORD WAS SET OR TIED.
MM INDICATES DATA IS MISSING.
T  INDICATES TRACE AMOUNT.




$$
