000
CDUS43 KSGF 260625
CLIVIH


CLIMATE REPORT
NATIONAL WEATHER SERVICE SPRINGFIELD MO
125 AM CDT TUE AUG 26 2014


...................................

...THE VICHY-ROLLA MO CLIMATE SUMMARY FOR AUGUST 25 2014...

CLIMATE NORMAL PERIOD 1981 TO 2010
CLIMATE RECORD PERIOD 1888 TO 2014


WEATHER ITEM   OBSERVED TIME   RECORD YEAR NORMAL DEPARTURE LAST
                VALUE   (LST)  VALUE       VALUE  FROM      YEAR
                                                  NORMAL
..................................................................
TEMPERATURE (F)
 YESTERDAY
  MAXIMUM         96    350 PM 101    1973  86     10       88
  MINIMUM         71    413 AM  51    1958  64      7       62
  AVERAGE         84                        75      9       75

PRECIPITATION (IN)
  YESTERDAY        0.00          2.58 1976   0.12  -0.12     0.00
  MONTH TO DATE    3.07                      2.94   0.13     4.29
  SINCE JUN 1      6.49                     12.01  -5.52    11.68
  SINCE JAN 1     16.11                     28.82 -12.71    32.98

DEGREE DAYS
 HEATING
  YESTERDAY        0                         0      0        0
  MONTH TO DATE    0                         0      0        2
  SINCE JUN 1      4                        15    -11       21
  SINCE JUL 1      3                         1      2        4

 COOLING
  YESTERDAY       19                        10      9       10
  MONTH TO DATE  299                       297      2      192
  SINCE JUN 1    798                       914   -116      691
  SINCE JAN 1    945                      1021    -76      798
..................................................................


WIND (MPH)
  HIGHEST WIND SPEED    12   HIGHEST WIND DIRECTION     E (90)
  HIGHEST GUST SPEED    16   HIGHEST GUST DIRECTION     S (200)
  AVERAGE WIND SPEED     6.8


SKY COVER
  AVERAGE SKY COVER 0.1


WEATHER CONDITIONS
 THE FOLLOWING WEATHER WAS RECORDED YESTERDAY.
  THUNDERSTORM


RELATIVE HUMIDITY (PERCENT)
 HIGHEST    84           400 AM
 LOWEST     39          1200 PM
 AVERAGE    62

..........................................................


THE VICHY-ROLLA MO CLIMATE NORMALS FOR TODAY
                         NORMAL    RECORD    YEAR
 MAXIMUM TEMPERATURE (F)   86       100      2003
                                             1897
 MINIMUM TEMPERATURE (F)   64        55      2010


SUNRISE AND SUNSET
AUGUST 26 2014........SUNRISE   632 AM CDT   SUNSET   745 PM CDT
AUGUST 27 2014........SUNRISE   632 AM CDT   SUNSET   744 PM CDT


-  INDICATES NEGATIVE NUMBERS.
R  INDICATES RECORD WAS SET OR TIED.
MM INDICATES DATA IS MISSING.
T  INDICATES TRACE AMOUNT.




$$
